{"id":201177,"date":"2025-12-25T08:10:42","date_gmt":"2025-12-25T08:10:42","guid":{"rendered":"https:\/\/www.otiumhome.fi\/?p=201177"},"modified":"2026-01-02T20:22:45","modified_gmt":"2026-01-02T20:22:45","slug":"peilikaappi-musta-tammi-70-x-165-x-60-cm-tekninen-puu","status":"publish","type":"product","link":"https:\/\/www.otiumhome.fi\/index.php\/tuote\/peilikaappi-musta-tammi-70-x-165-x-60-cm-tekninen-puu\/","title":{"rendered":"Peilikaappi Musta tammi. 70 x 16,5 x 60 cm Tekninen puu"},"content":{"rendered":"<p>T\u00e4m\u00e4 moderni sein\u00e4\u00e4n kiinnitett\u00e4v\u00e4 peilikaappi on loistava lis\u00e4 mihin tahansa nykyaikaiseen kylpyhuoneeseen tai k\u00e4yt\u00e4v\u00e4\u00e4n, yhdist\u00e4en toiminnallisuuden ja tyylin. Sen tyylik\u00e4s suorakaiteen muoto t\u00e4ydent\u00e4\u00e4 kauniisti muuta kalustusta, ja peili toimii koristeena sek\u00e4 k\u00e4yt\u00e4nn\u00f6n v\u00e4lineen\u00e4. Kaapin muoto tuo siistin ilmeen ja parantaa sisustusta yksinkertaisella, mutta tyylikk\u00e4\u00e4ll\u00e4 tavalla.<\/p>\n<ul>\n<li><b>Materiaalit:<\/b> Valmistettu p\u00e4\u00e4asiassa teknisest\u00e4 puusta, t\u00e4m\u00e4 kaappi yhdist\u00e4\u00e4 puun l\u00e4mpim\u00e4n tekstuurin sek\u00e4 kest\u00e4vyyden. Suorapeilin heijastuspinta on tasainen ja tyylik\u00e4s, mik\u00e4 tuo hienostunutta ilmett\u00e4 mihin tahansa huoneeseen.<\/li>\n<li><b>Included Components:<\/b> Kaapissa on suorapeilit, jotka ovat t\u00e4ydellisi\u00e4 kauneudenhoitoon, muuttaen henkil\u00f6kohtaiset tilat k\u00e4yt\u00e4nn\u00f6llisiksi alueiksi p\u00e4ivitt\u00e4isi\u00e4 rutiineja varten. Levyhyllyt tarjoavat paljon s\u00e4ilytystilaa hygieniatuotteille ja tarvikkeille, parantaen j\u00e4rjestyst\u00e4.<\/li>\n<li><b>Design &amp; Functionality:<\/b> Sein\u00e4\u00e4n kiinnitett\u00e4v\u00e4 malli maksimoi tilan pieniss\u00e4 huoneissa ja tarjoaa modernin, siistin ilmeen. Suorakaiteen muoto takaa, ett\u00e4 se mahtuu erilaisiin tiloihin, samalla kun opako takana vartioi yksityisyytt\u00e4.<\/li>\n<li><b>Valaistusominaisuudet:<\/b> Integroitu LED-valaistus tarjoaa kirkasta ja tehokasta valaistusta. USB:ll\u00e4 toimiva t\u00e4m\u00e4 ominaisuus on energiatehokas ja t\u00e4ydent\u00e4\u00e4 kaapin modernia ilmett\u00e4, tasapainottaen k\u00e4yt\u00e4nn\u00f6llisyytt\u00e4 ja estetiikkaa.<\/li>\n<li><b>Hoito-ohjeet:<\/b> Helppo yll\u00e4pito vaatii vain pinnan pyyhkimisen kostealla liinalla, jotta kaappi pysyy kauniina. T\u00e4m\u00e4 minimaalinen hoitorutiini pit\u00e4\u00e4 sen tyylikk\u00e4\u00e4n\u00e4 ja ajankohtaisena miss\u00e4 tahansa sisustuksessa.<\/li>\n<\/ul>\n<ul>\n<li>V\u00e4ri: Musta tammi.<\/li>\n<li>Materiaali: Tekninen puu<\/li>\n<li>Yleiset mitat: 70 x 16,5 x 60 cm (P x L x K)<\/li>\n<li>Paino: 14,2 kg<\/li>\n<li>Sein\u00e4kiinnitys<\/li>\n<li>Kest\u00e4v\u00e4<\/li>\n<li>Virtal\u00e4hde: USB<\/li>\n<li>Valov\u00e4ri: Valkoinen<\/li>\n<li>Tasainen peili<\/li>\n<li>6 hyllyill\u00e4<\/li>\n<li>Kehysmateriaali: Tekninen puu<\/li>\n<li>Sis\u00e4- \/ ulkotiloissa: Vain sis\u00e4k\u00e4ytt\u00f6\u00f6n<\/li>\n<li>Toimitus-:<\/li>\n<li>1 x peilikaappi<\/li>\n<li>Kokoonpano vaaditaan: Kyll\u00e4<\/li>\n<li>Kiinnitys sis\u00e4lsi: Katto- \/ sein\u00e4kiinnitystarvikkeet &#8211; esim m\u00e4\u00e4r\u00e4tyt ruuvit tai sein\u00e4tulpat &#8211; eiv\u00e4t mukana<\/li>\n<\/ul>\n","protected":false},"excerpt":{"rendered":"<ul>\n<li>V\u00e4ri: Musta tammi.<\/li>\n<li>Materiaali: Tekninen puu<\/li>\n<li>Yleiset mitat: 70 x 16,5 x 60 cm (P x L x K)<\/li>\n<li>Paino: 14,2 kg<\/li>\n<li>Sein\u00e4kiinnitys<\/li>\n<li>Kest\u00e4v\u00e4<\/li>\n<li>Virtal\u00e4hde: USB<\/li>\n<li>Valov\u00e4ri: Valkoinen<\/li>\n<li>Tasainen peili<\/li>\n<li>6 hyllyill\u00e4<\/li>\n<li>Kehysmateriaali: Tekninen puu<\/li>\n<li>Sis\u00e4- \/ ulkotiloissa: Vain sis\u00e4k\u00e4ytt\u00f6\u00f6n<\/li>\n<li>Toimitus-:<\/li>\n<li>1 x peilikaappi<\/li>\n<li>Kokoonpano vaaditaan: Kyll\u00e4<\/li>\n<li>Kiinnitys sis\u00e4lsi: Katto- \/ sein\u00e4kiinnitystarvikkeet &#8211; esim m\u00e4\u00e4r\u00e4tyt ruuvit tai sein\u00e4tulpat &#8211; eiv\u00e4t mukana<\/li>\n<\/ul>\n","protected":false},"featured_media":100000201177,"comment_status":"closed","ping_status":"closed","template":"","meta":[],"product_brand":[],"product_cat":[84,8561,8562],"product_tag":[],"class_list":{"0":"post-201177","1":"product","2":"type-product","3":"status-publish","4":"has-post-thumbnail","6":"product_cat-huonekalut","7":"product_cat-kampauspoydat","8":"product_cat-kylpyhuoneen-kampauspoydat","10":"first","11":"instock","12":"taxable","13":"shipping-taxable","14":"purchasable","15":"product-type-simple"},"_links":{"self":[{"href":"https:\/\/www.otiumhome.fi\/index.php\/wp-json\/wp\/v2\/product\/201177","targetHints":{"allow":["GET"]}}],"collection":[{"href":"https:\/\/www.otiumhome.fi\/index.php\/wp-json\/wp\/v2\/product"}],"about":[{"href":"https:\/\/www.otiumhome.fi\/index.php\/wp-json\/wp\/v2\/types\/product"}],"replies":[{"embeddable":true,"href":"https:\/\/www.otiumhome.fi\/index.php\/wp-json\/wp\/v2\/comments?post=201177"}],"wp:featuredmedia":[{"embeddable":true,"href":"https:\/\/www.otiumhome.fi\/index.php\/wp-json\/"}],"wp:attachment":[{"href":"https:\/\/www.otiumhome.fi\/index.php\/wp-json\/wp\/v2\/media?parent=201177"}],"wp:term":[{"taxonomy":"product_brand","embeddable":true,"href":"https:\/\/www.otiumhome.fi\/index.php\/wp-json\/wp\/v2\/product_brand?post=201177"},{"taxonomy":"product_cat","embeddable":true,"href":"https:\/\/www.otiumhome.fi\/index.php\/wp-json\/wp\/v2\/product_cat?post=201177"},{"taxonomy":"product_tag","embeddable":true,"href":"https:\/\/www.otiumhome.fi\/index.php\/wp-json\/wp\/v2\/product_tag?post=201177"}],"curies":[{"name":"wp","href":"https:\/\/api.w.org\/{rel}","templated":true}]}}