{"id":201158,"date":"2025-12-25T08:10:34","date_gmt":"2025-12-25T08:10:34","guid":{"rendered":"https:\/\/www.otiumhome.fi\/?p=201158"},"modified":"2026-01-02T19:48:29","modified_gmt":"2026-01-02T19:48:29","slug":"kylpyhuoneen-peilikaappi-savustettu-tammi-tekninen-puu","status":"publish","type":"product","link":"https:\/\/www.otiumhome.fi\/index.php\/tuote\/kylpyhuoneen-peilikaappi-savustettu-tammi-tekninen-puu\/","title":{"rendered":"kylpyhuoneen peilikaappi savustettu tammi tekninen puu"},"content":{"rendered":"<p>Kylpyhuoneen peilikaapissa on tyylik\u00e4s muotoilu, jossa yhdistyv\u00e4t toimivuus ja tyyli. Se on t\u00e4ydellinen lis\u00e4 mink\u00e4 tahansa kylpyhuoneen sisustukseen.<\/p>\n<\/p>\n<ul>\n<li>Vakaa ja kest\u00e4v\u00e4 materiaali: Tekninen puu on kest\u00e4v\u00e4 ja vakaa materiaali, jonka sile\u00e4 pinta kest\u00e4\u00e4 kosteutta, v\u00e4\u00e4ntymist\u00e4 ja halkeilua, joten se on luotettava valinta erilaisiin projekteihin.<\/li>\n<li>Vakaa ja pitk\u00e4ik\u00e4inen runko: Peilikaapin metallirunko korostaa sisustasi teollisella tyylill\u00e4 ja tarjoaa poikkeuksellisen kest\u00e4vyyden, vakauden ja korroosionkest\u00e4vyyden.<\/li>\n<li>Runsaasti s\u00e4ilytystilaa: WC:n peilikaappi tarjoaa k\u00e4tev\u00e4n s\u00e4ilytystilan v\u00e4ltt\u00e4m\u00e4tt\u00f6mien hygienia- ja kylpytarvikkeiden, sek\u00e4 muiden tavaroiden j\u00e4rjest\u00e4miseen ja s\u00e4ilytt\u00e4miseen siististi yhdess\u00e4 paikassa.<\/li>\n<li>Sein\u00e4lle asennettava malli: Kylpyhuoneen peilikaappi voidaan asentaa sein\u00e4lle lattiatilan s\u00e4\u00e4st\u00e4miseksi, mik\u00e4 tekee siit\u00e4 erityisen sopivan huoneisiin, joissa tilaa on rajoitetusti.<\/li>\n<li>Selke\u00e4 kuva: Peilin lasipinta heijastaa hienosti ja v\u00e4\u00e4ristym\u00e4tt\u00f6m\u00e4sti, joten se sopii meikkaamiseen, parranajoon ja ulkoasun tarkistamiseen ennen ulos l\u00e4ht\u00f6\u00e4.<\/li>\n<\/ul>\n<p>Hyv\u00e4 tiet\u00e4\u00e4:<\/p>\n<ul>\n<li>Sein\u00e4\u00e4n kiinnitett\u00e4v\u00e4t ruuvit ja tulpat eiv\u00e4t sis\u00e4lly toimitukseen. Suosittelemme etsim\u00e4\u00e4n ja k\u00e4ytt\u00e4m\u00e4\u00e4n sein\u00e4\u00e4si sopivia ruuveja ja tulppia. Jos olet ep\u00e4varma, kysy ammattilaisen neuvoa. Lue ja noudata ohjeiden jokaista vaihetta.<\/li>\n<\/ul>\n<ul>\n<li>V\u00e4ri: savutammi<\/li>\n<li>Materiaali: Tekninen puu, metalli<\/li>\n<li>Kokonaismitat: 65 x 20 x 60 cm (L x S x K)<\/li>\n<li>Maksimipainokapasiteetti (yhteens\u00e4): 60 kg<\/li>\n<li>Asennus vaaditaan: Kyll\u00e4<\/li>\n<\/ul>\n","protected":false},"excerpt":{"rendered":"<ul>\n<li>V\u00e4ri: savutammi<\/li>\n<li>Materiaali: Tekninen puu, metalli<\/li>\n<li>Kokonaismitat: 65 x 20 x 60 cm (L x S x K)<\/li>\n<li>Maksimipainokapasiteetti (yhteens\u00e4): 60 kg<\/li>\n<li>Asennus vaaditaan: Kyll\u00e4<\/li>\n<\/ul>\n","protected":false},"featured_media":100000201158,"comment_status":"closed","ping_status":"closed","template":"","meta":[],"product_brand":[],"product_cat":[84,8561,8562],"product_tag":[],"class_list":{"0":"post-201158","1":"product","2":"type-product","3":"status-publish","4":"has-post-thumbnail","6":"product_cat-huonekalut","7":"product_cat-kampauspoydat","8":"product_cat-kylpyhuoneen-kampauspoydat","10":"first","11":"instock","12":"taxable","13":"shipping-taxable","14":"purchasable","15":"product-type-simple"},"_links":{"self":[{"href":"https:\/\/www.otiumhome.fi\/index.php\/wp-json\/wp\/v2\/product\/201158","targetHints":{"allow":["GET"]}}],"collection":[{"href":"https:\/\/www.otiumhome.fi\/index.php\/wp-json\/wp\/v2\/product"}],"about":[{"href":"https:\/\/www.otiumhome.fi\/index.php\/wp-json\/wp\/v2\/types\/product"}],"replies":[{"embeddable":true,"href":"https:\/\/www.otiumhome.fi\/index.php\/wp-json\/wp\/v2\/comments?post=201158"}],"wp:featuredmedia":[{"embeddable":true,"href":"https:\/\/www.otiumhome.fi\/index.php\/wp-json\/"}],"wp:attachment":[{"href":"https:\/\/www.otiumhome.fi\/index.php\/wp-json\/wp\/v2\/media?parent=201158"}],"wp:term":[{"taxonomy":"product_brand","embeddable":true,"href":"https:\/\/www.otiumhome.fi\/index.php\/wp-json\/wp\/v2\/product_brand?post=201158"},{"taxonomy":"product_cat","embeddable":true,"href":"https:\/\/www.otiumhome.fi\/index.php\/wp-json\/wp\/v2\/product_cat?post=201158"},{"taxonomy":"product_tag","embeddable":true,"href":"https:\/\/www.otiumhome.fi\/index.php\/wp-json\/wp\/v2\/product_tag?post=201158"}],"curies":[{"name":"wp","href":"https:\/\/api.w.org\/{rel}","templated":true}]}}