{"id":201155,"date":"2025-12-25T08:10:24","date_gmt":"2025-12-25T08:10:24","guid":{"rendered":"https:\/\/www.otiumhome.fi\/?p=201155"},"modified":"2026-01-02T19:36:45","modified_gmt":"2026-01-02T19:36:45","slug":"kylpyhuonekaappi-musta-tammi-30-x-30-x-179-cm-tekninen-puu","status":"publish","type":"product","link":"https:\/\/www.otiumhome.fi\/index.php\/tuote\/kylpyhuonekaappi-musta-tammi-30-x-30-x-179-cm-tekninen-puu\/","title":{"rendered":"Kylpyhuonekaappi Musta tammi. 30 x 30 x 179 cm Tekninen puu"},"content":{"rendered":"<p>T\u00e4m\u00e4 puun kylpyhuonekaappi tuo t\u00e4ydellisen yhdistelm\u00e4n tyyli\u00e4 ja toimivuutta. Se on suunniteltu moderneille kotitalouksille, jotka haluavat tehokkaita s\u00e4ilytysratkaisuja. Puhtaat linjat ja minimalistinen muotoilu tekev\u00e4t siit\u00e4 hienon lis\u00e4n mihin tahansa kylpyhuoneeseen, ja se tarjoaa runsaasti tilaa tarvikkeille pit\u00e4en ymp\u00e4rist\u00f6n siistin\u00e4. Se on my\u00f6s helppo yhdist\u00e4\u00e4 monenlaisiin sisustustyyleihin.<\/p>\n<ul>\n<li><b>Kest\u00e4v\u00e4 tekninen puu:<\/b> T\u00e4m\u00e4 kaappi on tehty laadukkaasta teknisest\u00e4 puusta, joka takaa pitk\u00e4n k\u00e4ytt\u00f6i\u00e4n. Materiaali kest\u00e4\u00e4 kulumista ja vaurioita, ja sen hienostunut viimeistely lis\u00e4\u00e4 kylpyhuoneen ilmett\u00e4.<\/li>\n<li><b>Useita levyhyllyj\u00e4:<\/b> Kaapissa on useita hyllyj\u00e4, mik\u00e4 tuo paljon s\u00e4ilytystilaa. Hyllyt ovat helposti k\u00e4ytett\u00e4viss\u00e4 ja niihin mahtuvat hygieniatarvikkeet, pyyhkeet ja muut tarpeet. Yksinkertainen muotoilu takaa, ett\u00e4 kaappi sopii erinomaisesti moderniin kylpyhuoneeseen.<\/li>\n<li><b>Sujuvat taso-ovet:<\/b> Ovet on suunniteltu helppoon k\u00e4ytt\u00f6\u00f6n. Ne parantavat kaapin tyyli\u00e4 ja mahdollistavat vaivattoman p\u00e4\u00e4syn sis\u00e4lt\u00f6\u00f6n. Saumaton pinta tekee tilasta siistin ja modernin.<\/li>\n<li><b>Tyylikk\u00e4\u00e4t ter\u00e4stangot:<\/b> Hopeiset tangot tuovat modernia ilmett\u00e4. Ergonomisesti muotoillut kahvat tekev\u00e4t k\u00e4yt\u00f6st\u00e4 helppoa ja mukavaa. Tangot sopivat t\u00e4ydellisesti kaapin yksinkertaisiin linjoihin.<\/li>\n<li><b>Helppo hoito:<\/b> Kaappi on helppohoitoinen \u2013 pyyhi vain kostealla liinalla, niin se pysyy kuin uutena.<\/li>\n<\/ul>\n<ul>\n<li>V\u00e4ri: Musta tammi.<\/li>\n<li>Materiaali: Tekninen puu<\/li>\n<li>Yleiset mitat: 30 x 30 x 179 cm (P x L x K)<\/li>\n<li>Paino: 21,55 kg<\/li>\n<li>Kest\u00e4v\u00e4<\/li>\n<li>1 hyllyll\u00e4<\/li>\n<li>Kehysmateriaali: Tekninen puu<\/li>\n<li>2 ovien kanssa<\/li>\n<li>Sis\u00e4- \/ ulkotiloissa: Vain sis\u00e4k\u00e4ytt\u00f6\u00f6n<\/li>\n<li>Toimitus-:<\/li>\n<li>1 x Kylpyhuoneen kaappi<\/li>\n<li>Kokoonpano vaaditaan: Kyll\u00e4<\/li>\n<\/ul>\n","protected":false},"excerpt":{"rendered":"<ul>\n<li>V\u00e4ri: Musta tammi.<\/li>\n<li>Materiaali: Tekninen puu<\/li>\n<li>Yleiset mitat: 30 x 30 x 179 cm (P x L x K)<\/li>\n<li>Paino: 21,55 kg<\/li>\n<li>Kest\u00e4v\u00e4<\/li>\n<li>1 hyllyll\u00e4<\/li>\n<li>Kehysmateriaali: Tekninen puu<\/li>\n<li>2 ovien kanssa<\/li>\n<li>Sis\u00e4- \/ ulkotiloissa: Vain sis\u00e4k\u00e4ytt\u00f6\u00f6n<\/li>\n<li>Toimitus-:<\/li>\n<li>1 x Kylpyhuoneen kaappi<\/li>\n<li>Kokoonpano vaaditaan: Kyll\u00e4<\/li>\n<\/ul>\n","protected":false},"featured_media":100000201155,"comment_status":"closed","ping_status":"closed","template":"","meta":[],"product_brand":[],"product_cat":[84,8561,8562],"product_tag":[],"class_list":{"0":"post-201155","1":"product","2":"type-product","3":"status-publish","4":"has-post-thumbnail","6":"product_cat-huonekalut","7":"product_cat-kampauspoydat","8":"product_cat-kylpyhuoneen-kampauspoydat","10":"first","11":"instock","12":"taxable","13":"shipping-taxable","14":"purchasable","15":"product-type-simple"},"_links":{"self":[{"href":"https:\/\/www.otiumhome.fi\/index.php\/wp-json\/wp\/v2\/product\/201155","targetHints":{"allow":["GET"]}}],"collection":[{"href":"https:\/\/www.otiumhome.fi\/index.php\/wp-json\/wp\/v2\/product"}],"about":[{"href":"https:\/\/www.otiumhome.fi\/index.php\/wp-json\/wp\/v2\/types\/product"}],"replies":[{"embeddable":true,"href":"https:\/\/www.otiumhome.fi\/index.php\/wp-json\/wp\/v2\/comments?post=201155"}],"wp:featuredmedia":[{"embeddable":true,"href":"https:\/\/www.otiumhome.fi\/index.php\/wp-json\/"}],"wp:attachment":[{"href":"https:\/\/www.otiumhome.fi\/index.php\/wp-json\/wp\/v2\/media?parent=201155"}],"wp:term":[{"taxonomy":"product_brand","embeddable":true,"href":"https:\/\/www.otiumhome.fi\/index.php\/wp-json\/wp\/v2\/product_brand?post=201155"},{"taxonomy":"product_cat","embeddable":true,"href":"https:\/\/www.otiumhome.fi\/index.php\/wp-json\/wp\/v2\/product_cat?post=201155"},{"taxonomy":"product_tag","embeddable":true,"href":"https:\/\/www.otiumhome.fi\/index.php\/wp-json\/wp\/v2\/product_tag?post=201155"}],"curies":[{"name":"wp","href":"https:\/\/api.w.org\/{rel}","templated":true}]}}