{"id":201072,"date":"2025-12-24T20:12:45","date_gmt":"2025-12-24T20:12:45","guid":{"rendered":"https:\/\/www.otiumhome.fi\/?p=201072"},"modified":"2025-12-27T10:56:59","modified_gmt":"2025-12-27T10:56:59","slug":"kirjahylly-taidekoivu-80-x-30-x-155-cm-tekninen-puu","status":"publish","type":"product","link":"https:\/\/www.otiumhome.fi\/index.php\/tuote\/kirjahylly-taidekoivu-80-x-30-x-155-cm-tekninen-puu\/","title":{"rendered":"Kirjahylly Taidekoivu 80 x 30 x 155 cm Tekninen puu"},"content":{"rendered":"<p>T\u00e4m\u00e4 teollinen kirjahylly on just oikea valinta moderniin olohuoneeseen \u2013 se tarjoaa sek\u00e4 tyyli\u00e4 ett\u00e4 k\u00e4yt\u00e4nn\u00f6llisyytt\u00e4. Sen suorakaiteen muotoinen muotoilu ja tekninen puu ovat yhdistelm\u00e4 innovaatioita ja hienostuneisuutta. T\u00e4ydellinen sisustuksen yst\u00e4ville, t\u00e4m\u00e4 hylly on taiteellinen sekoitus materiaaleja ja se toimii upeasti keskikohtana miss\u00e4 tahansa tilassa, samalla kun se tarjoaa runsaasti s\u00e4ilytystilaa niin kirjaharrastajille kuin sisustuksen yst\u00e4ville.<\/p>\n<ul>\n<li><b>Tekninen puu:<\/b> Eritt\u00e4in laadukasta teknist\u00e4 puuta k\u00e4ytet\u00e4\u00e4n t\u00e4ss\u00e4 kirjahyllyss\u00e4, mik\u00e4 takaa kest\u00e4vyyden ja tyylikk\u00e4\u00e4n ulkon\u00e4\u00f6n. Materiaali tekee hyllyst\u00e4 kevyen ja k\u00e4yt\u00e4nn\u00f6llisen, silti sopivan mihin tahansa sisustukseen. Puu saa sile\u00e4n viimeistelyn, joka yhdistyy hyvin monenlaisiin sisustustyyleihin.<\/li>\n<li><b>Ter\u00e4sosat:<\/b> Vankat ter\u00e4sjalat varmistavat, ett\u00e4 hylly pysyy tukevasti pystyss\u00e4, vaikka se olisi t\u00e4ynn\u00e4 kirjoja tai koristeita. T\u00e4m\u00e4 design-ratkaisu ei vain paranna hyllyn vakautta, vaan tuo my\u00f6s teollista fiilist\u00e4, joka toimii hyvin modernissa sisustuksessa.<\/li>\n<li><b>Toiminnallinen muotoilu:<\/b> Hyllyn suorakaiteen muoto maksimoi s\u00e4ilytystilan samalla kun se s\u00e4ilytt\u00e4\u00e4 tyylikk\u00e4\u00e4n ilmeen. Se on loistava ratkaisu rakastettujen romaanien, perhealbumien tai koriste-esineiden esittelyyn. Muotoilussa on otettu huomioon erilaiset k\u00e4ytt\u00f6tarpeet, joten voit j\u00e4rjest\u00e4\u00e4 tavaroita juuri haluamallasi tavalla.<\/li>\n<li><b>Kokoamisvaatimukset:<\/b> Hylly vaatii kahden henkil\u00f6n kovan ty\u00f6n ruuvimeisselin avulla, varmistaaksesi, ett\u00e4 se on kunnolla koottu ja luotettava k\u00e4yt\u00f6ss\u00e4. T\u00e4m\u00e4 k\u00e4yt\u00e4nn\u00f6llinen yksityiskohta korostaa sek\u00e4 suunnittelussa ett\u00e4 k\u00e4yt\u00e4nn\u00f6ss\u00e4 huomiota yksityiskohtiin.<\/li>\n<li><b>Sis\u00e4k\u00e4ytt\u00f6:<\/b> T\u00e4m\u00e4 huonekalu sopii t\u00e4ydellisesti sis\u00e4tiloihin ja muuttaa olohuoneet tilaviksi pyh\u00e4k\u00f6iksi. Se on ideaali niille, jotka haluavat k\u00e4yt\u00e4nn\u00f6llisyytt\u00e4 ilman tyylin uhraamista, ja se toimii erityisesti kodeissa, joissa on t\u00e4rke\u00e4\u00e4 optimoida tila. T\u00e4ydellinen tuomaan j\u00e4rjestyst\u00e4 sekaviin tiloihin, se lupaa parantaa sek\u00e4 toimivuutta ett\u00e4 kauneutta.<\/li>\n<\/ul>\n<ul>\n<li>V\u00e4ri: Taidekoivu<\/li>\n<li>Materiaali: Tekninen puu<\/li>\n<li>Yleiset mitat: 80 x 30 x 121 cm (P x L x K)<\/li>\n<li>S\u00e4ilytysm\u00e4\u00e4r\u00e4: 3<\/li>\n<li>Kest\u00e4v\u00e4<\/li>\n<li>Kokoonpano vaaditaan: Kyll\u00e4<\/li>\n<\/ul>\n","protected":false},"excerpt":{"rendered":"<ul>\n<li>V\u00e4ri: Taidekoivu<\/li>\n<li>Materiaali: Tekninen puu<\/li>\n<li>Yleiset mitat: 80 x 30 x 121 cm (P x L x K)<\/li>\n<li>S\u00e4ilytysm\u00e4\u00e4r\u00e4: 3<\/li>\n<li>Kest\u00e4v\u00e4<\/li>\n<li>Kokoonpano vaaditaan: Kyll\u00e4<\/li>\n<\/ul>\n","protected":false},"featured_media":100000201072,"comment_status":"closed","ping_status":"closed","template":"","meta":[],"product_brand":[],"product_cat":[84,8547],"product_tag":[],"class_list":{"0":"post-201072","1":"product","2":"type-product","3":"status-publish","4":"has-post-thumbnail","6":"product_cat-huonekalut","7":"product_cat-kirjahyllyt","9":"first","10":"instock","11":"taxable","12":"shipping-taxable","13":"purchasable","14":"product-type-simple"},"_links":{"self":[{"href":"https:\/\/www.otiumhome.fi\/index.php\/wp-json\/wp\/v2\/product\/201072","targetHints":{"allow":["GET"]}}],"collection":[{"href":"https:\/\/www.otiumhome.fi\/index.php\/wp-json\/wp\/v2\/product"}],"about":[{"href":"https:\/\/www.otiumhome.fi\/index.php\/wp-json\/wp\/v2\/types\/product"}],"replies":[{"embeddable":true,"href":"https:\/\/www.otiumhome.fi\/index.php\/wp-json\/wp\/v2\/comments?post=201072"}],"wp:featuredmedia":[{"embeddable":true,"href":"https:\/\/www.otiumhome.fi\/index.php\/wp-json\/"}],"wp:attachment":[{"href":"https:\/\/www.otiumhome.fi\/index.php\/wp-json\/wp\/v2\/media?parent=201072"}],"wp:term":[{"taxonomy":"product_brand","embeddable":true,"href":"https:\/\/www.otiumhome.fi\/index.php\/wp-json\/wp\/v2\/product_brand?post=201072"},{"taxonomy":"product_cat","embeddable":true,"href":"https:\/\/www.otiumhome.fi\/index.php\/wp-json\/wp\/v2\/product_cat?post=201072"},{"taxonomy":"product_tag","embeddable":true,"href":"https:\/\/www.otiumhome.fi\/index.php\/wp-json\/wp\/v2\/product_tag?post=201072"}],"curies":[{"name":"wp","href":"https:\/\/api.w.org\/{rel}","templated":true}]}}