{"id":201064,"date":"2025-12-24T20:12:41","date_gmt":"2025-12-24T20:12:41","guid":{"rendered":"https:\/\/www.otiumhome.fi\/?p=201064"},"modified":"2025-12-27T02:46:58","modified_gmt":"2025-12-27T02:46:58","slug":"kirjahylly-artesaani-tammi-60-x-30-x-166-cm-tekninen-puu","status":"publish","type":"product","link":"https:\/\/www.otiumhome.fi\/index.php\/tuote\/kirjahylly-artesaani-tammi-60-x-30-x-166-cm-tekninen-puu\/","title":{"rendered":"Kirjahylly artesaani tammi 60 x 30 x 166 cm Tekninen puu"},"content":{"rendered":"<p>T\u00e4\u00e4 kirjahylly on tyylik\u00e4s ja k\u00e4tev\u00e4 lis\u00e4 olohuoneeseen. Sen suorakaiteen muotoinen design tuo siisti\u00e4 ilmett\u00e4, joka sulautuu sisustukseen t\u00e4ydellisesti. T\u00e4ydellinen kirjojen, koriste-esineiden ja muiden juttujen laitteluun, t\u00e4\u00e4 kaappi k\u00e4y mihin tahansa tyyliin vaivatta. Olitpa k\u00e4ytt\u00e4m\u00e4ss\u00e4 sit\u00e4 tavallisena kirjahyllyn\u00e4 tai hienona huonejakajana, se nostaa tilan tunnelmaa k\u00e4yt\u00e4nn\u00f6llisyydell\u00e4\u00e4n. Lis\u00e4ksi sen teksturoitu pinta tuo mukavaa lis\u00e4fiilist\u00e4, tehden siit\u00e4 loistavan katseenvangitsijan.<\/p>\n<ul>\n<li><b>Valmistettu teknisest\u00e4 puusta<\/b> T\u00e4m\u00e4 kaappi on kest\u00e4v\u00e4, ja sen laadukas tekninen puu kest\u00e4\u00e4 p\u00e4ivitt\u00e4ist\u00e4 k\u00e4ytt\u00f6\u00e4. Se n\u00e4ytt\u00e4\u00e4 hyv\u00e4lt\u00e4 ja on luotettava pitk\u00e4ll\u00e4 aikav\u00e4lill\u00e4.<\/li>\n<li><b>Levyhyllyt s\u00e4ilytykseen<\/b> K\u00e4yt\u00e4nn\u00f6llisten hyllyjen ansiosta kaappi tarjoaa joustavaa tilaa kirjoille, koristeille ja muille tavaroille. Hyllysuunnittelu pit\u00e4\u00e4 kaiken j\u00e4rjestyksess\u00e4 ja helppo saada esiin.<\/li>\n<li><b>Monik\u00e4ytt\u00f6inen muotoilu<\/b> T\u00e4\u00e4 kaappi on luotu moderneihin tiloihin, toimien sek\u00e4 kirjahyllyn\u00e4 ett\u00e4 huonejakajana. Sen yksinkertaiset linjat ja joustava muotoilu sopii moneen tyyliin ilman liikaa huomiota.<\/li>\n<li><b>Olohuoneen must-have<\/b> Suunniteltu sis\u00e4tiloihin, t\u00e4\u00e4 kaappi tekee mist\u00e4 tahansa olohuoneesta parempaa tarjoamalla s\u00e4ilytystilaa tinkim\u00e4tt\u00e4 tyylist\u00e4. Se toimii koriste-esineen\u00e4, joka sopii monenlaisiin tyyleihin.<\/li>\n<li><b>Hoito-ohjeet<\/b> T\u00e4ss\u00e4 kaapissa on helppohoitoisuus; pyyhi se vain kostealla liinalla poistaaksesi p\u00f6lyn. T\u00e4m\u00e4 helppo huolto pit\u00e4\u00e4 sen raikkaana ja auttaa kest\u00e4m\u00e4\u00e4n kauemmin sek\u00e4 s\u00e4ilytt\u00e4m\u00e4\u00e4n hyv\u00e4n ulkon\u00e4k\u00f6ns\u00e4.<\/li>\n<\/ul>\n<ul>\n<li>V\u00e4ri: Artesaani tammi<\/li>\n<li>Materiaali: Tekninen puu<\/li>\n<li>Yleiset mitat: 60 x 30 x 166 cm (P x L x K)<\/li>\n<li>5 hyllyill\u00e4<\/li>\n<li>S\u00e4ilytysm\u00e4\u00e4r\u00e4: 5<\/li>\n<li>Hyllyst\u00f6<\/li>\n<li>Kokoonpano vaaditaan: Kyll\u00e4<\/li>\n<\/ul>\n","protected":false},"excerpt":{"rendered":"<ul>\n<li>V\u00e4ri: Artesaani tammi<\/li>\n<li>Materiaali: Tekninen puu<\/li>\n<li>Yleiset mitat: 60 x 30 x 166 cm (P x L x K)<\/li>\n<li>5 hyllyill\u00e4<\/li>\n<li>S\u00e4ilytysm\u00e4\u00e4r\u00e4: 5<\/li>\n<li>Hyllyst\u00f6<\/li>\n<li>Kokoonpano vaaditaan: Kyll\u00e4<\/li>\n<\/ul>\n","protected":false},"featured_media":100000201064,"comment_status":"closed","ping_status":"closed","template":"","meta":[],"product_brand":[],"product_cat":[84,8547],"product_tag":[],"class_list":{"0":"post-201064","1":"product","2":"type-product","3":"status-publish","4":"has-post-thumbnail","6":"product_cat-huonekalut","7":"product_cat-kirjahyllyt","9":"first","10":"instock","11":"taxable","12":"shipping-taxable","13":"purchasable","14":"product-type-simple"},"_links":{"self":[{"href":"https:\/\/www.otiumhome.fi\/index.php\/wp-json\/wp\/v2\/product\/201064","targetHints":{"allow":["GET"]}}],"collection":[{"href":"https:\/\/www.otiumhome.fi\/index.php\/wp-json\/wp\/v2\/product"}],"about":[{"href":"https:\/\/www.otiumhome.fi\/index.php\/wp-json\/wp\/v2\/types\/product"}],"replies":[{"embeddable":true,"href":"https:\/\/www.otiumhome.fi\/index.php\/wp-json\/wp\/v2\/comments?post=201064"}],"wp:featuredmedia":[{"embeddable":true,"href":"https:\/\/www.otiumhome.fi\/index.php\/wp-json\/"}],"wp:attachment":[{"href":"https:\/\/www.otiumhome.fi\/index.php\/wp-json\/wp\/v2\/media?parent=201064"}],"wp:term":[{"taxonomy":"product_brand","embeddable":true,"href":"https:\/\/www.otiumhome.fi\/index.php\/wp-json\/wp\/v2\/product_brand?post=201064"},{"taxonomy":"product_cat","embeddable":true,"href":"https:\/\/www.otiumhome.fi\/index.php\/wp-json\/wp\/v2\/product_cat?post=201064"},{"taxonomy":"product_tag","embeddable":true,"href":"https:\/\/www.otiumhome.fi\/index.php\/wp-json\/wp\/v2\/product_tag?post=201064"}],"curies":[{"name":"wp","href":"https:\/\/api.w.org\/{rel}","templated":true}]}}