{"id":201056,"date":"2025-12-24T20:12:39","date_gmt":"2025-12-24T20:12:39","guid":{"rendered":"https:\/\/www.otiumhome.fi\/?p=201056"},"modified":"2025-12-27T02:46:43","modified_gmt":"2025-12-27T02:46:43","slug":"kirjahylly-vanha-puu-60-x-30-x-72-cm-tekninen-puu","status":"publish","type":"product","link":"https:\/\/www.otiumhome.fi\/index.php\/tuote\/kirjahylly-vanha-puu-60-x-30-x-72-cm-tekninen-puu\/","title":{"rendered":"Kirjahylly Vanha puu 60 x 30 x 72 cm Tekninen puu"},"content":{"rendered":"<p>T\u00e4\u00e4 moderni kirjahylly tarjoaa tyylik\u00e4st\u00e4 ja k\u00e4yt\u00e4nn\u00f6llist\u00e4 designia, joka sopii mihin tahansa olohuoneeseen. Suorakulmainen muotoilu antaa tilaa kirjoille, koristeille tai muille jutuillesi ja pit\u00e4\u00e4 kaiken j\u00e4rjestyksess\u00e4 ja tyylikk\u00e4\u00e4n\u00e4. Rakennettu kest\u00e4v\u00e4st\u00e4 teknisest\u00e4 puusta, mik\u00e4 takaa sen pitk\u00e4ik\u00e4isyyden ja tekee siit\u00e4 luotettavan lis\u00e4n sun sisustukseen. Minimalistinen moderni tyyli sulautuu hienosti mihin tahansa moderniin ymp\u00e4rist\u00f6\u00f6n ja parantaa sun tilan estetiikkaa.<\/p>\n<ul>\n<li><b>Tekninen puumateriaali<\/b> T\u00e4\u00e4 kirjahylly on tehty korkealaatuisesta teknisest\u00e4 puusta, mik\u00e4 takaa hyv\u00e4n vakauden ja hienon viimeistelyn. Materiaali tukee pitk\u00e4\u00e4 k\u00e4ytt\u00f6ik\u00e4\u00e4, sopii hyvin kiireisiin kotitalouksiin.<\/li>\n<li><b>Levyhyllyt<\/b> Tukevat levyhyllyt tekee t\u00e4st\u00e4 kaapista helpon tavan j\u00e4rjest\u00e4\u00e4 erilaisia esineit\u00e4. Hyllyt pit\u00e4\u00e4 kirjasi ja koristeesi paikoillaan, antaen siistin ja j\u00e4rjestetyn ilmeen.<\/li>\n<li><b>Moderni tyyli<\/b> Tyylik\u00e4s ja puhdas muotoilu yhdist\u00e4\u00e4 modernit ideat, keskittyen yksinkertaisuuteen ja toimivuuteen. Hillitty eleganssi tekee siit\u00e4 monipuolisen ztopennuksen, joka sopii moniin eri sisustustyyleihin.<\/li>\n<li><b>Monipuolinen k\u00e4ytt\u00f6<\/b> T\u00e4m\u00e4 sopii hyvin moneen huoneeseen, aina olohuoneista kotitoimistoihin. Runsaat s\u00e4ilytystilat voi k\u00e4ytt\u00e4\u00e4 omien mieltymysten mukaan, kuten kirjoihin, koristeisiin tai valokuviin.<\/li>\n<li><b>Yksinkertainen hoito<\/b> Pid\u00e4 sun kaappi hyv\u00e4ss\u00e4 kunnossa pyyhkim\u00e4ll\u00e4 se kuivalla liinalla. Huolto-ohjeita noudattamalla v\u00e4lt\u00e4t vahinkoja ja yrit\u00e4 v\u00e4ltt\u00e4\u00e4 kovia kemikaaleja. Seuraa kokoamisohjeita, niin saat sen hyvin kasattua.<\/li>\n<\/ul>\n<ul>\n<li>V\u00e4ri: Vanha puu<\/li>\n<li>Materiaali: Tekninen puu<\/li>\n<li>Yleiset mitat: 60 x 30 x 72 cm (P x L x K)<\/li>\n<li>Mukana 2 levyhyllyt<\/li>\n<li>S\u00e4ilytysm\u00e4\u00e4r\u00e4: 2<\/li>\n<li>Kest\u00e4v\u00e4<\/li>\n<li>Runsaasti s\u00e4ilytystilaa<\/li>\n<li>Kokoonpano vaaditaan: Kyll\u00e4<\/li>\n<\/ul>\n","protected":false},"excerpt":{"rendered":"<ul>\n<li>V\u00e4ri: Vanha puu<\/li>\n<li>Materiaali: Tekninen puu<\/li>\n<li>Yleiset mitat: 60 x 30 x 72 cm (P x L x K)<\/li>\n<li>Mukana 2 levyhyllyt<\/li>\n<li>S\u00e4ilytysm\u00e4\u00e4r\u00e4: 2<\/li>\n<li>Kest\u00e4v\u00e4<\/li>\n<li>Runsaasti s\u00e4ilytystilaa<\/li>\n<li>Kokoonpano vaaditaan: Kyll\u00e4<\/li>\n<\/ul>\n","protected":false},"featured_media":100000201056,"comment_status":"closed","ping_status":"closed","template":"","meta":[],"product_brand":[],"product_cat":[84,8547],"product_tag":[],"class_list":{"0":"post-201056","1":"product","2":"type-product","3":"status-publish","4":"has-post-thumbnail","6":"product_cat-huonekalut","7":"product_cat-kirjahyllyt","9":"first","10":"instock","11":"taxable","12":"shipping-taxable","13":"purchasable","14":"product-type-simple"},"_links":{"self":[{"href":"https:\/\/www.otiumhome.fi\/index.php\/wp-json\/wp\/v2\/product\/201056","targetHints":{"allow":["GET"]}}],"collection":[{"href":"https:\/\/www.otiumhome.fi\/index.php\/wp-json\/wp\/v2\/product"}],"about":[{"href":"https:\/\/www.otiumhome.fi\/index.php\/wp-json\/wp\/v2\/types\/product"}],"replies":[{"embeddable":true,"href":"https:\/\/www.otiumhome.fi\/index.php\/wp-json\/wp\/v2\/comments?post=201056"}],"wp:featuredmedia":[{"embeddable":true,"href":"https:\/\/www.otiumhome.fi\/index.php\/wp-json\/"}],"wp:attachment":[{"href":"https:\/\/www.otiumhome.fi\/index.php\/wp-json\/wp\/v2\/media?parent=201056"}],"wp:term":[{"taxonomy":"product_brand","embeddable":true,"href":"https:\/\/www.otiumhome.fi\/index.php\/wp-json\/wp\/v2\/product_brand?post=201056"},{"taxonomy":"product_cat","embeddable":true,"href":"https:\/\/www.otiumhome.fi\/index.php\/wp-json\/wp\/v2\/product_cat?post=201056"},{"taxonomy":"product_tag","embeddable":true,"href":"https:\/\/www.otiumhome.fi\/index.php\/wp-json\/wp\/v2\/product_tag?post=201056"}],"curies":[{"name":"wp","href":"https:\/\/api.w.org\/{rel}","templated":true}]}}