{"id":200871,"date":"2025-12-24T16:21:48","date_gmt":"2025-12-24T16:21:48","guid":{"rendered":"https:\/\/www.otiumhome.fi\/?p=200871"},"modified":"2025-12-26T05:59:17","modified_gmt":"2025-12-26T05:59:17","slug":"kirjahylly-artisan-tammi-60-x-35-x-180-cm-tekninen-puu","status":"publish","type":"product","link":"https:\/\/www.otiumhome.fi\/index.php\/tuote\/kirjahylly-artisan-tammi-60-x-35-x-180-cm-tekninen-puu\/","title":{"rendered":"Kirjahylly Artisan tammi 60 x 35 x 180 cm Tekninen puu"},"content":{"rendered":"<p>T\u00e4m\u00e4 monipuolinen kirjahylly yhdist\u00e4\u00e4 tyylin ja k\u00e4yt\u00e4nn\u00f6llisyyden, ollen t\u00e4ydellinen lis\u00e4 mihin tahansa tilaan. Sen kapea ja moderni muotoilu sek\u00e4 selke\u00e4t linjat tekev\u00e4t siit\u00e4 olohuoneen tai ty\u00f6tilan katseenvangitsijan. Sen suorakaiteen muoto ja korkeus luovat vahvan visuaalisen vaikutelman, ja se s\u00e4ilytt\u00e4\u00e4 hyvin kirjoja, koristeita ja p\u00e4ivitt\u00e4isi\u00e4 tarvikkeita. Kaappi sopii yht\u00e4 hyvin kotiin kuin ty\u00f6paikalle, tarjoten k\u00e4yt\u00e4nn\u00f6n ratkaisuja siistiin sisustukseen.<\/p>\n<ul>\n<li><b>Tekninen puu<\/b> T\u00e4m\u00e4 hylly on valmistettu laadukkaasta teknisest\u00e4 puusta, joka yhdist\u00e4\u00e4 kauneuden ja rakenteellisen kest\u00e4vyyden. Vankka materiaali takaa, ett\u00e4 hylly pysyy tukevana ja kest\u00e4v\u00e4n\u00e4. Se tarjoaakin pitk\u00e4ik\u00e4isen ja luotettavan ratkaisun sek\u00e4 kotiin ett\u00e4 toimistoon.<\/li>\n<li><b>Levyhyllyt<\/b> Hyllyt tarjoavat runsaasti tilaa kirjojen ja koriste-esineiden j\u00e4rjest\u00e4miseen. Yksinkertainen hyllytyyli on helppo k\u00e4ytt\u00e4\u00e4, ja jokainen hylly on suunniteltu kantamaan painoa, joten voit esitt\u00e4\u00e4 mit\u00e4 tahansa kevyist\u00e4 esineist\u00e4 painaviin kirjoihin.<\/li>\n<li><b>Yksinkertainen tyyli<\/b> T\u00e4m\u00e4 moderni kirjahylly sulautuu helposti minimalistiseen sisustukseen. Huomaamaton muotoilu takaa, ettei se varasta huomiota huoneesta, vaan toimii kauniina taustana muulle sisustukselle.<\/li>\n<li><b>Monik\u00e4ytt\u00f6inen<\/b> Kaappi on t\u00e4ydellinen olohuoneisiin, ty\u00f6huoneisiin ja toimistoihin, ja se toimii hyvin niin rentoutumiseen kuin ty\u00f6skentelyyn. Sen avoin hyllyratkaisu sopii erilaisten kokoelmien esittelyyn.<\/li>\n<li><b>Hoito-ohjeet<\/b> Hyllyn puhtaat pinnat s\u00e4ilyv\u00e4t kauniina pyyhkim\u00e4ll\u00e4 ne kuivalla liinalla ja v\u00e4ltt\u00e4m\u00e4ll\u00e4 voimakkaita puhdistusaineita. S\u00e4\u00e4nn\u00f6llinen p\u00f6lynpoisto pit\u00e4\u00e4 hyllyn selalu puhtaana ja kiilt\u00e4v\u00e4n\u00e4. <\/li>\n<\/ul>\n<ul>\n<li>V\u00e4ri: Artisan tammi<\/li>\n<li>Materiaali: Tekninen puu<\/li>\n<li>Yleiset mitat: 60 x 35 x 180 cm (P x L x K)<\/li>\n<li>Mukana 5 levyhyllyt<\/li>\n<li>S\u00e4ilytysm\u00e4\u00e4r\u00e4: 5<\/li>\n<li>Kest\u00e4v\u00e4<\/li>\n<li>Enimm\u00e4ispaino: 60 kg<\/li>\n<li>Kokoonpano vaaditaan: Kyll\u00e4<\/li>\n<\/ul>\n","protected":false},"excerpt":{"rendered":"<ul>\n<li>V\u00e4ri: Artisan tammi<\/li>\n<li>Materiaali: Tekninen puu<\/li>\n<li>Yleiset mitat: 60 x 35 x 180 cm (P x L x K)<\/li>\n<li>Mukana 5 levyhyllyt<\/li>\n<li>S\u00e4ilytysm\u00e4\u00e4r\u00e4: 5<\/li>\n<li>Kest\u00e4v\u00e4<\/li>\n<li>Enimm\u00e4ispaino: 60 kg<\/li>\n<li>Kokoonpano vaaditaan: Kyll\u00e4<\/li>\n<\/ul>\n","protected":false},"featured_media":100000200871,"comment_status":"closed","ping_status":"closed","template":"","meta":[],"product_brand":[],"product_cat":[84,8547],"product_tag":[],"class_list":{"0":"post-200871","1":"product","2":"type-product","3":"status-publish","4":"has-post-thumbnail","6":"product_cat-huonekalut","7":"product_cat-kirjahyllyt","9":"first","10":"instock","11":"taxable","12":"shipping-taxable","13":"purchasable","14":"product-type-simple"},"_links":{"self":[{"href":"https:\/\/www.otiumhome.fi\/index.php\/wp-json\/wp\/v2\/product\/200871","targetHints":{"allow":["GET"]}}],"collection":[{"href":"https:\/\/www.otiumhome.fi\/index.php\/wp-json\/wp\/v2\/product"}],"about":[{"href":"https:\/\/www.otiumhome.fi\/index.php\/wp-json\/wp\/v2\/types\/product"}],"replies":[{"embeddable":true,"href":"https:\/\/www.otiumhome.fi\/index.php\/wp-json\/wp\/v2\/comments?post=200871"}],"wp:featuredmedia":[{"embeddable":true,"href":"https:\/\/www.otiumhome.fi\/index.php\/wp-json\/"}],"wp:attachment":[{"href":"https:\/\/www.otiumhome.fi\/index.php\/wp-json\/wp\/v2\/media?parent=200871"}],"wp:term":[{"taxonomy":"product_brand","embeddable":true,"href":"https:\/\/www.otiumhome.fi\/index.php\/wp-json\/wp\/v2\/product_brand?post=200871"},{"taxonomy":"product_cat","embeddable":true,"href":"https:\/\/www.otiumhome.fi\/index.php\/wp-json\/wp\/v2\/product_cat?post=200871"},{"taxonomy":"product_tag","embeddable":true,"href":"https:\/\/www.otiumhome.fi\/index.php\/wp-json\/wp\/v2\/product_tag?post=200871"}],"curies":[{"name":"wp","href":"https:\/\/api.w.org\/{rel}","templated":true}]}}