{"id":200862,"date":"2025-12-24T10:40:35","date_gmt":"2025-12-24T10:40:35","guid":{"rendered":"https:\/\/www.otiumhome.fi\/?p=200862"},"modified":"2026-01-06T21:30:30","modified_gmt":"2026-01-06T21:30:30","slug":"keittiovaunu-musta-tammi-70-x-30-x-82-cm-tekninen-puu","status":"publish","type":"product","link":"https:\/\/www.otiumhome.fi\/index.php\/tuote\/keittiovaunu-musta-tammi-70-x-30-x-82-cm-tekninen-puu\/","title":{"rendered":"Keitti\u00f6vaunu Musta tammi. 70 x 30 x 82 cm Tekninen puu"},"content":{"rendered":"<p>T\u00e4m\u00e4 puinen keitti\u00f6varastoteline yhdist\u00e4\u00e4 toiminnallisuuden ja kauniin muotoilun, mik\u00e4 tekee siit\u00e4 t\u00e4ydellisen valinnan moderneille kodeille. Sen tyylik\u00e4s ilme ja siistit linjat sulautuvat hienosti mihin tahansa keitti\u00f6\u00f6n tai ruokailutilaan. Kodinomistajat voivat l\u00f6yt\u00e4\u00e4 t\u00e4st\u00e4 erinomaisen ratkaisun, kun kaivataan ylim\u00e4\u00e4r\u00e4ist\u00e4 s\u00e4ilytystilaa. Suorakaiteen muoto sek\u00e4 tekninen puu tuovat hienostuneisuutta, mik\u00e4 saa sen erottumaan sisustuksessa.<\/p>\n<ul><\/br><\/p>\n<li><b>Kest\u00e4v\u00e4 rakenne<\/b> T\u00e4m\u00e4 keitti\u00f6varastoteline on tehty kest\u00e4v\u00e4st\u00e4 puusta, joka tarjoaa vakautta ja kest\u00e4vyytt\u00e4 kaikille keitti\u00f6tarvikkeille. Puun ja metallin yhdistelm\u00e4 varmistaa, ett\u00e4 teline kest\u00e4\u00e4 k\u00e4ytt\u00f6\u00e4 pitk\u00e4\u00e4n. T\u00e4m\u00e4 on varma valinta niille, jotka arvostavat tukevia keitti\u00f6ratkaisuja.<\/li>\n<p><\/br><\/p>\n<li><b>Joustava asennus<\/b> T\u00e4m\u00e4 monipuolinen teline voi toimia joko paikallisena tai py\u00f6riv\u00e4n\u00e4, mik\u00e4 tuo joustavuutta erilaisiin k\u00e4ytt\u00f6tilanteisiin. Voit asettaa sen pysyv\u00e4\u00e4n paikkaan tai siirt\u00e4\u00e4 sit\u00e4 keitti\u00f6n eri osiin, valintoja on runsaasti. Telineen toiminnallisuus mahdollistaa sen sopeutuvan moniin keitti\u00f6asetelmiin ja k\u00e4ytt\u00e4jien tarpeisiin.<\/li>\n<p><\/br><\/p>\n<li><b>K\u00e4tev\u00e4t mitat<\/b> Telineen mitat, 70 x 30 x 82 cm, tekev\u00e4t siit\u00e4 kompakti mutta tilava ratkaisun pienille keitti\u00f6ille. Se on t\u00e4ydellinen, kun tarvitaan s\u00e4ilytystilaa ilman huoneen uhraamista ja se soveltuu monenlaisiin kulinaarisiin teht\u00e4viin.<\/li>\n<p><\/br><\/p>\n<li><b>Yksinkertainen huolto<\/b> Telineen huoltaminen on todella helppoa. Pyyhi se vain kuivalla liinalla, niin se pysyy upeassa kunnossa. T\u00e4m\u00e4 yksinkertainen huoltomenetelm\u00e4 auttaa s\u00e4ilytt\u00e4m\u00e4\u00e4n sen visuaalisen vetovoiman ja pident\u00e4m\u00e4\u00e4n sen k\u00e4ytt\u00f6ik\u00e4\u00e4, joten se pysyy t\u00e4rke\u00e4n\u00e4 osana keitti\u00f6t\u00e4si.<\/li>\n<p><\/br><\/p>\n<li><b>Moderni muotoilu<\/b> Sen minimalistinen tyyli yhdist\u00e4\u00e4 kauneuden ja k\u00e4yt\u00e4nn\u00f6llisyyden, tuoden modernia ilmett\u00e4 mihin tahansa keitti\u00f6\u00f6n tai ruokasaliin. Teknisest\u00e4 puusta ja metallista valmistettu teline yhdistyy moneen sisustustyyliin, mik\u00e4 tekee siit\u00e4 visualisesti miellytt\u00e4v\u00e4n ja monik\u00e4ytt\u00f6isen.<\/li>\n<p><\/br><\/ul>\n<ul>\n<li>V\u00e4ri: Musta tammi.<\/li>\n<li>Materiaali: Tekninen puu<\/li>\n<li>Yleiset mitat: 70 x 30 x 82 cm (P x L x K)<\/li>\n<li>Paino: 14,48 kg<\/li>\n<li>Kest\u00e4v\u00e4<\/li>\n<li>Joustava asennus: lattia seisova tai py\u00f6r\u00e4llinen<\/li>\n<li>Vain sis\u00e4k\u00e4ytt\u00f6\u00f6n<\/li>\n<li>Toimitus-:<\/li>\n<li>1 x Keitti\u00f6k\u00e4rry<\/li>\n<li>Kokoonpano vaaditaan: Kyll\u00e4<\/li>\n<\/ul>\n","protected":false},"excerpt":{"rendered":"<ul>\n<li>V\u00e4ri: Musta tammi.<\/li>\n<li>Materiaali: Tekninen puu<\/li>\n<li>Yleiset mitat: 70 x 30 x 82 cm (P x L x K)<\/li>\n<li>Paino: 14,48 kg<\/li>\n<li>Kest\u00e4v\u00e4<\/li>\n<li>Joustava asennus: lattia seisova tai py\u00f6r\u00e4llinen<\/li>\n<li>Vain sis\u00e4k\u00e4ytt\u00f6\u00f6n<\/li>\n<li>Toimitus-:<\/li>\n<li>1 x Keitti\u00f6k\u00e4rry<\/li>\n<li>Kokoonpano vaaditaan: Kyll\u00e4<\/li>\n<\/ul>\n","protected":false},"featured_media":100000200862,"comment_status":"closed","ping_status":"closed","template":"","meta":[],"product_brand":[],"product_cat":[84,8546],"product_tag":[],"class_list":{"0":"post-200862","1":"product","2":"type-product","3":"status-publish","4":"has-post-thumbnail","6":"product_cat-huonekalut","7":"product_cat-keittion-ruokasalin-tarjoiluvaunut","9":"first","10":"instock","11":"taxable","12":"shipping-taxable","13":"purchasable","14":"product-type-simple"},"_links":{"self":[{"href":"https:\/\/www.otiumhome.fi\/index.php\/wp-json\/wp\/v2\/product\/200862","targetHints":{"allow":["GET"]}}],"collection":[{"href":"https:\/\/www.otiumhome.fi\/index.php\/wp-json\/wp\/v2\/product"}],"about":[{"href":"https:\/\/www.otiumhome.fi\/index.php\/wp-json\/wp\/v2\/types\/product"}],"replies":[{"embeddable":true,"href":"https:\/\/www.otiumhome.fi\/index.php\/wp-json\/wp\/v2\/comments?post=200862"}],"wp:featuredmedia":[{"embeddable":true,"href":"https:\/\/www.otiumhome.fi\/index.php\/wp-json\/"}],"wp:attachment":[{"href":"https:\/\/www.otiumhome.fi\/index.php\/wp-json\/wp\/v2\/media?parent=200862"}],"wp:term":[{"taxonomy":"product_brand","embeddable":true,"href":"https:\/\/www.otiumhome.fi\/index.php\/wp-json\/wp\/v2\/product_brand?post=200862"},{"taxonomy":"product_cat","embeddable":true,"href":"https:\/\/www.otiumhome.fi\/index.php\/wp-json\/wp\/v2\/product_cat?post=200862"},{"taxonomy":"product_tag","embeddable":true,"href":"https:\/\/www.otiumhome.fi\/index.php\/wp-json\/wp\/v2\/product_tag?post=200862"}],"curies":[{"name":"wp","href":"https:\/\/api.w.org\/{rel}","templated":true}]}}