{"id":200782,"date":"2025-12-24T07:36:58","date_gmt":"2025-12-24T07:36:58","guid":{"rendered":"https:\/\/www.otiumhome.fi\/?p=200782"},"modified":"2025-12-24T19:00:45","modified_gmt":"2025-12-24T19:00:45","slug":"baaripoyta-kierratetty-puu-60x76-110-cm","status":"publish","type":"product","link":"https:\/\/www.otiumhome.fi\/index.php\/tuote\/baaripoyta-kierratetty-puu-60x76-110-cm\/","title":{"rendered":"Baarip\u00f6yt\u00e4 kierr\u00e4tetty puu 60x(76-110) cm"},"content":{"rendered":"<p>T\u00e4m\u00e4 puusta valmistettu baarip\u00f6yt\u00e4 tulee olemaan upea lis\u00e4 keitti\u00f6si tai ruokailutilasi sisustukseen.<\/p>\n<\/p>\n<p>Baarip\u00f6yt\u00e4 on valmistettu uusiok\u00e4ytetyst\u00e4 puusta, joka on per\u00e4isin purettujen vanhojen rakennusten pylv\u00e4ist\u00e4, lattioista ja tukipalkeista. Kierr\u00e4tetty puu voi koostua erilaisista puulajeista kuten m\u00e4nnyst\u00e4, tiikist\u00e4, py\u00f6kist\u00e4, tammesta sek\u00e4 setri-, mango- ja akaasiapuusta jne., joten se pit\u00e4\u00e4 sis\u00e4ll\u00e4\u00e4n kaikkien n\u00e4iden puiden ominaisuuksia. Kierr\u00e4tetty puu on vanhempaa, kulunutta ja kuivunutta, joten se ei kutistu tai taivu. P\u00f6yt\u00e4 voidaan s\u00e4\u00e4t\u00e4\u00e4 k\u00e4tev\u00e4sti sopivaan korkeuteen. Ter\u00e4srunko tekee p\u00f6yd\u00e4st\u00e4 vakaan ja korostaa sen teollista tyyli\u00e4. Jokainen ty\u00f6vaihe palojen uudelleen yhdistelemisest\u00e4, hiomiseen, maalaukseen ja lakkaukseen on suoritettu eritt\u00e4in huolellisesti. Kokoaminen on helppoa.<\/p>\n<\/p>\n<p>T\u00e4rke\u00e4 huomio: V\u00e4rit ja pintakuviot saattavat vaihdella kappaleesta toiseen, mik\u00e4 tekee jokaisesta kappaleesta ainutlaatuisen ja hieman erilaisen kuin muut; toimitus on satunnainen.<\/p>\n<ul>\n<li>Materiaali: t\u00e4ysi mangopuu + jauhemaalatut ter\u00e4sjalat<\/li>\n<li>P\u00f6yd\u00e4n mitat: 60 x (76-110) cm (halkaisija x K)<\/li>\n<li>Korkeus s\u00e4\u00e4dett\u00e4viss\u00e4<\/li>\n<li>Hiottu, maalattu ja lakattu<\/li>\n<li>Helppo koota<\/li>\n<\/ul>\n","protected":false},"excerpt":{"rendered":"<ul>\n<li>Materiaali: t\u00e4ysi mangopuu + jauhemaalatut ter\u00e4sjalat<\/li>\n<li>P\u00f6yd\u00e4n mitat: 60 x (76-110) cm (halkaisija x K)<\/li>\n<li>Korkeus s\u00e4\u00e4dett\u00e4viss\u00e4<\/li>\n<li>Hiottu, maalattu ja lakattu<\/li>\n<li>Helppo koota<\/li>\n<\/ul>\n","protected":false},"featured_media":100000200782,"comment_status":"closed","ping_status":"closed","template":"","meta":[],"product_brand":[],"product_cat":[84,8543],"product_tag":[],"class_list":{"0":"post-200782","1":"product","2":"type-product","3":"status-publish","4":"has-post-thumbnail","6":"product_cat-huonekalut","7":"product_cat-keittion-ruokapoydat","9":"first","10":"instock","11":"taxable","12":"shipping-taxable","13":"purchasable","14":"product-type-simple"},"_links":{"self":[{"href":"https:\/\/www.otiumhome.fi\/index.php\/wp-json\/wp\/v2\/product\/200782","targetHints":{"allow":["GET"]}}],"collection":[{"href":"https:\/\/www.otiumhome.fi\/index.php\/wp-json\/wp\/v2\/product"}],"about":[{"href":"https:\/\/www.otiumhome.fi\/index.php\/wp-json\/wp\/v2\/types\/product"}],"replies":[{"embeddable":true,"href":"https:\/\/www.otiumhome.fi\/index.php\/wp-json\/wp\/v2\/comments?post=200782"}],"wp:featuredmedia":[{"embeddable":true,"href":"https:\/\/www.otiumhome.fi\/index.php\/wp-json\/"}],"wp:attachment":[{"href":"https:\/\/www.otiumhome.fi\/index.php\/wp-json\/wp\/v2\/media?parent=200782"}],"wp:term":[{"taxonomy":"product_brand","embeddable":true,"href":"https:\/\/www.otiumhome.fi\/index.php\/wp-json\/wp\/v2\/product_brand?post=200782"},{"taxonomy":"product_cat","embeddable":true,"href":"https:\/\/www.otiumhome.fi\/index.php\/wp-json\/wp\/v2\/product_cat?post=200782"},{"taxonomy":"product_tag","embeddable":true,"href":"https:\/\/www.otiumhome.fi\/index.php\/wp-json\/wp\/v2\/product_tag?post=200782"}],"curies":[{"name":"wp","href":"https:\/\/api.w.org\/{rel}","templated":true}]}}