{"id":199735,"date":"2025-12-20T05:59:26","date_gmt":"2025-12-20T05:59:26","guid":{"rendered":"https:\/\/www.otiumhome.fi\/?p=199735"},"modified":"2026-01-02T11:04:38","modified_gmt":"2026-01-02T11:04:38","slug":"lehtiteline-hyllylla-valkoinen-51-x-11-x-102-cm-tekninen-puu","status":"publish","type":"product","link":"https:\/\/www.otiumhome.fi\/index.php\/tuote\/lehtiteline-hyllylla-valkoinen-51-x-11-x-102-cm-tekninen-puu\/","title":{"rendered":"Lehtiteline hyllyll\u00e4 Valkoinen 51 x 11 x 102 cm Tekninen puu"},"content":{"rendered":"<p>Teknist\u00e4 puuta oleva lehtiteline on tyylik\u00e4s ja k\u00e4yt\u00e4nn\u00f6llinen s\u00e4ilytysratkaisu kotiin tai toimistoon. Suorakaiteinen muoto ja moderni tyyli, joka perustuu yksinkertaisuuteen ja toiminnallisuuteen, antaa lehtitelineelle siistin ja sleekin ilmeen. Sen moderni tunnelma sulautuu hyvin mihin tahansa sisustukseen, joten se on mahtava valinta olohuoneisiin tai toimistoihin. Se on monik\u00e4ytt\u00f6inen ja siin\u00e4 on lukemattomia k\u00e4ytt\u00f6tapoja, lehtien ja kirjojen s\u00e4ilytt\u00e4misest\u00e4 koriste-esineiden n\u00e4ytt\u00e4miseen, tarjoten k\u00e4yt\u00e4nn\u00f6llisen ja esteettisesti miellytt\u00e4v\u00e4n lis\u00e4n tilaan.<\/p>\n<ul>\n<li><b>Tekninen puu rakennus<\/b> T\u00e4m\u00e4 lehtiteline on tehty teknisest\u00e4 puusta, joka tuo kest\u00e4vyyden ja tyylin yhteen. Materiaali varmistaa, ett\u00e4 teline kest\u00e4\u00e4 jokap\u00e4iv\u00e4ist\u00e4 k\u00e4ytt\u00f6\u00e4 ja sile\u00e4 pinta lis\u00e4\u00e4 sen kauneutta.<\/li>\n<li><b>Monik\u00e4ytt\u00f6inen sovellus<\/b> Yhteensopiva monenlaisten sisustusten kanssa, t\u00e4m\u00e4 teline sopii moneen huoneeseen, kuten olohuoneisiin, toimistoihin ja makuuhuoneisiin. Se on t\u00e4ydellinen lempikirjojen tai koriste-esineiden esillepanoon, joten se mukautuu tarpeisiisi.<\/li>\n<li><b>K\u00e4yt\u00e4nn\u00f6llinen muotoilu<\/b> Lehtiteline yhdist\u00e4\u00e4 modernia tyyli\u00e4 puhdastilineisyyteen. T\u00e4m\u00e4 muotoilu ei vain t\u00e4ydenn\u00e4 erilaista sisustustyyli\u00e4, vaan parantaa my\u00f6s sen k\u00e4yt\u00e4nn\u00f6n hy\u00f6ty\u00e4 s\u00e4ilytyskappaleena.<\/li>\n<li><b>Helppo puhdistaa pinta<\/b> Sen moitteettoman ilmeen yll\u00e4pit\u00e4minen on helppoa; riitt\u00e4\u00e4, ett\u00e4 pyyhkii kostealla liinalla. Pinta on suunniteltu niin, ettei lika tai p\u00f6ly tartu helposti, joten sen huoltaminen on vaivatonta ja kest\u00e4vyys on taattu.<\/li>\n<li><b>Kokoonpanoa vaaditaan<\/b> Lehtiteline saapuu yhten\u00e4 osana, ja sen kokoaminen vaatii kaksi kaveria ruuvimeisseli\u00e4 k\u00e4ytt\u00e4en, mik\u00e4 tarjoaa mahdollisuuden osallistua uuden s\u00e4ilytysratkaisun rakentamiseen.<\/li>\n<\/ul>\n<ul>\n<li>V\u00e4ri: Valkoinen<\/li>\n<li>Materiaali: Tekninen puu<\/li>\n<li>Yleiset mitat: 43 x 11 x 102 cm (P x L x K)<\/li>\n<li>Paino: 6,8 kg<\/li>\n<li>Kest\u00e4v\u00e4<\/li>\n<li>Monipuolinen k\u00e4ytt\u00f6<\/li>\n<li>Helppo puhdistaa<\/li>\n<li>3 hyllyill\u00e4<\/li>\n<li>Kehysmateriaali: Tekninen puu<\/li>\n<li>Enimm\u00e4ispaino: 40 kg<\/li>\n<li>Vain sis\u00e4k\u00e4ytt\u00f6\u00f6n<\/li>\n<li>Toimitus-:<\/li>\n<li>1 x Lehtiteline<\/li>\n<li>Kokoonpano vaaditaan: Kyll\u00e4<\/li>\n<\/ul>\n","protected":false},"excerpt":{"rendered":"<ul>\n<li>V\u00e4ri: Valkoinen<\/li>\n<li>Materiaali: Tekninen puu<\/li>\n<li>Yleiset mitat: 43 x 11 x 102 cm (P x L x K)<\/li>\n<li>Paino: 6,8 kg<\/li>\n<li>Kest\u00e4v\u00e4<\/li>\n<li>Monipuolinen k\u00e4ytt\u00f6<\/li>\n<li>Helppo puhdistaa<\/li>\n<li>3 hyllyill\u00e4<\/li>\n<li>Kehysmateriaali: Tekninen puu<\/li>\n<li>Enimm\u00e4ispaino: 40 kg<\/li>\n<li>Vain sis\u00e4k\u00e4ytt\u00f6\u00f6n<\/li>\n<li>Toimitus-:<\/li>\n<li>1 x Lehtiteline<\/li>\n<li>Kokoonpano vaaditaan: Kyll\u00e4<\/li>\n<\/ul>\n","protected":false},"featured_media":100000199735,"comment_status":"closed","ping_status":"closed","template":"","meta":[],"product_brand":[],"product_cat":[84,8650],"product_tag":[],"class_list":{"0":"post-199735","1":"product","2":"type-product","3":"status-publish","4":"has-post-thumbnail","6":"product_cat-huonekalut","7":"product_cat-lehtitelineet","9":"first","10":"instock","11":"taxable","12":"shipping-taxable","13":"purchasable","14":"product-type-simple"},"_links":{"self":[{"href":"https:\/\/www.otiumhome.fi\/index.php\/wp-json\/wp\/v2\/product\/199735","targetHints":{"allow":["GET"]}}],"collection":[{"href":"https:\/\/www.otiumhome.fi\/index.php\/wp-json\/wp\/v2\/product"}],"about":[{"href":"https:\/\/www.otiumhome.fi\/index.php\/wp-json\/wp\/v2\/types\/product"}],"replies":[{"embeddable":true,"href":"https:\/\/www.otiumhome.fi\/index.php\/wp-json\/wp\/v2\/comments?post=199735"}],"wp:featuredmedia":[{"embeddable":true,"href":"https:\/\/www.otiumhome.fi\/index.php\/wp-json\/"}],"wp:attachment":[{"href":"https:\/\/www.otiumhome.fi\/index.php\/wp-json\/wp\/v2\/media?parent=199735"}],"wp:term":[{"taxonomy":"product_brand","embeddable":true,"href":"https:\/\/www.otiumhome.fi\/index.php\/wp-json\/wp\/v2\/product_brand?post=199735"},{"taxonomy":"product_cat","embeddable":true,"href":"https:\/\/www.otiumhome.fi\/index.php\/wp-json\/wp\/v2\/product_cat?post=199735"},{"taxonomy":"product_tag","embeddable":true,"href":"https:\/\/www.otiumhome.fi\/index.php\/wp-json\/wp\/v2\/product_tag?post=199735"}],"curies":[{"name":"wp","href":"https:\/\/api.w.org\/{rel}","templated":true}]}}