{"id":199671,"date":"2025-12-19T15:53:46","date_gmt":"2025-12-19T15:53:46","guid":{"rendered":"https:\/\/www.otiumhome.fi\/?p=199671"},"modified":"2025-12-31T08:36:34","modified_gmt":"2025-12-31T08:36:34","slug":"kokoontaittuva-nojatuoli-musta-aito-nahka","status":"publish","type":"product","link":"https:\/\/www.otiumhome.fi\/index.php\/tuote\/kokoontaittuva-nojatuoli-musta-aito-nahka\/","title":{"rendered":"Kokoontaittuva nojatuoli musta aito nahka"},"content":{"rendered":"<p>Etsitk\u00f6 tuolia t\u00e4ydelliseen lepoon kiireisen p\u00e4iv\u00e4n j\u00e4lkeen? T\u00e4m\u00e4 mukava lepotuoli on t\u00e4ydellinen valinta!<\/p>\n<\/p>\n<ul>\n<li>Aito nahka: Nojatuoli on valmistettu vuohennahasta. Aito nahka on luonnostaan ajaton materiaali. Se voi kest\u00e4\u00e4 elini\u00e4n asianmukaisella hoidolla ja huollolla. Sile\u00e4 pinta antaa sille my\u00f6s ylellisen ilmeen, samalla se varmistaa optimaalisen mukavuuden.<\/li>\n<li>Puurunko: T\u00e4ydest\u00e4 akasiapuusta valmistettu runko takaa nojatuolin tukevuuden ja vakauden.<\/li>\n<li>K\u00e4yt\u00e4nn\u00f6llinen malli: Lepotuoli voidaan helposti taittaa kokoon, kun se ei ole k\u00e4yt\u00f6ss\u00e4 helpon s\u00e4ilytyksen ja kuljetuksen takaamiseksi.<\/li>\n<\/ul>\n<ul>\n<li>V\u00e4ri: Musta<\/li>\n<li>Materiaali: Vuohennahka, t\u00e4ysi akasiapuu<\/li>\n<li>Mitat: 55 x 67 x 79 cm (L x S x K)<\/li>\n<li>Istuimen leveys: 49 cm<\/li>\n<li>Istuimen syvyys: 42 cm<\/li>\n<li>Istuimen korkeus maasta: 34 cm<\/li>\n<li>Kokoontaitettava<\/li>\n<li>Asennus vaaditaan: Kyll\u00e4<\/li>\n<\/ul>\n","protected":false},"excerpt":{"rendered":"<ul>\n<li>V\u00e4ri: Musta<\/li>\n<li>Materiaali: Vuohennahka, t\u00e4ysi akasiapuu<\/li>\n<li>Mitat: 55 x 67 x 79 cm (L x S x K)<\/li>\n<li>Istuimen leveys: 49 cm<\/li>\n<li>Istuimen syvyys: 42 cm<\/li>\n<li>Istuimen korkeus maasta: 34 cm<\/li>\n<li>Kokoontaitettava<\/li>\n<li>Asennus vaaditaan: Kyll\u00e4<\/li>\n<\/ul>\n","protected":false},"featured_media":100000199671,"comment_status":"closed","ping_status":"closed","template":"","meta":[],"product_brand":[],"product_cat":[84,8558],"product_tag":[],"class_list":{"0":"post-199671","1":"product","2":"type-product","3":"status-publish","4":"has-post-thumbnail","6":"product_cat-huonekalut","7":"product_cat-kokoontaitettavat-tuolit-jakkarat","9":"first","10":"instock","11":"taxable","12":"shipping-taxable","13":"purchasable","14":"product-type-simple"},"_links":{"self":[{"href":"https:\/\/www.otiumhome.fi\/index.php\/wp-json\/wp\/v2\/product\/199671","targetHints":{"allow":["GET"]}}],"collection":[{"href":"https:\/\/www.otiumhome.fi\/index.php\/wp-json\/wp\/v2\/product"}],"about":[{"href":"https:\/\/www.otiumhome.fi\/index.php\/wp-json\/wp\/v2\/types\/product"}],"replies":[{"embeddable":true,"href":"https:\/\/www.otiumhome.fi\/index.php\/wp-json\/wp\/v2\/comments?post=199671"}],"wp:featuredmedia":[{"embeddable":true,"href":"https:\/\/www.otiumhome.fi\/index.php\/wp-json\/"}],"wp:attachment":[{"href":"https:\/\/www.otiumhome.fi\/index.php\/wp-json\/wp\/v2\/media?parent=199671"}],"wp:term":[{"taxonomy":"product_brand","embeddable":true,"href":"https:\/\/www.otiumhome.fi\/index.php\/wp-json\/wp\/v2\/product_brand?post=199671"},{"taxonomy":"product_cat","embeddable":true,"href":"https:\/\/www.otiumhome.fi\/index.php\/wp-json\/wp\/v2\/product_cat?post=199671"},{"taxonomy":"product_tag","embeddable":true,"href":"https:\/\/www.otiumhome.fi\/index.php\/wp-json\/wp\/v2\/product_tag?post=199671"}],"curies":[{"name":"wp","href":"https:\/\/api.w.org\/{rel}","templated":true}]}}