{"id":199590,"date":"2025-12-14T18:06:53","date_gmt":"2025-12-14T18:06:53","guid":{"rendered":"https:\/\/www.otiumhome.fi\/?p=199590"},"modified":"2025-12-23T22:33:07","modified_gmt":"2025-12-23T22:33:07","slug":"tv-tasosetti-4-pcs-artisan-tammi-tekninen-puu","status":"publish","type":"product","link":"https:\/\/www.otiumhome.fi\/index.php\/tuote\/tv-tasosetti-4-pcs-artisan-tammi-tekninen-puu\/","title":{"rendered":"TV-tasosetti 4 pcs Artisan tammi Tekninen puu"},"content":{"rendered":"<p>T\u00e4m\u00e4 moderni TV-kaappisarja on mukava ja tyylik\u00e4s lis\u00e4 mihin tahansa olohuoneeseen, yhdist\u00e4en bakterian ja moderneja estetisoituja periaatteita. Siisti sein\u00e4kaappi luo virtaviivaista fiilist\u00e4 ja s\u00e4\u00e4st\u00e4\u00e4 tilaa. Tekninen puu tuo puhtaita linjoja ja yksinkertaista koristelua mukautuen moneen sisustustyyliin. T\u00e4ydellinen kaupunkikoteihin, t\u00e4m\u00e4 sarja vie huoneen ilmeen seuraavalle tasolle tyylikk\u00e4\u00e4n, mutta k\u00e4yt\u00e4nn\u00f6llisen kalusteen my\u00f6t\u00e4. Sufficient s\u00e4ilytysvarat pit\u00e4v\u00e4t kaikki mediagadgetit siististi kasassa.<\/p>\n<ul>\n<li><b>Materiaalivalinnan hyv\u00e4t puolet:<\/b> Siin\u00e4 on k\u00e4ytetty laadukasta teknist\u00e4 puuta, joka tuo kest\u00e4v\u00e4 vaihtoehto ja modernia fiilist\u00e4. T\u00e4m\u00e4 materiaalivalinta mahdollistaa sile\u00e4n ja siistin pinnan, joka mukautuu moderniin teollisuuteen, tehden siit\u00e4 luotettavan valinnan pitk\u00e4\u00e4n k\u00e4ytt\u00f6\u00f6n.<\/li>\n<li><b>Tilaa s\u00e4\u00e4st\u00e4v\u00e4 rakenne:<\/b> Tyylik\u00e4s sein\u00e4kiinnitys tekee t\u00e4st\u00e4 kaappisarjasta loistavan valinnan lattiatilan maksimointiin. t\u00e4ydellinen pienille asuinalueille, kaapit tuovat j\u00e4rke\u00e4 t\u00e4ydennyst\u00e4 ilman ett\u00e4 ne viev\u00e4t liikaa huomiota.<\/li>\n<li><b>Koko monimuotoisuus:<\/b> Sarja koostuu eri kokoisista kaapeista sopimaan jokaisen tarpeisiin. \u00c4l\u00e4 pelk\u00e4\u00e4, jos tilaa on v\u00e4hemm\u00e4n \u2013 n\u00e4m\u00e4 kaapit s\u00e4ilytt\u00e4v\u00e4t niin mediakoristeet kuin henkil\u00f6kohtaiset tavarasi, tuo k\u00e4yt\u00e4nn\u00f6llisyytt\u00e4 ja toimivuutta.<\/li>\n<li><b>Tyylik\u00e4s yksinkertaisuus:<\/b> Minimalistinen design ja puhtaat linjat voisivat olla t\u00e4m\u00e4n sarjan paras kuvastus \u2013 , v\u00e4hemm\u00e4n on enemm\u00e4n. Ideaalinen niille, jotka rakastavat j\u00e4rjestyst\u00e4.<\/li>\n<li><b>Helppo kokoaminen:<\/b> Tarvitset vain kaksi tyyppi\u00e4 osia, ty\u00f6kalut kuten ruuvimeisselin, poran, vasaran ja mittanauhan. Kun se on pyk\u00e4tty, sein\u00e4kaappi tuo lis\u00e4vakautta ja turvallisuutta jokaiseen asuintilaan.<\/li>\n<\/ul>\n<ul>\n<li>V\u00e4ri: Artisan tammi<\/li>\n<li>Materiaali: Tekninen puu<\/li>\n<li>Yleiset mitat: 30 x 31 x 60 cm (P x L x K)<\/li>\n<li>4 ovien kanssa<\/li>\n<li>1 hyllyll\u00e4<\/li>\n<li>Kokoonpano vaaditaan: Kyll\u00e4<\/li>\n<li>Toimitus-:<\/li>\n<li>1 x Sein\u00e4kaappi: 30 x 31 x 60 cm (PxLxK)<\/li>\n<li>2 x Sein\u00e4kaappi: 60 x 31 x 29,5 cm (PxLxK)<\/li>\n<li>1 x Sein\u00e4kaappi: 30 x 31 x 40 cm (PxLxK)<\/li>\n<\/ul>\n","protected":false},"excerpt":{"rendered":"<ul>\n<li>V\u00e4ri: Artisan tammi<\/li>\n<li>Materiaali: Tekninen puu<\/li>\n<li>Yleiset mitat: 30 x 31 x 60 cm (P x L x K)<\/li>\n<li>4 ovien kanssa<\/li>\n<li>1 hyllyll\u00e4<\/li>\n<li>Kokoonpano vaaditaan: Kyll\u00e4<\/li>\n<li>Toimitus-:<\/li>\n<li>1 x Sein\u00e4kaappi: 30 x 31 x 60 cm (PxLxK)<\/li>\n<li>2 x Sein\u00e4kaappi: 60 x 31 x 29,5 cm (PxLxK)<\/li>\n<li>1 x Sein\u00e4kaappi: 30 x 31 x 40 cm (PxLxK)<\/li>\n<\/ul>\n","protected":false},"featured_media":100000199590,"comment_status":"closed","ping_status":"closed","template":"","meta":[],"product_brand":[],"product_cat":[84],"product_tag":[],"class_list":{"0":"post-199590","1":"product","2":"type-product","3":"status-publish","4":"has-post-thumbnail","6":"product_cat-huonekalut","8":"first","9":"instock","10":"taxable","11":"shipping-taxable","12":"purchasable","13":"product-type-simple"},"_links":{"self":[{"href":"https:\/\/www.otiumhome.fi\/index.php\/wp-json\/wp\/v2\/product\/199590","targetHints":{"allow":["GET"]}}],"collection":[{"href":"https:\/\/www.otiumhome.fi\/index.php\/wp-json\/wp\/v2\/product"}],"about":[{"href":"https:\/\/www.otiumhome.fi\/index.php\/wp-json\/wp\/v2\/types\/product"}],"replies":[{"embeddable":true,"href":"https:\/\/www.otiumhome.fi\/index.php\/wp-json\/wp\/v2\/comments?post=199590"}],"wp:featuredmedia":[{"embeddable":true,"href":"https:\/\/www.otiumhome.fi\/index.php\/wp-json\/"}],"wp:attachment":[{"href":"https:\/\/www.otiumhome.fi\/index.php\/wp-json\/wp\/v2\/media?parent=199590"}],"wp:term":[{"taxonomy":"product_brand","embeddable":true,"href":"https:\/\/www.otiumhome.fi\/index.php\/wp-json\/wp\/v2\/product_brand?post=199590"},{"taxonomy":"product_cat","embeddable":true,"href":"https:\/\/www.otiumhome.fi\/index.php\/wp-json\/wp\/v2\/product_cat?post=199590"},{"taxonomy":"product_tag","embeddable":true,"href":"https:\/\/www.otiumhome.fi\/index.php\/wp-json\/wp\/v2\/product_tag?post=199590"}],"curies":[{"name":"wp","href":"https:\/\/api.w.org\/{rel}","templated":true}]}}