{"id":199495,"date":"2025-12-14T18:04:30","date_gmt":"2025-12-14T18:04:30","guid":{"rendered":"https:\/\/www.otiumhome.fi\/?p=199495"},"modified":"2025-12-23T22:17:42","modified_gmt":"2025-12-23T22:17:42","slug":"seinakiinnitettava-6-pcs-korkean-kiillon-valkoinen","status":"publish","type":"product","link":"https:\/\/www.otiumhome.fi\/index.php\/tuote\/seinakiinnitettava-6-pcs-korkean-kiillon-valkoinen\/","title":{"rendered":"Sein\u00e4kiinnitett\u00e4v\u00e4 6 pcs Korkean kiillon valkoinen"},"content":{"rendered":"<p>T\u00e4\u00e4 monitoiminen viihdekalustus on just sellainen, joka sulautuu eri kodin ymp\u00e4rist\u00f6ihin tuoden niin toimivuutta kuin tyyli\u00e4. Se on suunniteltu j\u00e4rjest\u00e4m\u00e4\u00e4n ja esitt\u00e4m\u00e4\u00e4n viihdej\u00e4rjestelmi\u00e4 tehokkaasti, ja sen osat vastaavat hyvin erilaisiin s\u00e4ilytystarpeisiin. Visuaalisesti se on kaunis, moderni ja luo kutsuvan tunnelman, maksimoiden k\u00e4yt\u00f6n eri k\u00e4ytt\u00e4jille.<\/p>\n<ul>\n<li><b>Parempi materiaali:<\/b> Tehty korkealaatuisesta koneistetusta puusta, t\u00e4\u00e4 yksikk\u00f6 takaa pitk\u00e4n kest\u00e4vyyden ja voimaa. Sen sile\u00e4 pinta tuo lis\u00e4\u00e4 kiiltoa, ja se sopii monenlaisiin sisustuksiin. Vankka rakenne tukee kaikenlaisia elektronisia laitteita ilman, ett\u00e4 vakaus k\u00e4rsii.<\/li>\n<li><b>Monet komponentit:<\/b> T\u00e4ss\u00e4 kalustuksessa on paljon osastoja, hyllyj\u00e4 ja liukuovia tarjoten r\u00e4\u00e4t\u00e4l\u00f6ityj\u00e4 s\u00e4ilytysratkaisuja media-soittimille, pelikonsolille ja muille tarvikkeille. Liukuovet mahdollistaa helpon p\u00e4\u00e4syn s\u00e4ilytykseen pit\u00e4en samalla tyylin korkealla. J\u00e4rjest\u00e4minen on helppoa ja pit\u00e4\u00e4 tilasi siistin\u00e4.<\/li>\n<li><b>\u00c4lykk\u00e4\u00e4t piirteet:<\/b> T\u00e4\u00e4 moderni teknologinen yksikk\u00f6 sis\u00e4lt\u00e4\u00e4 USB-virtapistokkeet, jotka takaa nopeat ja k\u00e4tev\u00e4t latausmahdollisuudet sun laitteille. T\u00e4\u00e4 toimii mainiosti viihdeasetuksissasi, ja s\u00e4 pysyt yhteydess\u00e4 samalla kun nautit vapaa-ajasta tai ty\u00f6skentelet.<\/li>\n<li><b>Joustava muotoilu:<\/b> Suunniteltu mukautumaan erilaisten tilojen tarpeisiin, t\u00e4t\u00e4 yksikk\u00f6\u00e4 voidaan s\u00e4\u00e4t\u00e4\u00e4 korkeudeltaan ja leveydelt\u00e4\u00e4n, jolloin se istuu hyvin mihin tahansa tilaan. Olipa se itsen\u00e4inen tai osa kokonaisuutta, helposti s\u00e4\u00e4dett\u00e4v\u00e4t asiat varmistaa, ett\u00e4 se muuntuu sun tarpeiden mukaan.<\/li>\n<li><b>Helppo huolto:<\/b> Pyyhkim\u00e4ll\u00e4 pehme\u00e4ll\u00e4, kuivalla liinalla saat sen pysym\u00e4\u00e4n kiilt\u00e4v\u00e4n\u00e4. V\u00e4lt\u00e4 kovia kemikaaleja, jotta sen viimeistely pysyy hyv\u00e4n\u00e4, varmistaen noin pitk\u00e4n k\u00e4ytt\u00f6i\u00e4n ja siistin ilmeen. Yksinkertainen hoito takaa, ett\u00e4 se n\u00e4ytt\u00e4\u00e4 hyv\u00e4lt\u00e4 ja s\u00e4ilytt\u00e4\u00e4 rakenteensa.<\/li>\n<\/ul>\n<ul>\n<li>V\u00e4ri: Korkean kiillon valkoinen<\/li>\n<li>Yleiset mitat: 98 x 31 x 29,5 cm (P x L x K)<\/li>\n<li>Mukana 9 90\u00b0 k\u00e4\u00e4nt\u00f6liit\u00e4nn\u00e4iset ovet<\/li>\n<li>Mukana 12 sein\u00e4kiinnitetyt hyllyt<\/li>\n<li>Kokoonpano vaaditaan: Kyll\u00e4<\/li>\n<li>Toimitus-:<\/li>\n<li>2 x TV-sein\u00e4hylly: 98 x 31 x 29.5 cm (PszxLxK)<\/li>\n<li>2 x TV-sein\u00e4hylly: 40 x 31 x 29.5 cm (PszxLxK)<\/li>\n<li>1 x TV-sein\u00e4hylly: 59.5 x 31 x 80 cm (PszxLxK)<\/li>\n<li>1 x TV-sein\u00e4hylly: 30 x 31 x 100 cm (PszxLxK)<\/li>\n<\/ul>\n","protected":false},"excerpt":{"rendered":"<ul>\n<li>V\u00e4ri: Korkean kiillon valkoinen<\/li>\n<li>Yleiset mitat: 98 x 31 x 29,5 cm (P x L x K)<\/li>\n<li>Mukana 9 90\u00b0 k\u00e4\u00e4nt\u00f6liit\u00e4nn\u00e4iset ovet<\/li>\n<li>Mukana 12 sein\u00e4kiinnitetyt hyllyt<\/li>\n<li>Kokoonpano vaaditaan: Kyll\u00e4<\/li>\n<li>Toimitus-:<\/li>\n<li>2 x TV-sein\u00e4hylly: 98 x 31 x 29.5 cm (PszxLxK)<\/li>\n<li>2 x TV-sein\u00e4hylly: 40 x 31 x 29.5 cm (PszxLxK)<\/li>\n<li>1 x TV-sein\u00e4hylly: 59.5 x 31 x 80 cm (PszxLxK)<\/li>\n<li>1 x TV-sein\u00e4hylly: 30 x 31 x 100 cm (PszxLxK)<\/li>\n<\/ul>\n","protected":false},"featured_media":100000199495,"comment_status":"closed","ping_status":"closed","template":"","meta":[],"product_brand":[],"product_cat":[84],"product_tag":[],"class_list":{"0":"post-199495","1":"product","2":"type-product","3":"status-publish","4":"has-post-thumbnail","6":"product_cat-huonekalut","8":"first","9":"instock","10":"taxable","11":"shipping-taxable","12":"purchasable","13":"product-type-simple"},"_links":{"self":[{"href":"https:\/\/www.otiumhome.fi\/index.php\/wp-json\/wp\/v2\/product\/199495","targetHints":{"allow":["GET"]}}],"collection":[{"href":"https:\/\/www.otiumhome.fi\/index.php\/wp-json\/wp\/v2\/product"}],"about":[{"href":"https:\/\/www.otiumhome.fi\/index.php\/wp-json\/wp\/v2\/types\/product"}],"replies":[{"embeddable":true,"href":"https:\/\/www.otiumhome.fi\/index.php\/wp-json\/wp\/v2\/comments?post=199495"}],"wp:featuredmedia":[{"embeddable":true,"href":"https:\/\/www.otiumhome.fi\/index.php\/wp-json\/"}],"wp:attachment":[{"href":"https:\/\/www.otiumhome.fi\/index.php\/wp-json\/wp\/v2\/media?parent=199495"}],"wp:term":[{"taxonomy":"product_brand","embeddable":true,"href":"https:\/\/www.otiumhome.fi\/index.php\/wp-json\/wp\/v2\/product_brand?post=199495"},{"taxonomy":"product_cat","embeddable":true,"href":"https:\/\/www.otiumhome.fi\/index.php\/wp-json\/wp\/v2\/product_cat?post=199495"},{"taxonomy":"product_tag","embeddable":true,"href":"https:\/\/www.otiumhome.fi\/index.php\/wp-json\/wp\/v2\/product_tag?post=199495"}],"curies":[{"name":"wp","href":"https:\/\/api.w.org\/{rel}","templated":true}]}}