{"id":199431,"date":"2025-12-14T18:01:44","date_gmt":"2025-12-14T18:01:44","guid":{"rendered":"https:\/\/www.otiumhome.fi\/?p=199431"},"modified":"2026-01-14T19:22:32","modified_gmt":"2026-01-14T19:22:32","slug":"tv-tasosetti-4-pcs-savupahkina-tekninen-puu","status":"publish","type":"product","link":"https:\/\/www.otiumhome.fi\/index.php\/tuote\/tv-tasosetti-4-pcs-savupahkina-tekninen-puu\/","title":{"rendered":"TV-tasosetti 4 pcs Savup\u00e4hkin\u00e4 Tekninen puu"},"content":{"rendered":"<p>Tervetuloa tyylin ja k\u00e4yt\u00e4nn\u00f6llisyyden t\u00e4ydelliseen yhdistelm\u00e4\u00e4n t\u00e4ll\u00e4 monik\u00e4ytt\u00f6sell\u00e4 s\u00e4ilytyskaapilla, joka on suunniteltu vastaamaan erilaisiin s\u00e4ilytystarpeisiin ja parantamaan sun tilan esteettist\u00e4 puolta. Sen tyylik\u00e4s, moderni muotoilu t\u00e4ydentyy monipuolisella hylly- ja laatikkosysteemill\u00e4, mik\u00e4 tekee sek\u00e4 j\u00e4rjest\u00e4misest\u00e4 ett\u00e4 esittelyst\u00e4 helppoa. Ihanteellinen olohuoneisiin, toimistoihin tai makuuhuoneisiin, t\u00e4m\u00e4 kaappi sopii t\u00e4ydellisesti mihin tahansa ymp\u00e4rist\u00f6\u00f6n, tarjoten samalla hienostuneen ja toimivan ratkaisun s\u00e4ilytystarpeisiin.<\/p>\n<ul>\n<li><b>Kest\u00e4v\u00e4 puurakenne<\/b> T\u00e4\u00e4 kaappi on rakennettu kest\u00e4v\u00e4st\u00e4 puusta, joka takaa pitk\u00e4aikaisen k\u00e4yt\u00f6n ja vakauden. Laatuaineet est\u00e4\u00e4 v\u00e4\u00e4ntymista ja kulumista, tarjoten aina luotettavan paikan sun tavaroille. Tyylik\u00e4s viimeistely pit\u00e4\u00e4 kaapin eleganttin\u00e4, ja se parantaa sun tilan tunnelmaa vaivattomasti.<\/li>\n<li><b>Muokattava s\u00e4ilytys<\/b> T\u00e4ss\u00e4 kaapissa on s\u00e4\u00e4dett\u00e4viss\u00e4 hyllyj\u00e4 ja suuria lokeroita, joita voi muokata monenlaisiin s\u00e4ilytystarpeisiin. Riippumatta siit\u00e4, tarvitsisitko tilaa kirjoille, koristeille tai toimistotarvikkeille, kaapin joustavat s\u00e4ilytysratkaisut tekee j\u00e4rjest\u00e4misest\u00e4 fiksua ja kaunista.<\/li>\n<li><b>Moderni esteettinen vieh\u00e4tys<\/b> Kaapin tyylik\u00e4s ja moderni muotoilu tekee siit\u00e4 aivan loistavan valinnan nykyaikaisiin ymp\u00e4rist\u00f6ihin. Se tuo puhtaan, yksinkertaisen ilmeen, joten se sopii monenlaiseen sisustukseen samalla kun lis\u00e4\u00e4 modernia eleganssia mihin tahansa huoneeseen.<\/li>\n<li><b>Tilaa s\u00e4\u00e4st\u00e4v\u00e4 muotoilu<\/b> T\u00e4\u00e4 s\u00e4ilytysratkaisu maksimoi tilank\u00e4yt\u00f6n tehokkaalla pohjaratkaisullaan. Ihanteellinen pienille huoneille, kaappi tukee j\u00e4rjestetty\u00e4 ymp\u00e4rist\u00f6\u00e4 ilman, ett\u00e4 se vie liikaa tilaa. Sen harkittu suunnittelu sis\u00e4lt\u00e4\u00e4 tilavat hyllyt, jotka parantaa s\u00e4ilytyst\u00e4 samalla kun se s\u00e4ilytt\u00e4\u00e4 kompaktin muodon.<\/li>\n<li><b>K\u00e4yt\u00e4nn\u00f6llinen ja kest\u00e4v\u00e4<\/b> Elegantin ulkon\u00e4\u00f6n lis\u00e4ksi t\u00e4\u00e4 kaappi on rakennettu k\u00e4yt\u00e4nn\u00f6lliseen k\u00e4ytt\u00f6\u00f6n ja kest\u00e4vyys mieless\u00e4. Sen muotoilussa on helppo p\u00e4\u00e4sy ja k\u00e4ytt\u00f6 sujuvasti liikkuvien laatikoiden ja tukevien kahvojen avulla, jotka varmistaa luotettavaa toimintaa ja k\u00e4ytt\u00f6mukavuutta. Huolto on vaivatonta, mik\u00e4 tehostaa sen pitk\u00e4\u00e4 k\u00e4ytt\u00f6ik\u00e4\u00e4 sun kodissa.<\/li>\n<\/ul>\n<ul>\n<li>V\u00e4ri: Savup\u00e4hkin\u00e4<\/li>\n<li>Materiaali: Tekninen puu<\/li>\n<li>Yleiset mitat: 98 x 31 x 29,5 cm (P x L x K)<\/li>\n<li>Kokoonpano vaaditaan: Kyll\u00e4<\/li>\n<li>Toimitus-:<\/li>\n<li>1 x TV kaappi: 98 x 31 x 29,5 cm (P x L x K)<\/li>\n<li>2 x Sein\u00e4hylly: 31 x 29,5 x 80 cm (P x L x K)<\/li>\n<li>1 x TV kaappi: 78,5 x 31 x 29,5 cm (P x L x K)<\/li>\n<\/ul>\n","protected":false},"excerpt":{"rendered":"<ul>\n<li>V\u00e4ri: Savup\u00e4hkin\u00e4<\/li>\n<li>Materiaali: Tekninen puu<\/li>\n<li>Yleiset mitat: 98 x 31 x 29,5 cm (P x L x K)<\/li>\n<li>Kokoonpano vaaditaan: Kyll\u00e4<\/li>\n<li>Toimitus-:<\/li>\n<li>1 x TV kaappi: 98 x 31 x 29,5 cm (P x L x K)<\/li>\n<li>2 x Sein\u00e4hylly: 31 x 29,5 x 80 cm (P x L x K)<\/li>\n<li>1 x TV kaappi: 78,5 x 31 x 29,5 cm (P x L x K)<\/li>\n<\/ul>\n","protected":false},"featured_media":100000199431,"comment_status":"closed","ping_status":"closed","template":"","meta":[],"product_brand":[],"product_cat":[84],"product_tag":[],"class_list":{"0":"post-199431","1":"product","2":"type-product","3":"status-publish","4":"has-post-thumbnail","6":"product_cat-huonekalut","8":"first","9":"instock","10":"taxable","11":"shipping-taxable","12":"purchasable","13":"product-type-simple"},"_links":{"self":[{"href":"https:\/\/www.otiumhome.fi\/index.php\/wp-json\/wp\/v2\/product\/199431","targetHints":{"allow":["GET"]}}],"collection":[{"href":"https:\/\/www.otiumhome.fi\/index.php\/wp-json\/wp\/v2\/product"}],"about":[{"href":"https:\/\/www.otiumhome.fi\/index.php\/wp-json\/wp\/v2\/types\/product"}],"replies":[{"embeddable":true,"href":"https:\/\/www.otiumhome.fi\/index.php\/wp-json\/wp\/v2\/comments?post=199431"}],"wp:featuredmedia":[{"embeddable":true,"href":"https:\/\/www.otiumhome.fi\/index.php\/wp-json\/"}],"wp:attachment":[{"href":"https:\/\/www.otiumhome.fi\/index.php\/wp-json\/wp\/v2\/media?parent=199431"}],"wp:term":[{"taxonomy":"product_brand","embeddable":true,"href":"https:\/\/www.otiumhome.fi\/index.php\/wp-json\/wp\/v2\/product_brand?post=199431"},{"taxonomy":"product_cat","embeddable":true,"href":"https:\/\/www.otiumhome.fi\/index.php\/wp-json\/wp\/v2\/product_cat?post=199431"},{"taxonomy":"product_tag","embeddable":true,"href":"https:\/\/www.otiumhome.fi\/index.php\/wp-json\/wp\/v2\/product_tag?post=199431"}],"curies":[{"name":"wp","href":"https:\/\/api.w.org\/{rel}","templated":true}]}}