{"id":199275,"date":"2025-12-14T17:09:29","date_gmt":"2025-12-14T17:09:29","guid":{"rendered":"https:\/\/www.otiumhome.fi\/?p=199275"},"modified":"2025-12-15T19:26:14","modified_gmt":"2025-12-15T19:26:14","slug":"sangyn-runko-harmaa-sonoma-3ft-single-massiivinen-manty","status":"publish","type":"product","link":"https:\/\/www.otiumhome.fi\/index.php\/tuote\/sangyn-runko-harmaa-sonoma-3ft-single-massiivinen-manty\/","title":{"rendered":"S\u00e4ngyn runko Harmaa Sonoma 3FT Single Massiivinen m\u00e4nty"},"content":{"rendered":"<p>T\u00e4m\u00e4 s\u00e4ngynrunko yhdist\u00e4\u00e4 selke\u00e4t linjat ja v\u00e4h\u00e4isen koristelun, luoden tyylikk\u00e4\u00e4n keskipisteen makuuhuoneeseen. Ajaton design tekee siit\u00e4 helposti sovitettavan erilaisiin sisustustyyleihin, samalla kun se tarjoaa tukevan paikan rauhallisille unille. Teknisest\u00e4 puusta ja vahvasta m\u00e4ntyp\u00e4\u00e4dyist\u00e4 valmistettuna se luo harmonisen tasapainon voiman, tyylin ja k\u00e4yt\u00e4nn\u00f6llisyyden. T\u00e4m\u00e4 runko on loistava valinta moderneille ja nykyaikaisille kodeille, yhdist\u00e4en mukavuutta ja tyyli\u00e4.<\/p>\n<ul>\n<li><b>T\u00e4ysi m\u00e4nty:<\/b> S\u00e4ngynrungossa on kest\u00e4v\u00e4 m\u00e4ntyp\u00e4\u00e4ty, joka tuo luonnollista ilmett\u00e4 ja tukee modernia estetiikkaa. M\u00e4nnyn vahvuus takaa, ett\u00e4 p\u00e4\u00e4ty pysyy kauniina ja tukee selk\u00e4\u00e4, samalla kohentamassa huoneen sisustusta. T\u00e4m\u00e4 klassinen valinta tuo mukanaan kestoa ja ajattomuutta nukkumiseen.<\/li>\n<li><b>Tekninen puurunko:<\/b> Rungon valmistuksessa k\u00e4ytett\u00e4v\u00e4 tekninen puu yhdist\u00e4\u00e4 luonnollisen puun tunnelman kest\u00e4vyyteen. Se auttaa s\u00e4ngynrunkoa kest\u00e4m\u00e4\u00e4n p\u00e4ivitt\u00e4ist\u00e4 k\u00e4ytt\u00f6\u00e4 menett\u00e4m\u00e4tt\u00e4 tyylikkyytt\u00e4\u00e4n. Teknisess\u00e4 puussa yhdistyv\u00e4t vakaus ja edullisuus, tarjoten tukevan perustan esteettisyydest\u00e4 tinkim\u00e4tt\u00e4.<\/li>\n<li><b>Kiinte\u00e4 s\u00e4lepohja:<\/b> Kiinte\u00e4 s\u00e4lepohja tarjoaa jatkuvaa tukea, mik\u00e4 auttaa pident\u00e4m\u00e4\u00e4n patjan k\u00e4ytt\u00f6ik\u00e4\u00e4. Vaikka se on j\u00e4ykk\u00e4, runko soveltuu erilaisten patjojen kanssa, varmistaen vakaan tuen ja nostamalla vuoteen maasta optimaalisen ilmanvaihdon varmistamiseksi. T\u00e4m\u00e4 on loistava vaihtoehto niille, jotka etsii vakautta ja luotettavuutta makuuhuoneeseensa.<\/li>\n<li><b>Moderni yksinkertaisuus:<\/b> T\u00e4m\u00e4 runko on suunniteltu sulautumaan mihin tahansa makuuhuoneeseen. Sen vaatimaton muotoilu korostaa yksinkertaisuutta ja toimivuutta, mik\u00e4 tekee siit\u00e4 monipuolisen nykyaikaiseen sisustukseen. Rungon siistit linjat ja muoto parantavat mit\u00e4 tahansa huonetta, luoden rauhoittavan ymp\u00e4rist\u00f6n rentoutumiseen ja hyviin uniin.<\/li>\n<li><b>Hoito-ohjeet:<\/b> Jotta runko kest\u00e4isi pitk\u00e4\u00e4n, se vaatii vain minimihuoltoa. Pyyhi se kostealla liinalla p\u00f6lyn ja tahrojen poistamiseksi, v\u00e4lt\u00e4 voimakkaita kemikaaleja. Olipa kyseess\u00e4 esteettisyys tai rakenteen kest\u00e4vyys, yksinkertainen hoito takaa, ett\u00e4 s\u00e4ngynrunko on mukavuuden ja tyylin syd\u00e4mess\u00e4 vuosia eteenp\u00e4in.<\/li>\n<\/ul>\n<ul>\n<li>V\u00e4ri: Harmaa sonoma<\/li>\n<li>Materiaali: Massiivinen m\u00e4nty<\/li>\n<li>Kehysmateriaali: Tekninen puu<\/li>\n<li>Yleiset mitat: 93 x 196 x 100 cm (P x L x K)<\/li>\n<li>Patjan koko: Lyhyt yhden hengen s\u00e4nky (90 cm x 190 cm \/ 35&#8243; x 75&#8243;)<\/li>\n<li>Enimm\u00e4ispaino: 100 kg<\/li>\n<li>Onko slated kehys: Kyll\u00e4<\/li>\n<li>Enimm\u00e4ism\u00e4\u00e4r\u00e4 ihmisi\u00e4: 1<\/li>\n<li>Kest\u00e4v\u00e4<\/li>\n<li>Helppo puhdistaa<\/li>\n<li>Kokoonpano vaaditaan: Kyll\u00e4<\/li>\n<li>Toimitus-:<\/li>\n<li>1 x s\u00e4ngynrunko<\/li>\n<li>1 x s\u00e4ngynp\u00e4\u00e4ty<\/li>\n<\/ul>\n","protected":false},"excerpt":{"rendered":"<ul>\n<li>V\u00e4ri: Harmaa sonoma<\/li>\n<li>Materiaali: Massiivinen m\u00e4nty<\/li>\n<li>Kehysmateriaali: Tekninen puu<\/li>\n<li>Yleiset mitat: 93 x 196 x 100 cm (P x L x K)<\/li>\n<li>Patjan koko: Lyhyt yhden hengen s\u00e4nky (90 cm x 190 cm \/ 35&#8243; x 75&#8243;)<\/li>\n<li>Enimm\u00e4ispaino: 100 kg<\/li>\n<li>Onko slated kehys: Kyll\u00e4<\/li>\n<li>Enimm\u00e4ism\u00e4\u00e4r\u00e4 ihmisi\u00e4: 1<\/li>\n<li>Kest\u00e4v\u00e4<\/li>\n<li>Helppo puhdistaa<\/li>\n<li>Kokoonpano vaaditaan: Kyll\u00e4<\/li>\n<li>Toimitus-:<\/li>\n<li>1 x s\u00e4ngynrunko<\/li>\n<li>1 x s\u00e4ngynp\u00e4\u00e4ty<\/li>\n<\/ul>\n","protected":false},"featured_media":100000199275,"comment_status":"closed","ping_status":"closed","template":"","meta":[],"product_brand":[],"product_cat":[84,8638],"product_tag":[],"class_list":{"0":"post-199275","1":"product","2":"type-product","3":"status-publish","4":"has-post-thumbnail","6":"product_cat-huonekalut","7":"product_cat-sangyt-sangynrungot","9":"first","10":"instock","11":"taxable","12":"shipping-taxable","13":"purchasable","14":"product-type-simple"},"_links":{"self":[{"href":"https:\/\/www.otiumhome.fi\/index.php\/wp-json\/wp\/v2\/product\/199275","targetHints":{"allow":["GET"]}}],"collection":[{"href":"https:\/\/www.otiumhome.fi\/index.php\/wp-json\/wp\/v2\/product"}],"about":[{"href":"https:\/\/www.otiumhome.fi\/index.php\/wp-json\/wp\/v2\/types\/product"}],"replies":[{"embeddable":true,"href":"https:\/\/www.otiumhome.fi\/index.php\/wp-json\/wp\/v2\/comments?post=199275"}],"wp:featuredmedia":[{"embeddable":true,"href":"https:\/\/www.otiumhome.fi\/index.php\/wp-json\/"}],"wp:attachment":[{"href":"https:\/\/www.otiumhome.fi\/index.php\/wp-json\/wp\/v2\/media?parent=199275"}],"wp:term":[{"taxonomy":"product_brand","embeddable":true,"href":"https:\/\/www.otiumhome.fi\/index.php\/wp-json\/wp\/v2\/product_brand?post=199275"},{"taxonomy":"product_cat","embeddable":true,"href":"https:\/\/www.otiumhome.fi\/index.php\/wp-json\/wp\/v2\/product_cat?post=199275"},{"taxonomy":"product_tag","embeddable":true,"href":"https:\/\/www.otiumhome.fi\/index.php\/wp-json\/wp\/v2\/product_tag?post=199275"}],"curies":[{"name":"wp","href":"https:\/\/api.w.org\/{rel}","templated":true}]}}