{"id":198752,"date":"2025-12-14T06:43:00","date_gmt":"2025-12-14T06:43:00","guid":{"rendered":"https:\/\/www.otiumhome.fi\/?p=198752"},"modified":"2025-12-25T13:36:39","modified_gmt":"2025-12-25T13:36:39","slug":"lehtiteline-hyllylla-musta-tammi-60-x-12-x-70-cm-tekninen-puu","status":"publish","type":"product","link":"https:\/\/www.otiumhome.fi\/index.php\/tuote\/lehtiteline-hyllylla-musta-tammi-60-x-12-x-70-cm-tekninen-puu\/","title":{"rendered":"Lehtiteline hyllyll\u00e4 Musta tammi. 60 x 12 x 70 cm Tekninen puu"},"content":{"rendered":"<p>T\u00e4m\u00e4 moderni sein\u00e4lle asennettava aikakausilehtiteline on monipuolinen ja tyylik\u00e4s s\u00e4ilytysratkaisu, erityisesti pienemp\u00e4\u00e4n tilaan. Sen suorakaiteen muotoinen, virtaviivainen malli on sek\u00e4 toimiva ett\u00e4 kaunis, t\u00e4ydellinen aikakauslehdille, esitteille tai pienille tarvikkeille. Sopii loistavasti olohuoneisiin tai kotitoimistoihin, t\u00e4m\u00e4n minimalistinen design ja tekninen puupinta tuovat modernin ilmeen mille tahansa sein\u00e4lle.<\/p>\n<ul>\n<li><b>Tekninen puu<\/b> Tukeva rakenne, joka kest\u00e4\u00e4 aikaa ja k\u00e4ytt\u00f6\u00e4. Sile\u00e4 pinta tuo modernin ja elegantin tunnelman kotiisi.<\/li>\n<li><b>Sein\u00e4lle asennettava tehokkuus<\/b> T\u00e4m\u00e4 teline s\u00e4\u00e4st\u00e4\u00e4 lattiatilaa ja siistii huoneet. Voit helposti j\u00e4rjest\u00e4\u00e4 suosikkijulkaisut ja vapauttaa tilaa muille kalusteille.<\/li>\n<li><b>S\u00e4\u00e4dett\u00e4v\u00e4t hyllyt<\/b> Hyllyt mahtuvat monenlaisiin esineisiin. Olipa kyseess\u00e4 aikakauslehtien tai koristeiden s\u00e4ilytys, ne vastaavat k\u00e4ytt\u00e4j\u00e4n tarpeita ja parantavat kodin j\u00e4rjestyst\u00e4.<\/li>\n<li><b>Sile\u00e4n pinnan yll\u00e4pito<\/b> T\u00e4m\u00e4 teline on helppo pit\u00e4\u00e4 puhtaana. Pyyhkiminen kostealla liinalla riitt\u00e4\u00e4, ja v\u00e4lt\u00e4t naarmuja ja voimakkaita kemikaaleja.<\/li>\n<li><b>Moderni minimalistinen tyyli<\/b> Puhtaat linjat tekev\u00e4t t\u00e4st\u00e4 telineest\u00e4 t\u00e4ydellisen moderniin sisustukseen. Sen yksinkertaisuus sopii sek\u00e4 perinteisiin ett\u00e4 rohkeisiin teemoihin, parantaen tilan ilmett\u00e4.<\/li>\n<\/ul>\n<ul>\n<li>V\u00e4ri: Musta tammi.<\/li>\n<li>Materiaali: Tekninen puu<\/li>\n<li>Yleiset mitat: 60 x 12 x 70 cm (P x L x K)<\/li>\n<li>Paino: 4,5 kg<\/li>\n<li>Kest\u00e4v\u00e4<\/li>\n<li>Monipuolinen k\u00e4ytt\u00f6<\/li>\n<li>Helppo puhdistaa<\/li>\n<li>Mukana 1 laatikkohylly<\/li>\n<li>Kehysmateriaali: Tekninen puu<\/li>\n<li>Enimm\u00e4ispaino: 40 kg<\/li>\n<li>Vain sis\u00e4k\u00e4ytt\u00f6\u00f6n<\/li>\n<li>Toimitus-:<\/li>\n<li>1 x Lehtiteline<\/li>\n<li>Kokoonpano vaaditaan: Kyll\u00e4<\/li>\n<\/ul>\n","protected":false},"excerpt":{"rendered":"<ul>\n<li>V\u00e4ri: Musta tammi.<\/li>\n<li>Materiaali: Tekninen puu<\/li>\n<li>Yleiset mitat: 60 x 12 x 70 cm (P x L x K)<\/li>\n<li>Paino: 4,5 kg<\/li>\n<li>Kest\u00e4v\u00e4<\/li>\n<li>Monipuolinen k\u00e4ytt\u00f6<\/li>\n<li>Helppo puhdistaa<\/li>\n<li>Mukana 1 laatikkohylly<\/li>\n<li>Kehysmateriaali: Tekninen puu<\/li>\n<li>Enimm\u00e4ispaino: 40 kg<\/li>\n<li>Vain sis\u00e4k\u00e4ytt\u00f6\u00f6n<\/li>\n<li>Toimitus-:<\/li>\n<li>1 x Lehtiteline<\/li>\n<li>Kokoonpano vaaditaan: Kyll\u00e4<\/li>\n<\/ul>\n","protected":false},"featured_media":100000198752,"comment_status":"closed","ping_status":"closed","template":"","meta":[],"product_brand":[],"product_cat":[84,8650],"product_tag":[],"class_list":{"0":"post-198752","1":"product","2":"type-product","3":"status-publish","4":"has-post-thumbnail","6":"product_cat-huonekalut","7":"product_cat-lehtitelineet","9":"first","10":"instock","11":"taxable","12":"shipping-taxable","13":"purchasable","14":"product-type-simple"},"_links":{"self":[{"href":"https:\/\/www.otiumhome.fi\/index.php\/wp-json\/wp\/v2\/product\/198752","targetHints":{"allow":["GET"]}}],"collection":[{"href":"https:\/\/www.otiumhome.fi\/index.php\/wp-json\/wp\/v2\/product"}],"about":[{"href":"https:\/\/www.otiumhome.fi\/index.php\/wp-json\/wp\/v2\/types\/product"}],"replies":[{"embeddable":true,"href":"https:\/\/www.otiumhome.fi\/index.php\/wp-json\/wp\/v2\/comments?post=198752"}],"wp:featuredmedia":[{"embeddable":true,"href":"https:\/\/www.otiumhome.fi\/index.php\/wp-json\/"}],"wp:attachment":[{"href":"https:\/\/www.otiumhome.fi\/index.php\/wp-json\/wp\/v2\/media?parent=198752"}],"wp:term":[{"taxonomy":"product_brand","embeddable":true,"href":"https:\/\/www.otiumhome.fi\/index.php\/wp-json\/wp\/v2\/product_brand?post=198752"},{"taxonomy":"product_cat","embeddable":true,"href":"https:\/\/www.otiumhome.fi\/index.php\/wp-json\/wp\/v2\/product_cat?post=198752"},{"taxonomy":"product_tag","embeddable":true,"href":"https:\/\/www.otiumhome.fi\/index.php\/wp-json\/wp\/v2\/product_tag?post=198752"}],"curies":[{"name":"wp","href":"https:\/\/api.w.org\/{rel}","templated":true}]}}