{"id":198721,"date":"2025-12-14T06:42:52","date_gmt":"2025-12-14T06:42:52","guid":{"rendered":"https:\/\/www.otiumhome.fi\/?p=198721"},"modified":"2025-12-25T13:36:35","modified_gmt":"2025-12-25T13:36:35","slug":"lehtiteline-2-pcs-savupahkina-60-x-12-x-30-cm-tekninen-puu","status":"publish","type":"product","link":"https:\/\/www.otiumhome.fi\/index.php\/tuote\/lehtiteline-2-pcs-savupahkina-60-x-12-x-30-cm-tekninen-puu\/","title":{"rendered":"Lehtiteline 2 pcs Savup\u00e4hkin\u00e4 60 x 12 x 30 cm Tekninen puu"},"content":{"rendered":"<p>T\u00e4m\u00e4 moderni sein\u00e4lle asennettava lehtiteline on suunniteltu yksinkertaisuus ja k\u00e4yt\u00e4nn\u00f6llisyys mieless\u00e4, ja se sulautuu mihin tahansa ymp\u00e4rist\u00f6\u00f6n. Tyylik\u00e4s suorakulmainen muoto ja sile\u00e4 pinta luovat puhtaan, modernin ilmeen, tehden siit\u00e4 t\u00e4ydellisen vaihtoehdon moderneihin koteihin. Se on loistava tapa j\u00e4rjest\u00e4\u00e4 kirjallisuutta ilman, ett\u00e4 se vie lattiatilaa, joten se on loistava valinta sek\u00e4 tyylitietoiseen ett\u00e4 k\u00e4yt\u00e4nn\u00f6lliseen s\u00e4ilytykseen.<\/p>\n<ul><\/br> <\/p>\n<li><b>Kest\u00e4v\u00e4 rakenne<\/b> T\u00e4m\u00e4 sein\u00e4lle asennettava lehtiteline on valmistettu kest\u00e4v\u00e4st\u00e4 materiaalista, joka kest\u00e4\u00e4 p\u00e4ivitt\u00e4ist\u00e4 k\u00e4ytt\u00f6\u00e4 ja n\u00e4ytt\u00e4\u00e4 hyv\u00e4lt\u00e4. Olipa se olohuoneessa tai rauhallisessa nurkassa, se t\u00e4ytt\u00e4\u00e4 teht\u00e4v\u00e4ns\u00e4.<\/li>\n<p><\/br> <\/p>\n<li><b>Tilaa s\u00e4\u00e4st\u00e4v\u00e4<\/b> T\u00e4m\u00e4 teline vapauttaa lattiatilaa, joten se on t\u00e4ydellinen valinta, jos tila on rajallista. Sen avulla voit pit\u00e4\u00e4 tavarat ylh\u00e4\u00e4ll\u00e4 ja j\u00e4rjestellyss\u00e4 tilassa.<\/li>\n<p><\/br> <\/p>\n<li><b>Helppo puhdistaa<\/b> Sile\u00e4n pintansa ansiosta voit helposti pyyhki\u00e4 p\u00f6lyn pois, niin se pysyy aina hyv\u00e4ss\u00e4 kunnossa. V\u00e4lt\u00e4 hankaavia aineita, jotta kaunis viimeistely s\u00e4ilyy.<\/li>\n<p><\/br> <\/p>\n<li><b>Monik\u00e4ytt\u00f6inen<\/b> T\u00e4m\u00e4 lehtiteline soveltuu erinomaisesti monenlaisiin ymp\u00e4rist\u00f6ihin, olipa kyseess\u00e4 toimisto tai rento olohuone. Voit k\u00e4ytt\u00e4\u00e4 sit\u00e4 aikakauslehtiin, papereihin tai kevyisiin kirjoihin, joten tila pysyy siistin\u00e4 ja j\u00e4rjestyksess\u00e4.<\/li>\n<p><\/br> <\/p>\n<li><b>Helppo kokoaminen<\/b> Kokoaminen sujuu kahden henkil\u00f6n avustuksella ja ruuvimeisselill\u00e4. Selke\u00e4t ohjeet tekev\u00e4t siit\u00e4 vaivatonta, ja pian voit nauttia sen hy\u00f6dyist\u00e4. Kun se on asennettu, se tuo k\u00e4yt\u00e4nn\u00f6llisyyden ja modernin ilmeen elintilaan.<\/li>\n<p><\/br><\/ul>\n<ul>\n<li>V\u00e4ri: Savup\u00e4hkin\u00e4<\/li>\n<li>Materiaali: Tekninen puu<\/li>\n<li>Yleiset mitat: 60 x 12 x 30 cm (P x L x K)<\/li>\n<li>Paino: 4,46 kg<\/li>\n<li>Kest\u00e4v\u00e4<\/li>\n<li>Monipuolinen k\u00e4ytt\u00f6<\/li>\n<li>Helppo puhdistaa<\/li>\n<li>Mukana 2 levyhyllyt<\/li>\n<li>Kehysmateriaali: Tekninen puu<\/li>\n<li>Enimm\u00e4ispaino: 40 kg<\/li>\n<li>Vain sis\u00e4k\u00e4ytt\u00f6\u00f6n<\/li>\n<li>Toimitus-:<\/li>\n<li>2 x Lehden teline<\/li>\n<li>Kokoonpano vaaditaan: Kyll\u00e4<\/li>\n<\/ul>\n","protected":false},"excerpt":{"rendered":"<ul>\n<li>V\u00e4ri: Savup\u00e4hkin\u00e4<\/li>\n<li>Materiaali: Tekninen puu<\/li>\n<li>Yleiset mitat: 60 x 12 x 30 cm (P x L x K)<\/li>\n<li>Paino: 4,46 kg<\/li>\n<li>Kest\u00e4v\u00e4<\/li>\n<li>Monipuolinen k\u00e4ytt\u00f6<\/li>\n<li>Helppo puhdistaa<\/li>\n<li>Mukana 2 levyhyllyt<\/li>\n<li>Kehysmateriaali: Tekninen puu<\/li>\n<li>Enimm\u00e4ispaino: 40 kg<\/li>\n<li>Vain sis\u00e4k\u00e4ytt\u00f6\u00f6n<\/li>\n<li>Toimitus-:<\/li>\n<li>2 x Lehden teline<\/li>\n<li>Kokoonpano vaaditaan: Kyll\u00e4<\/li>\n<\/ul>\n","protected":false},"featured_media":100000198721,"comment_status":"closed","ping_status":"closed","template":"","meta":[],"product_brand":[],"product_cat":[84,8650],"product_tag":[],"class_list":{"0":"post-198721","1":"product","2":"type-product","3":"status-publish","4":"has-post-thumbnail","6":"product_cat-huonekalut","7":"product_cat-lehtitelineet","9":"first","10":"instock","11":"taxable","12":"shipping-taxable","13":"purchasable","14":"product-type-simple"},"_links":{"self":[{"href":"https:\/\/www.otiumhome.fi\/index.php\/wp-json\/wp\/v2\/product\/198721","targetHints":{"allow":["GET"]}}],"collection":[{"href":"https:\/\/www.otiumhome.fi\/index.php\/wp-json\/wp\/v2\/product"}],"about":[{"href":"https:\/\/www.otiumhome.fi\/index.php\/wp-json\/wp\/v2\/types\/product"}],"replies":[{"embeddable":true,"href":"https:\/\/www.otiumhome.fi\/index.php\/wp-json\/wp\/v2\/comments?post=198721"}],"wp:featuredmedia":[{"embeddable":true,"href":"https:\/\/www.otiumhome.fi\/index.php\/wp-json\/"}],"wp:attachment":[{"href":"https:\/\/www.otiumhome.fi\/index.php\/wp-json\/wp\/v2\/media?parent=198721"}],"wp:term":[{"taxonomy":"product_brand","embeddable":true,"href":"https:\/\/www.otiumhome.fi\/index.php\/wp-json\/wp\/v2\/product_brand?post=198721"},{"taxonomy":"product_cat","embeddable":true,"href":"https:\/\/www.otiumhome.fi\/index.php\/wp-json\/wp\/v2\/product_cat?post=198721"},{"taxonomy":"product_tag","embeddable":true,"href":"https:\/\/www.otiumhome.fi\/index.php\/wp-json\/wp\/v2\/product_tag?post=198721"}],"curies":[{"name":"wp","href":"https:\/\/api.w.org\/{rel}","templated":true}]}}