{"id":198688,"date":"2025-12-14T06:42:33","date_gmt":"2025-12-14T06:42:33","guid":{"rendered":"https:\/\/www.otiumhome.fi\/?p=198688"},"modified":"2025-12-25T13:36:44","modified_gmt":"2025-12-25T13:36:44","slug":"lehtiteline-hyllylla-sonoman-tammi-35-x-35-x-45-cm-tekninen-puu","status":"publish","type":"product","link":"https:\/\/www.otiumhome.fi\/index.php\/tuote\/lehtiteline-hyllylla-sonoman-tammi-35-x-35-x-45-cm-tekninen-puu\/","title":{"rendered":"Lehtiteline hyllyll\u00e4 Sonoman tammi 35 x 35 x 45 cm Tekninen puu"},"content":{"rendered":"<p>T\u00e4m\u00e4 puinen lehtiteline yhdist\u00e4\u00e4 tyylin ja k\u00e4yt\u00e4nn\u00f6llisyyden saumattomasti, mik\u00e4 tekee siit\u00e4 pakollisen lis\u00e4n nykyaikaisiin asuntoihin. Suorakaiteen muotoinen rakennetta ja kest\u00e4v\u00e4 tekninen puu luovat modernin ilmeen ja tarjoavat k\u00e4yt\u00e4nn\u00f6n ratkaisun lehtien, kirjojen ja asiakirjojen j\u00e4rjest\u00e4miseen. Teline n\u00e4ytt\u00e4\u00e4 siistilt\u00e4 ja tyylikk\u00e4\u00e4lt\u00e4 jokaisessa huoneessa, ja sen yksinkertainen design sopii loistavasti kotiin tai toimistoon.<\/p>\n<ul>\n<li><b>Tekninen puu<\/b> T\u00e4st\u00e4 kest\u00e4v\u00e4st\u00e4 teknisest\u00e4 puusta valmistettu lehtiteline kest\u00e4\u00e4 p\u00e4ivitt\u00e4ist\u00e4 k\u00e4ytt\u00f6\u00e4 ja n\u00e4ytt\u00e4\u00e4 silti tyylikk\u00e4\u00e4lt\u00e4. Se tarjoaa luonnollisen puun kauniin ulkon\u00e4\u00f6n parhaimmillaan, varmistaen, ett\u00e4 saat sek\u00e4 tyylikk\u00e4\u00e4n ett\u00e4 pitk\u00e4ik\u00e4isen ratkaisun.<\/li>\n<li><b>Suorakaiteen muoto<\/b> T\u00e4m\u00e4 k\u00e4yt\u00e4nn\u00f6llinen suorakaiteen muoto maksimoi s\u00e4ilytystilan ja vie vain v\u00e4h\u00e4n lattiatilaa. Muoto t\u00e4ydent\u00e4\u00e4 moderneja sisustuksia ja sopii hyvin joka huoneeseen. Sen hillitty, mutta tyylik\u00e4s muoto menee moneen tyyliin, minimalistisesta eklektiseen.<\/li>\n<li><b>Monipuolinen k\u00e4ytt\u00f6<\/b> Suorakaiteen muotoilu tarjoaa runsaasti tilaa lehdille, kirjoille ja toimistopapereille. Telineen joustavuus tekee siit\u00e4 k\u00e4tev\u00e4n moneen eri k\u00e4ytt\u00f6\u00f6n olohuoneissa, kotitoimistoissa tai liiketiloissa.<\/li>\n<li><b>Yksinkertainen kokoaminen<\/b> T\u00e4m\u00e4 teline on helppo koota, tarvitset vain ruuvimeisselin ja kaksi kaveria. Selke\u00e4t ohjeet auttavat sinua kokoonpanossa, joten p\u00e4\u00e4set nauttimaan uudesta s\u00e4ilytysratkaisustasi ilman mutkia.<\/li>\n<li><b>Helppo puhdistaa<\/b> Telineen hoitaminen on helppoa sileiden pintojen vuoksi. Pyyhi vain kostealla liinalla, unohda voimakkaat kemikaalit ja hankaavat aineet, niin se on pitk\u00e4\u00e4n siistin n\u00e4k\u00f6inen.<\/li>\n<\/ul>\n<ul>\n<li>V\u00e4ri: Sonoman tammi<\/li>\n<li>Materiaali: Tekninen puu<\/li>\n<li>Yleiset mitat: 35 x 35 x 45 cm (P x L x K)<\/li>\n<li>Paino: 5,65 kg<\/li>\n<li>Kest\u00e4v\u00e4<\/li>\n<li>Monipuolinen k\u00e4ytt\u00f6<\/li>\n<li>Helppo puhdistaa<\/li>\n<li>Mukana 3 levyhyllyt<\/li>\n<li>Kehysmateriaali: Tekninen puu<\/li>\n<li>Vain sis\u00e4k\u00e4ytt\u00f6\u00f6n<\/li>\n<li>Toimitus-:<\/li>\n<li>1 x Lehtiteline<\/li>\n<li>Kokoonpano vaaditaan: Kyll\u00e4<\/li>\n<\/ul>\n","protected":false},"excerpt":{"rendered":"<ul>\n<li>V\u00e4ri: Sonoman tammi<\/li>\n<li>Materiaali: Tekninen puu<\/li>\n<li>Yleiset mitat: 35 x 35 x 45 cm (P x L x K)<\/li>\n<li>Paino: 5,65 kg<\/li>\n<li>Kest\u00e4v\u00e4<\/li>\n<li>Monipuolinen k\u00e4ytt\u00f6<\/li>\n<li>Helppo puhdistaa<\/li>\n<li>Mukana 3 levyhyllyt<\/li>\n<li>Kehysmateriaali: Tekninen puu<\/li>\n<li>Vain sis\u00e4k\u00e4ytt\u00f6\u00f6n<\/li>\n<li>Toimitus-:<\/li>\n<li>1 x Lehtiteline<\/li>\n<li>Kokoonpano vaaditaan: Kyll\u00e4<\/li>\n<\/ul>\n","protected":false},"featured_media":100000198688,"comment_status":"closed","ping_status":"closed","template":"","meta":[],"product_brand":[],"product_cat":[84,8650],"product_tag":[],"class_list":{"0":"post-198688","1":"product","2":"type-product","3":"status-publish","4":"has-post-thumbnail","6":"product_cat-huonekalut","7":"product_cat-lehtitelineet","9":"first","10":"instock","11":"taxable","12":"shipping-taxable","13":"purchasable","14":"product-type-simple"},"_links":{"self":[{"href":"https:\/\/www.otiumhome.fi\/index.php\/wp-json\/wp\/v2\/product\/198688","targetHints":{"allow":["GET"]}}],"collection":[{"href":"https:\/\/www.otiumhome.fi\/index.php\/wp-json\/wp\/v2\/product"}],"about":[{"href":"https:\/\/www.otiumhome.fi\/index.php\/wp-json\/wp\/v2\/types\/product"}],"replies":[{"embeddable":true,"href":"https:\/\/www.otiumhome.fi\/index.php\/wp-json\/wp\/v2\/comments?post=198688"}],"wp:featuredmedia":[{"embeddable":true,"href":"https:\/\/www.otiumhome.fi\/index.php\/wp-json\/"}],"wp:attachment":[{"href":"https:\/\/www.otiumhome.fi\/index.php\/wp-json\/wp\/v2\/media?parent=198688"}],"wp:term":[{"taxonomy":"product_brand","embeddable":true,"href":"https:\/\/www.otiumhome.fi\/index.php\/wp-json\/wp\/v2\/product_brand?post=198688"},{"taxonomy":"product_cat","embeddable":true,"href":"https:\/\/www.otiumhome.fi\/index.php\/wp-json\/wp\/v2\/product_cat?post=198688"},{"taxonomy":"product_tag","embeddable":true,"href":"https:\/\/www.otiumhome.fi\/index.php\/wp-json\/wp\/v2\/product_tag?post=198688"}],"curies":[{"name":"wp","href":"https:\/\/api.w.org\/{rel}","templated":true}]}}