{"id":198543,"date":"2025-12-14T05:39:23","date_gmt":"2025-12-14T05:39:23","guid":{"rendered":"https:\/\/www.otiumhome.fi\/?p=198543"},"modified":"2025-12-19T04:52:36","modified_gmt":"2025-12-19T04:52:36","slug":"ruokatuolit-2-pcs-vaaleanruskea-54-x-57-x-73-cm","status":"publish","type":"product","link":"https:\/\/www.otiumhome.fi\/index.php\/tuote\/ruokatuolit-2-pcs-vaaleanruskea-54-x-57-x-73-cm\/","title":{"rendered":"Ruokatuolit 2 pcs Vaaleanruskea 54 x 57 x 73 cm"},"content":{"rendered":"<p>N\u00e4\u00e4 ruokatuolit tuo modernia eleganssia, yhdist\u00e4\u00e4 yksinkertaisuuden ja k\u00e4yt\u00e4nn\u00f6llisyyden mihin tahansa ruokailuhuoneeseen. Ne on suunniteltu puhtain, minimalistisin linjoin, ja ne tuo mukaan ripauksen arvokkuutta sulautuen helposti erilaisiin sisustustyyleihin. Suorat pinnat ja vahva rakenne heijastaa ajattomuutta, joka antaa rauhassa sy\u00f6d\u00e4 ja keskustella yhdess\u00e4.<\/p>\n<ul><\/br><\/p>\n<li><b>T\u00e4ysi kumipuu -rakenne<\/b> \u2013 N\u00e4\u00e4 tuolit on valmistettu kest\u00e4v\u00e4st\u00e4 kumipuusta, joten ne on tukevat ja kest\u00e4\u00e4 kovaa k\u00e4ytt\u00f6\u00e4 ilman, ett\u00e4 vakaus k\u00e4rsii. Luonnollinen puupinta tuo lis\u00e4\u00e4 kest\u00e4vyytt\u00e4 ja mukavaa n\u00e4ytt\u00e4vyytt\u00e4 ruokailuymp\u00e4rist\u00f6\u00f6n.<\/li>\n<p><\/br><\/p>\n<li><b>Paneelivarsien mukavuus<\/b> \u2013 Jokaisessa tuolissa on leve\u00e4t paneelivarsivarret, jotka on verhoiltu mukavuutta varten pitkien ruokailujen tai y\u00f6my\u00f6h\u00e4isten keskustelujen aikana. Tunne, kuinka tukevuus ja tyyli yhdistyy t\u00e4ydellisesti modernin huonekalusuunnittelun kanssa.<\/li>\n<p><\/br><\/p>\n<li><b>Neli\u00f6jalkamuotoilu<\/b> \u2013 N\u00e4\u00e4 tuolit tuo modernia tyyli\u00e4 ja samalla vahvuutta. K\u00e4yt\u00e4nn\u00f6llisi\u00e4, t\u00e4ydellinen valinta tilatietoisille, jotka haluaa yhdist\u00e4\u00e4 tyylin ja k\u00e4yt\u00e4nn\u00f6llisyyden.<\/li>\n<p><\/br><\/p>\n<li><b>Esitt\u00e4v\u00e4 selk\u00e4pinta<\/b> \u2013 Tyylik\u00e4s, viimeistelty selk\u00e4osa tekee n\u00e4\u00e4 tuolit n\u00e4ytt\u00e4viksi joka kulmalta. T\u00e4\u00e4 ominaisuus antaa mahdollisuuden j\u00e4rjest\u00e4\u00e4 tilaa vapaasti, olipa kyseess\u00e4 t\u00e4ydellinen sommittelu tai rento kiertokulku p\u00f6yd\u00e4n ymp\u00e4ri.<\/li>\n<p><\/br><\/p>\n<li><b>Hoito-ohjeet<\/b> \u2013 Tuolien pit\u00e4miseen siistein\u00e4 ei tarvitse muuta kuin pyyhkiminen kostealla liinalla. T\u00e4\u00e4 on helppoa, ja se takaa pitk\u00e4n k\u00e4ytt\u00f6i\u00e4n ja n\u00e4tin ulkon\u00e4\u00f6n ruokailutilassa.<\/li>\n<p><\/br><\/ul>\n<p><strong>T\u00e4rke\u00e4\u00e4 tiet\u00e4\u00e4:<\/strong><\/p>\n<ul>\n<li>Enimm\u00e4ispaino 110 kg per paikka.<\/li>\n<\/ul>\n<ul>\n<li>V\u00e4ri: Vaaleanruskea<\/li>\n<li>Materiaali: Kest\u00e4v\u00e4 kumipuinen<\/li>\n<li>Kehysmateriaali: T\u00e4ysi kumipuu<\/li>\n<li>Jalat materiaali: T\u00e4ysi kumipuu<\/li>\n<li>Yleiset mitat: 54 x 57 x 73 cm (P x L x K)<\/li>\n<li>Enimm\u00e4ispaino: 110 kg per istuin<\/li>\n<li>Kest\u00e4v\u00e4<\/li>\n<li>Kokoonpano vaaditaan: Kyll\u00e4<\/li>\n<li>Toimitus-:<\/li>\n<li>2 x Ruokailutuolia<\/li>\n<\/ul>\n","protected":false},"excerpt":{"rendered":"<ul>\n<li>V\u00e4ri: Vaaleanruskea<\/li>\n<li>Materiaali: Kest\u00e4v\u00e4 kumipuinen<\/li>\n<li>Kehysmateriaali: T\u00e4ysi kumipuu<\/li>\n<li>Jalat materiaali: T\u00e4ysi kumipuu<\/li>\n<li>Yleiset mitat: 54 x 57 x 73 cm (P x L x K)<\/li>\n<li>Enimm\u00e4ispaino: 110 kg per istuin<\/li>\n<li>Kest\u00e4v\u00e4<\/li>\n<li>Kokoonpano vaaditaan: Kyll\u00e4<\/li>\n<li>Toimitus-:<\/li>\n<li>2 x Ruokailutuolia<\/li>\n<\/ul>\n","protected":false},"featured_media":100000198543,"comment_status":"closed","ping_status":"closed","template":"","meta":[],"product_brand":[],"product_cat":[84,8542],"product_tag":[],"class_list":{"0":"post-198543","1":"product","2":"type-product","3":"status-publish","4":"has-post-thumbnail","6":"product_cat-huonekalut","7":"product_cat-keittion-ruokapoydan-tuolit","9":"first","10":"instock","11":"taxable","12":"shipping-taxable","13":"purchasable","14":"product-type-simple"},"_links":{"self":[{"href":"https:\/\/www.otiumhome.fi\/index.php\/wp-json\/wp\/v2\/product\/198543","targetHints":{"allow":["GET"]}}],"collection":[{"href":"https:\/\/www.otiumhome.fi\/index.php\/wp-json\/wp\/v2\/product"}],"about":[{"href":"https:\/\/www.otiumhome.fi\/index.php\/wp-json\/wp\/v2\/types\/product"}],"replies":[{"embeddable":true,"href":"https:\/\/www.otiumhome.fi\/index.php\/wp-json\/wp\/v2\/comments?post=198543"}],"wp:featuredmedia":[{"embeddable":true,"href":"https:\/\/www.otiumhome.fi\/index.php\/wp-json\/"}],"wp:attachment":[{"href":"https:\/\/www.otiumhome.fi\/index.php\/wp-json\/wp\/v2\/media?parent=198543"}],"wp:term":[{"taxonomy":"product_brand","embeddable":true,"href":"https:\/\/www.otiumhome.fi\/index.php\/wp-json\/wp\/v2\/product_brand?post=198543"},{"taxonomy":"product_cat","embeddable":true,"href":"https:\/\/www.otiumhome.fi\/index.php\/wp-json\/wp\/v2\/product_cat?post=198543"},{"taxonomy":"product_tag","embeddable":true,"href":"https:\/\/www.otiumhome.fi\/index.php\/wp-json\/wp\/v2\/product_tag?post=198543"}],"curies":[{"name":"wp","href":"https:\/\/api.w.org\/{rel}","templated":true}]}}