{"id":198440,"date":"2025-12-09T14:57:50","date_gmt":"2025-12-09T14:57:50","guid":{"rendered":"https:\/\/www.otiumhome.fi\/?p=198440"},"modified":"2025-12-14T17:49:21","modified_gmt":"2025-12-14T17:49:21","slug":"tv-taso-120x30x40-cm-taysi-akaasiapuu","status":"publish","type":"product","link":"https:\/\/www.otiumhome.fi\/index.php\/tuote\/tv-taso-120x30x40-cm-taysi-akaasiapuu\/","title":{"rendered":"TV-taso 120x30x40 cm t\u00e4ysi akaasiapuu"},"content":{"rendered":"<p>Tyylik\u00e4s ja k\u00e4yt\u00e4nn\u00f6llisesti muotoiltu t\u00e4yspuinen TV-taso tulee varmasti olemaan huoneesi keskipiste.<\/p>\n<\/p>\n<p>Vintagetyylinen TV-taso on valmistettu t\u00e4ydest\u00e4 akaasiapuusta. Se on ajaton lis\u00e4 kodin sisustukseen. Kauniista puunsyist\u00e4\u00e4n tunnettu akaasiapuu on trooppinen kovapuu, jota kutsutaan my\u00f6s nimill\u00e4 ruusupuu ja palisanteri. Jokainen valmistusvaihe on tehty erityisen huolella, olipa se sitten kiillotus, maalaus tai lakkaus. Siin\u00e4 on 3 vetolaatikkoa pikkutavaroiden s\u00e4ilytykseen ja avoin lokero multimedialaitteiden, pelikonsoleiden ja aikakauslehtien s\u00e4ilytt\u00e4miseen.<\/p>\n<\/p>\n<p>T\u00e4rke\u00e4 huomio: V\u00e4rit vaihtelevat kappaleesta toiseen, mik\u00e4 tekee jokaisesta TV-tasosta ainutlaatuisen; toimitus on sattumanvarainen.<\/p>\n<ul>\n<li>V\u00e4ri: luonnollinen ja valkoinen<\/li>\n<li>Materiaali: akaasiapuu<\/li>\n<li>Mitat: 120 x 30 x 40 cm (P x L x K)<\/li>\n<li>3 laatikkoa ja avoin osasto<\/li>\n<li>Hiottu, maalattu ja lakattu<\/li>\n<\/ul>\n","protected":false},"excerpt":{"rendered":"<ul>\n<li>V\u00e4ri: luonnollinen ja valkoinen<\/li>\n<li>Materiaali: akaasiapuu<\/li>\n<li>Mitat: 120 x 30 x 40 cm (P x L x K)<\/li>\n<li>3 laatikkoa ja avoin osasto<\/li>\n<li>Hiottu, maalattu ja lakattu<\/li>\n<\/ul>\n","protected":false},"featured_media":100000198440,"comment_status":"closed","ping_status":"closed","template":"","meta":[],"product_brand":[],"product_cat":[84],"product_tag":[],"class_list":{"0":"post-198440","1":"product","2":"type-product","3":"status-publish","4":"has-post-thumbnail","6":"product_cat-huonekalut","8":"first","9":"instock","10":"taxable","11":"shipping-taxable","12":"purchasable","13":"product-type-simple"},"_links":{"self":[{"href":"https:\/\/www.otiumhome.fi\/index.php\/wp-json\/wp\/v2\/product\/198440","targetHints":{"allow":["GET"]}}],"collection":[{"href":"https:\/\/www.otiumhome.fi\/index.php\/wp-json\/wp\/v2\/product"}],"about":[{"href":"https:\/\/www.otiumhome.fi\/index.php\/wp-json\/wp\/v2\/types\/product"}],"replies":[{"embeddable":true,"href":"https:\/\/www.otiumhome.fi\/index.php\/wp-json\/wp\/v2\/comments?post=198440"}],"wp:featuredmedia":[{"embeddable":true,"href":"https:\/\/www.otiumhome.fi\/index.php\/wp-json\/"}],"wp:attachment":[{"href":"https:\/\/www.otiumhome.fi\/index.php\/wp-json\/wp\/v2\/media?parent=198440"}],"wp:term":[{"taxonomy":"product_brand","embeddable":true,"href":"https:\/\/www.otiumhome.fi\/index.php\/wp-json\/wp\/v2\/product_brand?post=198440"},{"taxonomy":"product_cat","embeddable":true,"href":"https:\/\/www.otiumhome.fi\/index.php\/wp-json\/wp\/v2\/product_cat?post=198440"},{"taxonomy":"product_tag","embeddable":true,"href":"https:\/\/www.otiumhome.fi\/index.php\/wp-json\/wp\/v2\/product_tag?post=198440"}],"curies":[{"name":"wp","href":"https:\/\/api.w.org\/{rel}","templated":true}]}}