{"id":198132,"date":"2025-12-09T07:44:56","date_gmt":"2025-12-09T07:44:56","guid":{"rendered":"https:\/\/www.otiumhome.fi\/?p=198132"},"modified":"2025-12-20T11:42:23","modified_gmt":"2025-12-20T11:42:23","slug":"sivupoyta-ovella-valkoinen-pesu-viimeistely-80-x-33-x-75-cm","status":"publish","type":"product","link":"https:\/\/www.otiumhome.fi\/index.php\/tuote\/sivupoyta-ovella-valkoinen-pesu-viimeistely-80-x-33-x-75-cm\/","title":{"rendered":"Sivup\u00f6yt\u00e4 ovella Valkoinen pesu viimeistely 80 x 33 x 75 cm"},"content":{"rendered":"<p>T\u00e4m\u00e4 moderni sivup\u00f6yt\u00e4 yhdist\u00e4\u00e4 tehokkaasti toimivuutta ja tyyli\u00e4 tuoden lis\u00e4\u00e4 ilmett\u00e4 ruokasaliin tai olohuoneeseen. Sen sulava, suorakaiteen muotoinen muotoilu pit\u00e4\u00e4 estetiikan suoraviivaisena ja tyylikk\u00e4\u00e4n\u00e4, t\u00e4ydelliset mango puupinnat tuo luonnollista s\u00e4ihkett\u00e4 kodin sisustukseen. T\u00e4m\u00e4 j\u00e4\u00e4kauden lis\u00e4 tuo t\u00e4ydellisesti kerman p\u00e4\u00e4lle, olitpa sitten j\u00e4rjest\u00e4m\u00e4ss\u00e4 parhaita astioita tai esittelem\u00e4ss\u00e4 rakkaita sisustusjuttuja.<\/p>\n<ul>\n<li><b>Materiaalit:<\/b> Rakennettu t\u00e4ysist\u00e4 mango puusta, t\u00e4m\u00e4 sivup\u00f6yt\u00e4 on sek\u00e4 kaunis ett\u00e4 kest\u00e4v\u00e4. Mango puu tarjoaa tukevan rakenteen pitk\u00e4aikaista k\u00e4ytt\u00f6\u00e4 varten, ja viimeistely parantaa sen hienostunutta ulkon\u00e4k\u00f6\u00e4, lis\u00e4\u00e4m\u00e4ll\u00e4 eleganssia mihin tahansa huoneeseen.<\/li>\n<li><b>Lis\u00e4komponentit:<\/b> Sivup\u00f6yd\u00e4ss\u00e4 on saranoidut ovet ja k\u00e4tev\u00e4t kuppivetimet, mik\u00e4 tekee siit\u00e4 helppok\u00e4ytt\u00f6isen ja turvallisen vaihtoehdon s\u00e4ilytykseen. Neli\u00f6jalka-design tarjoaa vakautta, ja viimeistelty takaosa antaa p\u00f6yd\u00e4lle siistin ilmeen kaikilta kulmilta, mik\u00e4 tekee siit\u00e4 loistavan keskustelunaiheen eri tiloissa.<\/li>\n<li><b>Ominaisuudet \/ Toiminta \/ Suunnittelu:<\/b> Suunniteltu kest\u00e4v\u00e4ksi ja kauniiksi, sivup\u00f6yt\u00e4 yhdist\u00e4\u00e4 modernin estetiikan ja toiminnallisuuden. Strategisesti sijoitetut lokerot varmistavat, ett\u00e4 kaikki tarpeellinen on k\u00e4den ulottuvilla, olipa kyseess\u00e4 arkip\u00e4iv\u00e4iseen k\u00e4ytt\u00f6\u00f6n tai erityistilaisuuksiin.<\/li>\n<li><b>Suositellut k\u00e4ytt\u00f6tavat:<\/b> T\u00e4m\u00e4 sivup\u00f6yt\u00e4 on erityisesti tarkoitettu sis\u00e4tiloihin. Se sointuu t\u00e4ydellisesti ruokasaleihin, olohuoneisiin tai osaksi tyylik\u00e4st\u00e4 kotitoimistoa. Sen mitat 80 x 33.5 x 75 cm tekev\u00e4t siit\u00e4 muunneltavan ja sopeutettavan moneen tyyliin.<\/li>\n<li><b>Hoito ja yll\u00e4pito:<\/b> S\u00e4\u00e4nn\u00f6llinen hoito tarkoittaa p\u00f6lyjen pyyhkimist\u00e4 kuivalla liinalla, jotta mango puupinnat pysyv\u00e4t puhtaina ja kiilt\u00e4vin\u00e4. Pyyhi tahrat heti, ja v\u00e4lt\u00e4 voimakkaita kemikaaleja, jotta sivup\u00f6yd\u00e4n viimeistely s\u00e4ilyy. N\u00e4iden ohjeiden noudattaminen takaa sen kauneuden s\u00e4ilymisen my\u00f6s ajan my\u00f6t\u00e4.<\/li>\n<\/ul>\n<ul>\n<li>V\u00e4ri: Valkoinen pesu viimeistely<\/li>\n<li>Materiaali: Kiinte\u00e4 mango puu<\/li>\n<li>Yleiset mitat: 80 x 33 x 75 cm (P x L x K)<\/li>\n<li>Paino: 20,15 kg<\/li>\n<li>Kest\u00e4v\u00e4<\/li>\n<li>Kehysmateriaali: T\u00e4ysi mangopuu<\/li>\n<li>Mukana 2 saranoidut ovet<\/li>\n<li>Enimm\u00e4ispaino: 60 kg<\/li>\n<li>Vain sis\u00e4k\u00e4ytt\u00f6\u00f6n<\/li>\n<li>Toimitus-:<\/li>\n<li>1 x Sivup\u00f6yt\u00e4<\/li>\n<li>Kokoonpano vaaditaan: Kyll\u00e4<\/li>\n<\/ul>\n","protected":false},"excerpt":{"rendered":"<ul>\n<li>V\u00e4ri: Valkoinen pesu viimeistely<\/li>\n<li>Materiaali: Kiinte\u00e4 mango puu<\/li>\n<li>Yleiset mitat: 80 x 33 x 75 cm (P x L x K)<\/li>\n<li>Paino: 20,15 kg<\/li>\n<li>Kest\u00e4v\u00e4<\/li>\n<li>Kehysmateriaali: T\u00e4ysi mangopuu<\/li>\n<li>Mukana 2 saranoidut ovet<\/li>\n<li>Enimm\u00e4ispaino: 60 kg<\/li>\n<li>Vain sis\u00e4k\u00e4ytt\u00f6\u00f6n<\/li>\n<li>Toimitus-:<\/li>\n<li>1 x Sivup\u00f6yt\u00e4<\/li>\n<li>Kokoonpano vaaditaan: Kyll\u00e4<\/li>\n<\/ul>\n","protected":false},"featured_media":100000198132,"comment_status":"closed","ping_status":"closed","template":"","meta":[],"product_brand":[],"product_cat":[84,8567],"product_tag":[],"class_list":{"0":"post-198132","1":"product","2":"type-product","3":"status-publish","4":"has-post-thumbnail","6":"product_cat-huonekalut","7":"product_cat-medialaitekaapit-telineet","9":"first","10":"instock","11":"taxable","12":"shipping-taxable","13":"purchasable","14":"product-type-simple"},"_links":{"self":[{"href":"https:\/\/www.otiumhome.fi\/index.php\/wp-json\/wp\/v2\/product\/198132","targetHints":{"allow":["GET"]}}],"collection":[{"href":"https:\/\/www.otiumhome.fi\/index.php\/wp-json\/wp\/v2\/product"}],"about":[{"href":"https:\/\/www.otiumhome.fi\/index.php\/wp-json\/wp\/v2\/types\/product"}],"replies":[{"embeddable":true,"href":"https:\/\/www.otiumhome.fi\/index.php\/wp-json\/wp\/v2\/comments?post=198132"}],"wp:featuredmedia":[{"embeddable":true,"href":"https:\/\/www.otiumhome.fi\/index.php\/wp-json\/"}],"wp:attachment":[{"href":"https:\/\/www.otiumhome.fi\/index.php\/wp-json\/wp\/v2\/media?parent=198132"}],"wp:term":[{"taxonomy":"product_brand","embeddable":true,"href":"https:\/\/www.otiumhome.fi\/index.php\/wp-json\/wp\/v2\/product_brand?post=198132"},{"taxonomy":"product_cat","embeddable":true,"href":"https:\/\/www.otiumhome.fi\/index.php\/wp-json\/wp\/v2\/product_cat?post=198132"},{"taxonomy":"product_tag","embeddable":true,"href":"https:\/\/www.otiumhome.fi\/index.php\/wp-json\/wp\/v2\/product_tag?post=198132"}],"curies":[{"name":"wp","href":"https:\/\/api.w.org\/{rel}","templated":true}]}}