{"id":198079,"date":"2025-12-09T06:07:58","date_gmt":"2025-12-09T06:07:58","guid":{"rendered":"https:\/\/www.otiumhome.fi\/?p=198079"},"modified":"2025-12-14T06:21:39","modified_gmt":"2025-12-14T06:21:39","slug":"jakkara-taysi-mahonki","status":"publish","type":"product","link":"https:\/\/www.otiumhome.fi\/index.php\/tuote\/jakkara-taysi-mahonki\/","title":{"rendered":"Jakkara t\u00e4ysi mahonki"},"content":{"rendered":"<p>T\u00e4m\u00e4 tukeva puujakkara on ajaton lis\u00e4 kotiisi.<\/p>\n<\/p>\n<p>T\u00e4ydest\u00e4 mahongista valmistettu jakkara on todella tukeva ja vakaa. Mahonki on trooppinen lehtipuu, joka erottuu kauneudellaan, kest\u00e4vyydell\u00e4\u00e4n ja v\u00e4rill\u00e4\u00e4n. Erityinen k\u00e4sity\u00f6 antaa t\u00e4lle tuotteelle vintage, l\u00e4mpim\u00e4n ja aidon tyylin. Jokainen huonekalu on ainutlaatuinen ja erilainen kuin muut. Kulumisen j\u00e4ljet antavat jokaiselle huonekalulle ainutlaatuisen ulkon\u00e4\u00f6n ja korostavat sen upeaa vintagetyyli\u00e4.<\/p>\n<\/p>\n<p>Jokainen ty\u00f6vaihe on tehty eritt\u00e4in huolellisesti.<\/p>\n<\/p>\n<p>T\u00e4rke\u00e4 huomio: V\u00e4rit saattavat vaihdella kappaleittain, tehden jokaisesta baarijakkarasta ainutlaatuisen. Toimitus on satunnainen, joten tuotteesi on t\u00e4ysin ainutlaatuinen.<\/p>\n<ul>\n<li>Materiaali: t\u00e4ysmahonki<\/li>\n<li>Mitat: 28 x 28 x 40 cm (L x S x K)<\/li>\n<li>K\u00e4sintehty<\/li>\n<\/ul>\n","protected":false},"excerpt":{"rendered":"<ul>\n<li>Materiaali: t\u00e4ysmahonki<\/li>\n<li>Mitat: 28 x 28 x 40 cm (L x S x K)<\/li>\n<li>K\u00e4sintehty<\/li>\n<\/ul>\n","protected":false},"featured_media":100000198079,"comment_status":"closed","ping_status":"closed","template":"","meta":[],"product_brand":[],"product_cat":[84,8558],"product_tag":[],"class_list":{"0":"post-198079","1":"product","2":"type-product","3":"status-publish","4":"has-post-thumbnail","6":"product_cat-huonekalut","7":"product_cat-kokoontaitettavat-tuolit-jakkarat","9":"first","10":"instock","11":"taxable","12":"shipping-taxable","13":"purchasable","14":"product-type-simple"},"_links":{"self":[{"href":"https:\/\/www.otiumhome.fi\/index.php\/wp-json\/wp\/v2\/product\/198079","targetHints":{"allow":["GET"]}}],"collection":[{"href":"https:\/\/www.otiumhome.fi\/index.php\/wp-json\/wp\/v2\/product"}],"about":[{"href":"https:\/\/www.otiumhome.fi\/index.php\/wp-json\/wp\/v2\/types\/product"}],"replies":[{"embeddable":true,"href":"https:\/\/www.otiumhome.fi\/index.php\/wp-json\/wp\/v2\/comments?post=198079"}],"wp:featuredmedia":[{"embeddable":true,"href":"https:\/\/www.otiumhome.fi\/index.php\/wp-json\/"}],"wp:attachment":[{"href":"https:\/\/www.otiumhome.fi\/index.php\/wp-json\/wp\/v2\/media?parent=198079"}],"wp:term":[{"taxonomy":"product_brand","embeddable":true,"href":"https:\/\/www.otiumhome.fi\/index.php\/wp-json\/wp\/v2\/product_brand?post=198079"},{"taxonomy":"product_cat","embeddable":true,"href":"https:\/\/www.otiumhome.fi\/index.php\/wp-json\/wp\/v2\/product_cat?post=198079"},{"taxonomy":"product_tag","embeddable":true,"href":"https:\/\/www.otiumhome.fi\/index.php\/wp-json\/wp\/v2\/product_tag?post=198079"}],"curies":[{"name":"wp","href":"https:\/\/api.w.org\/{rel}","templated":true}]}}