{"id":197929,"date":"2025-12-04T20:07:36","date_gmt":"2025-12-04T20:07:36","guid":{"rendered":"https:\/\/www.otiumhome.fi\/?p=197929"},"modified":"2025-12-05T04:48:29","modified_gmt":"2025-12-05T04:48:29","slug":"5-paneelinen-tilanjakaja-vaaleanharmaa-350x180-cm","status":"publish","type":"product","link":"https:\/\/www.otiumhome.fi\/index.php\/tuote\/5-paneelinen-tilanjakaja-vaaleanharmaa-350x180-cm\/","title":{"rendered":"5-Paneelinen tilanjakaja vaaleanharmaa 350&#215;180 cm"},"content":{"rendered":"<p>T\u00e4m\u00e4 tilanjakaja on t\u00e4ydellinen erillisen, yksityisen alueen tai osan luomiseksi sis\u00e4- tai ulkotiloissa.<\/p>\n<\/p>\n<ul>\n<li>Kest\u00e4v\u00e4 materiaali: T\u00e4ysi akasiapuu on kaunis luonnonmateriaali. Akasiapuu on tihe\u00e4syinen, tukeva ja kest\u00e4v\u00e4 trooppinen lehtipuu. Luja textilene kangas on my\u00f6s s\u00e4\u00e4nkest\u00e4v\u00e4 ja helppo puhdistaa.<\/li>\n<li>Joustava ja helppo taittaa: Jokainen osio on yhdistetty toisiinsa galvanoiduilla saranoilla. Ne voidaan helposti taittaa jonkin verran tilan s\u00e4\u00e4st\u00f6tarpeidesi mukaan.<\/li>\n<li>Useita toimintoja: T\u00e4t\u00e4 tilanjakajaa voidaan k\u00e4ytt\u00e4\u00e4 koristeena tai tilanjakajana. Se on t\u00e4ydellinen erottamaan erillinen yksityinen tila tai ylim\u00e4\u00e4r\u00e4isen huoneen luomiseen.<\/li>\n<\/ul>\n<ul>\n<li>V\u00e4ri: Vaaleanharmaa<\/li>\n<li>Materiaali: \u00f6ljytty t\u00e4ysi akaasiapuu, textilene<\/li>\n<li>Kokonaismitat: 350 x 180 cm (L x K)<\/li>\n<li>Kunkin paneelin koko: 70 x 180 cm (L x K)<\/li>\n<li>Puurungon paksuus: 2,5 cm<\/li>\n<li>Sopii sek\u00e4 sis\u00e4- ett\u00e4 ulkok\u00e4ytt\u00f6\u00f6n<\/li>\n<li>Asennus vaaditaan: Kyll\u00e4<\/li>\n<\/ul>\n","protected":false},"excerpt":{"rendered":"<ul>\n<li>V\u00e4ri: Vaaleanharmaa<\/li>\n<li>Materiaali: \u00f6ljytty t\u00e4ysi akaasiapuu, textilene<\/li>\n<li>Kokonaismitat: 350 x 180 cm (L x K)<\/li>\n<li>Kunkin paneelin koko: 70 x 180 cm (L x K)<\/li>\n<li>Puurungon paksuus: 2,5 cm<\/li>\n<li>Sopii sek\u00e4 sis\u00e4- ett\u00e4 ulkok\u00e4ytt\u00f6\u00f6n<\/li>\n<li>Asennus vaaditaan: Kyll\u00e4<\/li>\n<\/ul>\n","protected":false},"featured_media":100000197929,"comment_status":"closed","ping_status":"closed","template":"","meta":[],"product_brand":[],"product_cat":[84],"product_tag":[],"class_list":{"0":"post-197929","1":"product","2":"type-product","3":"status-publish","4":"has-post-thumbnail","6":"product_cat-huonekalut","8":"first","9":"instock","10":"taxable","11":"shipping-taxable","12":"purchasable","13":"product-type-simple"},"_links":{"self":[{"href":"https:\/\/www.otiumhome.fi\/index.php\/wp-json\/wp\/v2\/product\/197929","targetHints":{"allow":["GET"]}}],"collection":[{"href":"https:\/\/www.otiumhome.fi\/index.php\/wp-json\/wp\/v2\/product"}],"about":[{"href":"https:\/\/www.otiumhome.fi\/index.php\/wp-json\/wp\/v2\/types\/product"}],"replies":[{"embeddable":true,"href":"https:\/\/www.otiumhome.fi\/index.php\/wp-json\/wp\/v2\/comments?post=197929"}],"wp:featuredmedia":[{"embeddable":true,"href":"https:\/\/www.otiumhome.fi\/index.php\/wp-json\/"}],"wp:attachment":[{"href":"https:\/\/www.otiumhome.fi\/index.php\/wp-json\/wp\/v2\/media?parent=197929"}],"wp:term":[{"taxonomy":"product_brand","embeddable":true,"href":"https:\/\/www.otiumhome.fi\/index.php\/wp-json\/wp\/v2\/product_brand?post=197929"},{"taxonomy":"product_cat","embeddable":true,"href":"https:\/\/www.otiumhome.fi\/index.php\/wp-json\/wp\/v2\/product_cat?post=197929"},{"taxonomy":"product_tag","embeddable":true,"href":"https:\/\/www.otiumhome.fi\/index.php\/wp-json\/wp\/v2\/product_tag?post=197929"}],"curies":[{"name":"wp","href":"https:\/\/api.w.org\/{rel}","templated":true}]}}

<p>Tämä tilanjakaja on täydellinen erillisen, yksityisen alueen tai osan luomiseksi sisä- tai ulkotiloissa.</p>
</p>
<ul>
<li>Kestävä materiaali: Täysi akasiapuu on kaunis luonnonmateriaali. Akasiapuu on tiheäsyinen, tukeva ja kestävä trooppinen lehtipuu. Luja textilene kangas on myös säänkestävä ja helppo puhdistaa.</li>
<li>Joustava ja helppo taittaa: Jokainen osio on yhdistetty toisiinsa galvanoiduilla saranoilla. Ne voidaan helposti taittaa jonkin verran tilan säästötarpeidesi mukaan.</li>
<li>Useita toimintoja: Tätä tilanjakajaa voidaan käyttää koristeena tai tilanjakajana. Se on täydellinen erottamaan erillinen yksityinen tila tai ylimääräisen huoneen luomiseen.</li>
</ul>
<ul>
<li>Väri: Vaaleanharmaa</li>
<li>Materiaali: öljytty täysi akaasiapuu, textilene</li>
<li>Kokonaismitat: 350 x 180 cm (L x K)</li>
<li>Kunkin paneelin koko: 70 x 180 cm (L x K)</li>
<li>Puurungon paksuus: 2,5 cm</li>
<li>Sopii sekä sisä- että ulkokäyttöön</li>
<li>Asennus vaaditaan: Kyllä</li>
</ul>

<ul>
<li>Väri: Vaaleanharmaa</li>
<li>Materiaali: öljytty täysi akaasiapuu, textilene</li>
<li>Kokonaismitat: 350 x 180 cm (L x K)</li>
<li>Kunkin paneelin koko: 70 x 180 cm (L x K)</li>
<li>Puurungon paksuus: 2,5 cm</li>
<li>Sopii sekä sisä- että ulkokäyttöön</li>
<li>Asennus vaaditaan: Kyllä</li>
</ul>
