{"id":197621,"date":"2025-12-04T04:04:13","date_gmt":"2025-12-04T04:04:13","guid":{"rendered":"https:\/\/www.otiumhome.fi\/?p=197621"},"modified":"2025-12-06T11:45:12","modified_gmt":"2025-12-06T11:45:12","slug":"seinahyllyt-4-kpl-savutammi-80x20x15-cm-tekninen-puu","status":"publish","type":"product","link":"https:\/\/www.otiumhome.fi\/index.php\/tuote\/seinahyllyt-4-kpl-savutammi-80x20x15-cm-tekninen-puu\/","title":{"rendered":"Sein\u00e4hyllyt 4 kpl savutammi 80x20x1,5 cm tekninen puu"},"content":{"rendered":"<p>Tarvitsetko lis\u00e4\u00e4 s\u00e4ilytysvaihtoehtoja, mutta sinulla ei ole ylim\u00e4\u00e4r\u00e4ist\u00e4 tilaa? N\u00e4m\u00e4 sein\u00e4hyllyt ovat siihen t\u00e4ydellinen ratkaisu.<\/p>\n<\/p>\n<ul>\n<li>Kest\u00e4v\u00e4 materiaali: N\u00e4m\u00e4 kelluvat hyllyt on valmistettu teknisest\u00e4 puusta, joka on poikkeuksellisen laadukasta ja sile\u00e4pintaista. Se on my\u00f6s luja, vakaa ja kosteudelle vastustuskykyinen materiaali.<\/li>\n<li>Monik\u00e4ytt\u00f6inen sein\u00e4hylly: Sein\u00e4lle kiinnitett\u00e4v\u00e4 hylly on tarkoitettu sek\u00e4 kodin sisustamiseen ett\u00e4 s\u00e4ilytykseen. Sen avulla voit asettaa esille kokoelmat, kirjat, kehystetyt valokuvat tai CD-levyt eri huoneisiin, kuten olohuoneeseen, toimistoon tai ty\u00f6huoneeseen.<\/li>\n<li>Joustava muotoilu: Sein\u00e4hyllyt voidaan j\u00e4rjest\u00e4\u00e4 eri tavoin mieltymystesi mukaan. Ne sopivat huoneisiin, joissa on useita sisustustyylej\u00e4 ja ne tuovat lis\u00e4\u00e4 kauneutta tiloihisi.<\/li>\n<li>Helposti puhdistettava pinta: Sile\u00e4 sein\u00e4hylly on helppo puhdistaa kostealla liinalla.<\/li>\n<\/ul>\n<p>Hyv\u00e4 tiet\u00e4\u00e4:<\/p>\n<ul>\n<li>Sein\u00e4\u00e4n kiinnitett\u00e4v\u00e4t ruuvit ja tulpat eiv\u00e4t sis\u00e4lly toimitukseen. Suosittelemme etsim\u00e4\u00e4n ja k\u00e4ytt\u00e4m\u00e4\u00e4n sein\u00e4\u00e4si sopivia ruuveja ja tulppia. Jos olet ep\u00e4varma, kysy ammattilaisen neuvoa. Lue ja noudata ohjeiden jokaista vaihetta.<\/li>\n<\/ul>\n<ul>\n<li>V\u00e4ri: savutammi<\/li>\n<li>Materiaali: Tekninen puu<\/li>\n<li>Mitat: 80 x 20 x 1,5 cm (P x L x Paks.)<\/li>\n<li>Maksimikantavuus (hylly\u00e4 kohti): 15 kg<\/li>\n<li><strong>Toimitus sis\u00e4lt\u00e4\u00e4:<\/strong><\/li>\n<li>4 x sein\u00e4hylly<\/li>\n<\/ul>\n","protected":false},"excerpt":{"rendered":"<ul>\n<li>V\u00e4ri: savutammi<\/li>\n<li>Materiaali: Tekninen puu<\/li>\n<li>Mitat: 80 x 20 x 1,5 cm (P x L x Paks.)<\/li>\n<li>Maksimikantavuus (hylly\u00e4 kohti): 15 kg<\/li>\n<li><strong>Toimitus sis\u00e4lt\u00e4\u00e4:<\/strong><\/li>\n<li>4 x sein\u00e4hylly<\/li>\n<\/ul>\n","protected":false},"featured_media":100000197621,"comment_status":"closed","ping_status":"closed","template":"","meta":[],"product_brand":[],"product_cat":[84],"product_tag":[],"class_list":{"0":"post-197621","1":"product","2":"type-product","3":"status-publish","4":"has-post-thumbnail","6":"product_cat-huonekalut","8":"first","9":"outofstock","10":"taxable","11":"shipping-taxable","12":"purchasable","13":"product-type-simple"},"_links":{"self":[{"href":"https:\/\/www.otiumhome.fi\/index.php\/wp-json\/wp\/v2\/product\/197621","targetHints":{"allow":["GET"]}}],"collection":[{"href":"https:\/\/www.otiumhome.fi\/index.php\/wp-json\/wp\/v2\/product"}],"about":[{"href":"https:\/\/www.otiumhome.fi\/index.php\/wp-json\/wp\/v2\/types\/product"}],"replies":[{"embeddable":true,"href":"https:\/\/www.otiumhome.fi\/index.php\/wp-json\/wp\/v2\/comments?post=197621"}],"wp:featuredmedia":[{"embeddable":true,"href":"https:\/\/www.otiumhome.fi\/index.php\/wp-json\/"}],"wp:attachment":[{"href":"https:\/\/www.otiumhome.fi\/index.php\/wp-json\/wp\/v2\/media?parent=197621"}],"wp:term":[{"taxonomy":"product_brand","embeddable":true,"href":"https:\/\/www.otiumhome.fi\/index.php\/wp-json\/wp\/v2\/product_brand?post=197621"},{"taxonomy":"product_cat","embeddable":true,"href":"https:\/\/www.otiumhome.fi\/index.php\/wp-json\/wp\/v2\/product_cat?post=197621"},{"taxonomy":"product_tag","embeddable":true,"href":"https:\/\/www.otiumhome.fi\/index.php\/wp-json\/wp\/v2\/product_tag?post=197621"}],"curies":[{"name":"wp","href":"https:\/\/api.w.org\/{rel}","templated":true}]}}