{"id":197478,"date":"2025-11-29T14:44:52","date_gmt":"2025-11-29T14:44:52","guid":{"rendered":"https:\/\/www.otiumhome.fi\/?p=197478"},"modified":"2025-12-23T22:09:42","modified_gmt":"2025-12-23T22:09:42","slug":"tv-seinakkeet-led-nauhavalot-vanha-puu-tekninen-puu","status":"publish","type":"product","link":"https:\/\/www.otiumhome.fi\/index.php\/tuote\/tv-seinakkeet-led-nauhavalot-vanha-puu-tekninen-puu\/","title":{"rendered":"TV-sein\u00e4kkeet LED -nauhavalot Vanha Puu Tekninen puu"},"content":{"rendered":"<p>T\u00e4m\u00e4 neliosainen TV-sein\u00e4yksikk\u00f6 yhdist\u00e4\u00e4 modernin tyylin ja kest\u00e4vyysominaisuudet, toimiessaan keskeisen\u00e4 osana olohuonettasi. Hienostuneen suorakulmaisen muotoilun ansiosta se auttaa sinua organisoimaan ja yksinkertaistamaan viihdetilasi, tarjoten tyylikk\u00e4\u00e4n ratkaisun multimedia- ja koriste-esineiden s\u00e4ilytt\u00e4miseen.<\/p>\n<ul>\n<li><b>Tekninen puu<\/b> parantaa kest\u00e4vyytt\u00e4 ja tarjoaa edullisen, kevyen vaihtoehdon, joka tukee hyllyj\u00e4rjestelm\u00e4\u00e4 tehokkaasti. Korkealaatuinen tekninen puu varmistaa luotettavan pitk\u00e4aikaisen k\u00e4yt\u00f6n, s\u00e4ilytt\u00e4en ulkon\u00e4k\u00f6ns\u00e4 ja toimintonsa vaivattomasti ajan my\u00f6t\u00e4.<\/li>\n<li><b>LED-nauhalamput<\/b> t\u00e4m\u00e4n yksik\u00f6n mukana luovat ymp\u00e4rist\u00f6n tunnelmaa moniv\u00e4rivalinnoilla. N\u00e4m\u00e4 valot parantavat varaston esineiden visuaalisuutta samalla, kun ne mahdollistavat joustavat muutokset, jotka vastaavat mielialaasi tai tilaisuutta, muuttaen elintilasi houkuttelevaksi ymp\u00e4rist\u00f6ksi.<\/li>\n<li><b>Saranoidut ovet<\/b> tarjoavat helpon p\u00e4\u00e4syn suljettuihin tiloihin, pit\u00e4en tavarat turvassa ja suojassa. N\u00e4m\u00e4 teknisen puun ovet tuovat tyylik\u00e4st\u00e4 ilmett\u00e4 samalla kun ne ovat k\u00e4yt\u00e4nn\u00f6llisi\u00e4 tavaroiden s\u00e4ilytt\u00e4miseen p\u00f6lyn ja p\u00e4ivitt\u00e4isten h\u00e4iri\u00f6tekij\u00f6iden ulkopuolella.<\/li>\n<li><b>Tilaa s\u00e4\u00e4st\u00e4v\u00e4 sein\u00e4kiinnitys<\/b> takaa vakauden ja maksimoi huoneen k\u00e4yt\u00f6n, t\u00e4ydellinen nykyajan kompakteihin asuintiloihin. Yksikk\u00f6 voidaan kiinnitt\u00e4\u00e4 mukana toimitettavilla kiinnikkeill\u00e4, mik\u00e4 lis\u00e4\u00e4 siisteytt\u00e4 ja j\u00e4rjestyst\u00e4 sis\u00e4tiloihisi.<\/li>\n<li><b>Yksinkertaiset hoito-ohjeet<\/b> suosittelevat hell\u00e4varaista pyyhint\u00e4\u00e4 kostealla liinalla. T\u00e4m\u00e4 s\u00e4ilytt\u00e4\u00e4 yksik\u00f6n pinnan, v\u00e4ltt\u00e4en voimakkaita kemikaaleja tai hankausaineita varmistaakseen, ett\u00e4 sen tyylik\u00e4s ilme s\u00e4ilyy tehokkaasti.<\/li>\n<\/ul>\n<ul>\n<li>V\u00e4ri: Vanha puu<\/li>\n<li>Materiaali: Tekninen puu<\/li>\n<li>Mukana 2 saranoidut ovet<\/li>\n<li>Mukana levyhyllyt<\/li>\n<li>Valotyyppi: Led-valonauhat<\/li>\n<li>Kokoonpano vaaditaan: Kyll\u00e4<\/li>\n<li>Toimitus-:<\/li>\n<li>1 x Sein\u00e4kaappi: 30,5 x 30 x 60 cm (P x L x K)<\/li>\n<li>1 x Sein\u00e4kaappi: 40,5 x 30 x 102 cm (P x L x K)<\/li>\n<li>2 x Sein\u00e4kaappi: 80 x 30 x 30 cm (P x L x K)<\/li>\n<\/ul>\n","protected":false},"excerpt":{"rendered":"<ul>\n<li>V\u00e4ri: Vanha puu<\/li>\n<li>Materiaali: Tekninen puu<\/li>\n<li>Mukana 2 saranoidut ovet<\/li>\n<li>Mukana levyhyllyt<\/li>\n<li>Valotyyppi: Led-valonauhat<\/li>\n<li>Kokoonpano vaaditaan: Kyll\u00e4<\/li>\n<li>Toimitus-:<\/li>\n<li>1 x Sein\u00e4kaappi: 30,5 x 30 x 60 cm (P x L x K)<\/li>\n<li>1 x Sein\u00e4kaappi: 40,5 x 30 x 102 cm (P x L x K)<\/li>\n<li>2 x Sein\u00e4kaappi: 80 x 30 x 30 cm (P x L x K)<\/li>\n<\/ul>\n","protected":false},"featured_media":100000197478,"comment_status":"closed","ping_status":"closed","template":"","meta":[],"product_brand":[],"product_cat":[84],"product_tag":[],"class_list":{"0":"post-197478","1":"product","2":"type-product","3":"status-publish","4":"has-post-thumbnail","6":"product_cat-huonekalut","8":"first","9":"instock","10":"taxable","11":"shipping-taxable","12":"purchasable","13":"product-type-simple"},"_links":{"self":[{"href":"https:\/\/www.otiumhome.fi\/index.php\/wp-json\/wp\/v2\/product\/197478","targetHints":{"allow":["GET"]}}],"collection":[{"href":"https:\/\/www.otiumhome.fi\/index.php\/wp-json\/wp\/v2\/product"}],"about":[{"href":"https:\/\/www.otiumhome.fi\/index.php\/wp-json\/wp\/v2\/types\/product"}],"replies":[{"embeddable":true,"href":"https:\/\/www.otiumhome.fi\/index.php\/wp-json\/wp\/v2\/comments?post=197478"}],"wp:featuredmedia":[{"embeddable":true,"href":"https:\/\/www.otiumhome.fi\/index.php\/wp-json\/"}],"wp:attachment":[{"href":"https:\/\/www.otiumhome.fi\/index.php\/wp-json\/wp\/v2\/media?parent=197478"}],"wp:term":[{"taxonomy":"product_brand","embeddable":true,"href":"https:\/\/www.otiumhome.fi\/index.php\/wp-json\/wp\/v2\/product_brand?post=197478"},{"taxonomy":"product_cat","embeddable":true,"href":"https:\/\/www.otiumhome.fi\/index.php\/wp-json\/wp\/v2\/product_cat?post=197478"},{"taxonomy":"product_tag","embeddable":true,"href":"https:\/\/www.otiumhome.fi\/index.php\/wp-json\/wp\/v2\/product_tag?post=197478"}],"curies":[{"name":"wp","href":"https:\/\/api.w.org\/{rel}","templated":true}]}}