{"id":197468,"date":"2025-11-29T14:42:11","date_gmt":"2025-11-29T14:42:11","guid":{"rendered":"https:\/\/www.otiumhome.fi\/?p=197468"},"modified":"2025-11-29T23:03:37","modified_gmt":"2025-11-29T23:03:37","slug":"tv-taso-90x35x47-cm-taysi-mangopuu","status":"publish","type":"product","link":"https:\/\/www.otiumhome.fi\/index.php\/tuote\/tv-taso-90x35x47-cm-taysi-mangopuu\/","title":{"rendered":"TV-taso 90x35x47 cm t\u00e4ysi mangopuu"},"content":{"rendered":"<p>Tuo hieman rustiikkista tunnelmaa sisustukseesi elegantilla TV-kaapilla! Se on ajaton lis\u00e4 kotiisi.<\/p>\n<\/p>\n<p>T\u00e4ydest\u00e4 mangopuusta valmistettu TV-kaappi on kauniisti viimeistelty kiillottamalla ja lakkaamalla, mik\u00e4 antaa sille hienostuneen ilmeen. Mangopuu on tihe\u00e4\u00e4 ja tukevaa kovapuuta, jonka pinnalla on kauniita ruskeita tai kultaisia raitoja ja muotoja. Lis\u00e4ksi kaksi vetolaatikkoa ja avoin lokero tarjoavat tilaa erilaisten pienten esineiden j\u00e4rjestyksess\u00e4 ja ulottuvilla s\u00e4ilytt\u00e4miseen.<\/p>\n<\/p>\n<p>T\u00e4rke\u00e4 huomio: erinomainen k\u00e4sity\u00f6taito ja kauniit mangopuun pintakuviot tekev\u00e4t jokaisesta huonekalusta erottuvan ja hieman erilaisen kuin muut; toimitus on satunnainen. Helppo koota.<\/p>\n<ul>\n<li>Materiaali: t\u00e4ysi mangopuu<\/li>\n<li>Mitat: 90 x 35 x 47 cm (L x S x K)<\/li>\n<li>2 vetolaatikkoa ja 1 avoin hylly<\/li>\n<li>Kiillotettu, maalattu ja lakattu<\/li>\n<li>Asennus vaaditaan: kyll\u00e4<\/li>\n<\/ul>\n","protected":false},"excerpt":{"rendered":"<ul>\n<li>Materiaali: t\u00e4ysi mangopuu<\/li>\n<li>Mitat: 90 x 35 x 47 cm (L x S x K)<\/li>\n<li>2 vetolaatikkoa ja 1 avoin hylly<\/li>\n<li>Kiillotettu, maalattu ja lakattu<\/li>\n<li>Asennus vaaditaan: kyll\u00e4<\/li>\n<\/ul>\n","protected":false},"featured_media":100000197468,"comment_status":"closed","ping_status":"closed","template":"","meta":[],"product_brand":[],"product_cat":[84],"product_tag":[],"class_list":{"0":"post-197468","1":"product","2":"type-product","3":"status-publish","4":"has-post-thumbnail","6":"product_cat-huonekalut","8":"first","9":"outofstock","10":"taxable","11":"shipping-taxable","12":"purchasable","13":"product-type-simple"},"_links":{"self":[{"href":"https:\/\/www.otiumhome.fi\/index.php\/wp-json\/wp\/v2\/product\/197468","targetHints":{"allow":["GET"]}}],"collection":[{"href":"https:\/\/www.otiumhome.fi\/index.php\/wp-json\/wp\/v2\/product"}],"about":[{"href":"https:\/\/www.otiumhome.fi\/index.php\/wp-json\/wp\/v2\/types\/product"}],"replies":[{"embeddable":true,"href":"https:\/\/www.otiumhome.fi\/index.php\/wp-json\/wp\/v2\/comments?post=197468"}],"wp:featuredmedia":[{"embeddable":true,"href":"https:\/\/www.otiumhome.fi\/index.php\/wp-json\/"}],"wp:attachment":[{"href":"https:\/\/www.otiumhome.fi\/index.php\/wp-json\/wp\/v2\/media?parent=197468"}],"wp:term":[{"taxonomy":"product_brand","embeddable":true,"href":"https:\/\/www.otiumhome.fi\/index.php\/wp-json\/wp\/v2\/product_brand?post=197468"},{"taxonomy":"product_cat","embeddable":true,"href":"https:\/\/www.otiumhome.fi\/index.php\/wp-json\/wp\/v2\/product_cat?post=197468"},{"taxonomy":"product_tag","embeddable":true,"href":"https:\/\/www.otiumhome.fi\/index.php\/wp-json\/wp\/v2\/product_tag?post=197468"}],"curies":[{"name":"wp","href":"https:\/\/api.w.org\/{rel}","templated":true}]}}