{"id":197467,"date":"2025-11-29T14:39:23","date_gmt":"2025-11-29T14:39:23","guid":{"rendered":"https:\/\/www.otiumhome.fi\/?p=197467"},"modified":"2025-11-29T20:22:44","modified_gmt":"2025-11-29T20:22:44","slug":"tv-taso-kierratetty-tiikki-90x30x55-cm","status":"publish","type":"product","link":"https:\/\/www.otiumhome.fi\/index.php\/tuote\/tv-taso-kierratetty-tiikki-90x30x55-cm\/","title":{"rendered":"TV-taso kierr\u00e4tetty tiikki 90x30x55 cm"},"content":{"rendered":"<p>T\u00e4m\u00e4 kierr\u00e4tetyst\u00e4 tiikkipuusta tehty TV-taso on ajaton lis\u00e4 kotiisi. Sit\u00e4 voidaan k\u00e4ytt\u00e4\u00e4 my\u00f6s sivukaappina tai sivup\u00f6yt\u00e4n\u00e4.<\/p>\n<\/p>\n<p>Rustiikkinen sivup\u00f6yt\u00e4 on k\u00e4sintehty\u00e4 kierr\u00e4tetty\u00e4 tiikki\u00e4, joka on eritt\u00e4in tukeva ja kest\u00e4v\u00e4 ja jolla on luonnollisia ominaisuuksia. Prosessin jokainen vaihe suoritetaan huolellisesti, olipa se sitten kiillotus, maalaus tai lakkaus. Tekij\u00e4n ammattitaito ja kauniit puukuviot tekev\u00e4t jokaisesta p\u00f6yd\u00e4st\u00e4 ainutlaatuisen ja hieman erilaisen kuin muut. Sivup\u00f6yd\u00e4ss\u00e4 on runsaat s\u00e4ilytystilat, joten t\u00e4rke\u00e4t tavarat ovat k\u00e4siesi ulottuvilla ja pysyv\u00e4t hyv\u00e4ss\u00e4 j\u00e4rjestyksess\u00e4. J\u00e4m\u00e4kk\u00e4 jauhemaalattu ter\u00e4srunko antaa teollista tyyli\u00e4. T\u00e4m\u00e4 tuote on helppo koota.<\/p>\n<\/p>\n<p>T\u00e4rke\u00e4 huomio: V\u00e4rit ja puun kuviot vaihtelevat kappaleesta toiseen, mik\u00e4 tekee jokaisesta TV-tasosta ainutlaatuisen. Toimitus on sattumanvarainen.<\/p>\n<ul>\n<li>Materiaali: Uusiok\u00e4ytetty tiikkipuu p\u00f6yt\u00e4levy + jauhemaalattu ter\u00e4s<\/li>\n<li>Mitat: 90 x 30 x 55 cm (L x S x K)<\/li>\n<li>2 vetolaatikkoa ja 2 lokeroa<\/li>\n<li>K\u00e4sintehty<\/li>\n<li>Hiottu, maalattu ja lakattu<\/li>\n<li>VAROITUS: kaatumisen est\u00e4miseksi on t\u00e4t\u00e4 tuotetta k\u00e4ytett\u00e4v\u00e4 mukana toimitetun sein\u00e4kiinnityslaitteen kanssa.<\/li>\n<li>Legal Documents:\n<p><span>Lis\u00e4tietoja huonekalujesi kaatumisen est\u00e4misest\u00e4 voit l\u00f6yt\u00e4\u00e4 <span style=\"text-decoration: underline\"><strong><a title=\"https:\/\/bit.ly\/3bVwkQp\" href=\"https:\/\/bit.ly\/3bVwkQp\" target=\"_blank\">t\u00e4\u00e4lt\u00e4<\/a><\/strong><\/span><\/span><\/p>\n<\/li>\n<\/ul>\n","protected":false},"excerpt":{"rendered":"<ul>\n<li>Materiaali: Uusiok\u00e4ytetty tiikkipuu p\u00f6yt\u00e4levy + jauhemaalattu ter\u00e4s<\/li>\n<li>Mitat: 90 x 30 x 55 cm (L x S x K)<\/li>\n<li>2 vetolaatikkoa ja 2 lokeroa<\/li>\n<li>K\u00e4sintehty<\/li>\n<li>Hiottu, maalattu ja lakattu<\/li>\n<li>VAROITUS: kaatumisen est\u00e4miseksi on t\u00e4t\u00e4 tuotetta k\u00e4ytett\u00e4v\u00e4 mukana toimitetun sein\u00e4kiinnityslaitteen kanssa.<\/li>\n<li>Legal Documents:\n<p><span>Lis\u00e4tietoja huonekalujesi kaatumisen est\u00e4misest\u00e4 voit l\u00f6yt\u00e4\u00e4 <span style=\"text-decoration: underline\"><strong><a title=\"https:\/\/bit.ly\/3bVwkQp\" href=\"https:\/\/bit.ly\/3bVwkQp\" target=\"_blank\">t\u00e4\u00e4lt\u00e4<\/a><\/strong><\/span><\/span><\/p>\n<\/li>\n<\/ul>\n","protected":false},"featured_media":100000197467,"comment_status":"closed","ping_status":"closed","template":"","meta":[],"product_brand":[],"product_cat":[84],"product_tag":[],"class_list":{"0":"post-197467","1":"product","2":"type-product","3":"status-publish","4":"has-post-thumbnail","6":"product_cat-huonekalut","8":"first","9":"instock","10":"taxable","11":"shipping-taxable","12":"purchasable","13":"product-type-simple"},"_links":{"self":[{"href":"https:\/\/www.otiumhome.fi\/index.php\/wp-json\/wp\/v2\/product\/197467","targetHints":{"allow":["GET"]}}],"collection":[{"href":"https:\/\/www.otiumhome.fi\/index.php\/wp-json\/wp\/v2\/product"}],"about":[{"href":"https:\/\/www.otiumhome.fi\/index.php\/wp-json\/wp\/v2\/types\/product"}],"replies":[{"embeddable":true,"href":"https:\/\/www.otiumhome.fi\/index.php\/wp-json\/wp\/v2\/comments?post=197467"}],"wp:featuredmedia":[{"embeddable":true,"href":"https:\/\/www.otiumhome.fi\/index.php\/wp-json\/"}],"wp:attachment":[{"href":"https:\/\/www.otiumhome.fi\/index.php\/wp-json\/wp\/v2\/media?parent=197467"}],"wp:term":[{"taxonomy":"product_brand","embeddable":true,"href":"https:\/\/www.otiumhome.fi\/index.php\/wp-json\/wp\/v2\/product_brand?post=197467"},{"taxonomy":"product_cat","embeddable":true,"href":"https:\/\/www.otiumhome.fi\/index.php\/wp-json\/wp\/v2\/product_cat?post=197467"},{"taxonomy":"product_tag","embeddable":true,"href":"https:\/\/www.otiumhome.fi\/index.php\/wp-json\/wp\/v2\/product_tag?post=197467"}],"curies":[{"name":"wp","href":"https:\/\/api.w.org\/{rel}","templated":true}]}}