{"id":197466,"date":"2025-11-29T14:39:22","date_gmt":"2025-11-29T14:39:22","guid":{"rendered":"https:\/\/www.otiumhome.fi\/?p=197466"},"modified":"2025-12-14T17:48:39","modified_gmt":"2025-12-14T17:48:39","slug":"tv-kalustekokonaisuus-led-valoilla-sonoma-tammi","status":"publish","type":"product","link":"https:\/\/www.otiumhome.fi\/index.php\/tuote\/tv-kalustekokonaisuus-led-valoilla-sonoma-tammi\/","title":{"rendered":"TV-kalustekokonaisuus LED-valoilla Sonoma-tammi"},"content":{"rendered":"<p>T\u00e4m\u00e4 kalustekokonaisuus on upea lis\u00e4 olohuoneeseen optimoiden sen tilan tyylist\u00e4 tinkim\u00e4tt\u00e4.<\/p>\n<\/p>\n<p>Kalusteyksikk\u00f6 koostuu kahdesta erikokoisesta sivukaapista, TV-tasosta ja vitriinikaapista, se tarjoaa runsaasti tilaa multimedialaitteiden, DVD-soitinten, reitittimien, kirjojen sek\u00e4 kaikenlaisten pientavaroiden s\u00e4ilytt\u00e4miseen. Siihen voi asettaa esille my\u00f6s koriste-esineit\u00e4, valokuvakehyksi\u00e4 tai jopa ruukkukasveja. Vasemmanpuoleisessa kaapissa on kolme lasihylly\u00e4 energiatehokkailla valkoisilla LED-valoilla, jotka luovat houkuttelevan tunnelman.<\/p>\n<\/p>\n<p>Kaapistomme on valmistettu korkealaatuisesta teknisest\u00e4 puusta, siin\u00e4 on metallikahvat ja -jalat, joiden ansiosta kalustekokonaisuus on nykyaikaisen n\u00e4k\u00f6inen ja sopii mihin tahansa sisustustyyliin. Se on helppo koota.<\/p>\n<ul>\n<li>V\u00e4ri: Sonoma-tammi<\/li>\n<li>Materiaali: tekninen puu<\/li>\n<li><strong>Kaappien tiedot:<\/strong><\/li>\n<li>Kokonaismitat: 260 x 30 x 180 cm (L x S x K)<\/li>\n<li>1 x vasemmanpuoleinen sivukaappi: 60 x 30 x 180 cm (L x S x K)<\/li>\n<li>1 x oikeanpuoleinen sivukaappi: 60 x 30 x 120 cm (L x S x K)<\/li>\n<li>1 x TV-taso: 140 x 30 x 36 cm (L x S x K)<\/li>\n<li>1 x vitriinikaappi: 140 x 21 x 20 cm (L x S x K)<\/li>\n<li>Valkoinen LED-valaistus<\/li>\n<li>Helppo koota<\/li>\n<li>VAROITUS! Kaatumisen est\u00e4miseksi t\u00e4t\u00e4 tuotetta on k\u00e4ytett\u00e4v\u00e4 mukana toimitetun sein\u00e4kiinnityslaitteen kanssa.<\/li>\n<li>Legal Documents:\n<p><span>Lis\u00e4tietoja huonekalujesi kaatumisen est\u00e4misest\u00e4 voit l\u00f6yt\u00e4\u00e4 <span style=\"text-decoration: underline\"><strong><a title=\"https:\/\/bit.ly\/3bVwkQp\" href=\"https:\/\/bit.ly\/3bVwkQp\" target=\"_blank\">t\u00e4\u00e4lt\u00e4<\/a><\/strong><\/span><\/span><\/p>\n<\/li>\n<\/ul>\n","protected":false},"excerpt":{"rendered":"<ul>\n<li>V\u00e4ri: Sonoma-tammi<\/li>\n<li>Materiaali: tekninen puu<\/li>\n<li><strong>Kaappien tiedot:<\/strong><\/li>\n<li>Kokonaismitat: 260 x 30 x 180 cm (L x S x K)<\/li>\n<li>1 x vasemmanpuoleinen sivukaappi: 60 x 30 x 180 cm (L x S x K)<\/li>\n<li>1 x oikeanpuoleinen sivukaappi: 60 x 30 x 120 cm (L x S x K)<\/li>\n<li>1 x TV-taso: 140 x 30 x 36 cm (L x S x K)<\/li>\n<li>1 x vitriinikaappi: 140 x 21 x 20 cm (L x S x K)<\/li>\n<li>Valkoinen LED-valaistus<\/li>\n<li>Helppo koota<\/li>\n<li>VAROITUS! Kaatumisen est\u00e4miseksi t\u00e4t\u00e4 tuotetta on k\u00e4ytett\u00e4v\u00e4 mukana toimitetun sein\u00e4kiinnityslaitteen kanssa.<\/li>\n<li>Legal Documents:\n<p><span>Lis\u00e4tietoja huonekalujesi kaatumisen est\u00e4misest\u00e4 voit l\u00f6yt\u00e4\u00e4 <span style=\"text-decoration: underline\"><strong><a title=\"https:\/\/bit.ly\/3bVwkQp\" href=\"https:\/\/bit.ly\/3bVwkQp\" target=\"_blank\">t\u00e4\u00e4lt\u00e4<\/a><\/strong><\/span><\/span><\/p>\n<\/li>\n<\/ul>\n","protected":false},"featured_media":100000197466,"comment_status":"closed","ping_status":"closed","template":"","meta":[],"product_brand":[],"product_cat":[84],"product_tag":[],"class_list":{"0":"post-197466","1":"product","2":"type-product","3":"status-publish","4":"has-post-thumbnail","6":"product_cat-huonekalut","8":"first","9":"instock","10":"taxable","11":"shipping-taxable","12":"purchasable","13":"product-type-simple"},"_links":{"self":[{"href":"https:\/\/www.otiumhome.fi\/index.php\/wp-json\/wp\/v2\/product\/197466","targetHints":{"allow":["GET"]}}],"collection":[{"href":"https:\/\/www.otiumhome.fi\/index.php\/wp-json\/wp\/v2\/product"}],"about":[{"href":"https:\/\/www.otiumhome.fi\/index.php\/wp-json\/wp\/v2\/types\/product"}],"replies":[{"embeddable":true,"href":"https:\/\/www.otiumhome.fi\/index.php\/wp-json\/wp\/v2\/comments?post=197466"}],"wp:featuredmedia":[{"embeddable":true,"href":"https:\/\/www.otiumhome.fi\/index.php\/wp-json\/"}],"wp:attachment":[{"href":"https:\/\/www.otiumhome.fi\/index.php\/wp-json\/wp\/v2\/media?parent=197466"}],"wp:term":[{"taxonomy":"product_brand","embeddable":true,"href":"https:\/\/www.otiumhome.fi\/index.php\/wp-json\/wp\/v2\/product_brand?post=197466"},{"taxonomy":"product_cat","embeddable":true,"href":"https:\/\/www.otiumhome.fi\/index.php\/wp-json\/wp\/v2\/product_cat?post=197466"},{"taxonomy":"product_tag","embeddable":true,"href":"https:\/\/www.otiumhome.fi\/index.php\/wp-json\/wp\/v2\/product_tag?post=197466"}],"curies":[{"name":"wp","href":"https:\/\/api.w.org\/{rel}","templated":true}]}}