{"id":197116,"date":"2025-11-29T12:50:54","date_gmt":"2025-11-29T12:50:54","guid":{"rendered":"https:\/\/www.otiumhome.fi\/?p=197116"},"modified":"2026-01-12T04:56:39","modified_gmt":"2026-01-12T04:56:39","slug":"sailytyssanky-paatylla-savupahkina-90-x-200-cm-tekninen-puu","status":"publish","type":"product","link":"https:\/\/www.otiumhome.fi\/index.php\/tuote\/sailytyssanky-paatylla-savupahkina-90-x-200-cm-tekninen-puu\/","title":{"rendered":"S\u00e4ilytyss\u00e4nky p\u00e4\u00e4tyll\u00e4 Savup\u00e4hkin\u00e4 90 x 200 cm Tekninen puu"},"content":{"rendered":"<p>T\u00e4ss\u00e4 on tyylik\u00e4s s\u00e4ilytyss\u00e4nky, joka yhdist\u00e4\u00e4 tyylin ja k\u00e4yt\u00e4nn\u00f6llisyyden. Sen yksinkertainen muotoilu tuo modernia eleganssia tilaan. T\u00e4m\u00e4 s\u00e4nky ei vain tarjoa nukkumapaikkaa vaan my\u00f6s auttaa pit\u00e4m\u00e4\u00e4n tavarat j\u00e4rjestyksess\u00e4. Kest\u00e4v\u00e4st\u00e4 teknisest\u00e4 puusta valmistettuna se lupaa pitk\u00e4n k\u00e4ytt\u00f6i\u00e4n, s\u00e4ilytt\u00e4en samalla siistin ja huomaamattoman ilmeen &#8211; t\u00e4ydellinen nykyaikaiselle asujalle, joka arvostaa k\u00e4yt\u00e4nn\u00f6llisyytt\u00e4 ja kauneutta.<\/p>\n<ul>\n<li><b>Materiaalin ominaisuudet:<\/b> S\u00e4nky on tehty korkealaatuisesta teknisest\u00e4 puusta, joka on kest\u00e4v\u00e4 ja vakaa. T\u00e4m\u00e4 materiaali takaa sen, ett\u00e4 runko kest\u00e4\u00e4 pitk\u00e4\u00e4n ja on luotettava patjan tukena. Tekninen laatu tarkoittaa, ett\u00e4 se ei helposti muutu tai halkeile, joten se on loistava valinta pitk\u00e4aikaiseen k\u00e4ytt\u00f6\u00f6n.<\/li>\n<li><b>\u00c4lyk\u00e4s s\u00e4ilytys:<\/b> Perinteisill\u00e4 laatikoilla varustettuna t\u00e4m\u00e4 s\u00e4nky mahdollistaa makuuhuoneen tavaroiden helpon j\u00e4rjest\u00e4misen. Laatikot sulautuvat tyylikk\u00e4\u00e4sti s\u00e4ngyn muotoon, luoden yhten\u00e4isen ilmeen tarjoten runsaasti tilaa vuodevaatteille, vaatteille tai muille tavaroille.<\/li>\n<li><b>Tyylik\u00e4s muotoilu:<\/b> Modernia estetiikkaa edustava s\u00e4nky, joissa on puhtaat linjat ilman liikaa koristeita. Sen suorakulmainen muoto ja huomaamaton viimeistely tekev\u00e4t siit\u00e4 monik\u00e4ytt\u00f6isen, sopii erinomaisesti eri tyylisiin sisustuksiin, olipa kyseess\u00e4 minimalistinen kaupunkikoti.<\/li>\n<li><b>Helppo kokoaminen:<\/b> K\u00e4ytt\u00e4j\u00e4yst\u00e4v\u00e4llinen suunnittelu, kokoamisessa tarvitaan vain ruuvimeisseli ja mahdollisesti kaveri. Selke\u00e4t ohjeet tekev\u00e4t kokoamisesta nopean ja helpon prosessin, jotta voit nopeasti saada makuuhuoneeseesi toimivan s\u00e4ngyn.<\/li>\n<li><b>Yksinkertainen hoito:<\/b> S\u00e4ngyn puhtaana pit\u00e4minen on helppoa. Pyyhk\u00e4ise pinta kostealla liinalla p\u00f6lyn poistamiseksi. V\u00e4lt\u00e4 kovia kemikaaleja, jotta s\u00e4ngyn pinta pysyy ehj\u00e4n\u00e4 ja turvallisena k\u00e4ytt\u00e4\u00e4 vuodesta toiseen.<\/li>\n<\/ul>\n<ul>\n<li>V\u00e4ri: Savup\u00e4hkin\u00e4<\/li>\n<li>Materiaali: Tekninen puu<\/li>\n<li>Kehysmateriaali: Tekninen puu<\/li>\n<li>Yleiset mitat: 203 x 93 x 90 cm (P x L x K)<\/li>\n<li>Yhteensopiva patjakoko: Yhden hengen s\u00e4nky (90 cm x 200 cm \/ 35&#8243; x 79&#8243;)<\/li>\n<li>Enimm\u00e4ispaino: 100 kg<\/li>\n<li>Enimm\u00e4ism\u00e4\u00e4r\u00e4 ihmisi\u00e4: 1<\/li>\n<li>Kest\u00e4v\u00e4<\/li>\n<li>Helppo puhdistaa<\/li>\n<li>Helppo kokoaminen<\/li>\n<li>Laatikkojen kehys mukana<\/li>\n<li>S\u00e4ngynp\u00e4\u00e4ty mukana<\/li>\n<li>Laatikolla<\/li>\n<li>Kokoonpano vaaditaan: Kyll\u00e4<\/li>\n<li>Toimitus-:<\/li>\n<li>1 x s\u00e4ngyn runko<\/li>\n<li>1 x s\u00e4ngyn p\u00e4\u00e4ty<\/li>\n<\/ul>\n","protected":false},"excerpt":{"rendered":"<ul>\n<li>V\u00e4ri: Savup\u00e4hkin\u00e4<\/li>\n<li>Materiaali: Tekninen puu<\/li>\n<li>Kehysmateriaali: Tekninen puu<\/li>\n<li>Yleiset mitat: 203 x 93 x 90 cm (P x L x K)<\/li>\n<li>Yhteensopiva patjakoko: Yhden hengen s\u00e4nky (90 cm x 200 cm \/ 35&#8243; x 79&#8243;)<\/li>\n<li>Enimm\u00e4ispaino: 100 kg<\/li>\n<li>Enimm\u00e4ism\u00e4\u00e4r\u00e4 ihmisi\u00e4: 1<\/li>\n<li>Kest\u00e4v\u00e4<\/li>\n<li>Helppo puhdistaa<\/li>\n<li>Helppo kokoaminen<\/li>\n<li>Laatikkojen kehys mukana<\/li>\n<li>S\u00e4ngynp\u00e4\u00e4ty mukana<\/li>\n<li>Laatikolla<\/li>\n<li>Kokoonpano vaaditaan: Kyll\u00e4<\/li>\n<li>Toimitus-:<\/li>\n<li>1 x s\u00e4ngyn runko<\/li>\n<li>1 x s\u00e4ngyn p\u00e4\u00e4ty<\/li>\n<\/ul>\n","protected":false},"featured_media":100000197116,"comment_status":"closed","ping_status":"closed","template":"","meta":[],"product_brand":[],"product_cat":[84,8638],"product_tag":[],"class_list":{"0":"post-197116","1":"product","2":"type-product","3":"status-publish","4":"has-post-thumbnail","6":"product_cat-huonekalut","7":"product_cat-sangyt-sangynrungot","9":"first","10":"instock","11":"taxable","12":"shipping-taxable","13":"purchasable","14":"product-type-simple"},"_links":{"self":[{"href":"https:\/\/www.otiumhome.fi\/index.php\/wp-json\/wp\/v2\/product\/197116","targetHints":{"allow":["GET"]}}],"collection":[{"href":"https:\/\/www.otiumhome.fi\/index.php\/wp-json\/wp\/v2\/product"}],"about":[{"href":"https:\/\/www.otiumhome.fi\/index.php\/wp-json\/wp\/v2\/types\/product"}],"replies":[{"embeddable":true,"href":"https:\/\/www.otiumhome.fi\/index.php\/wp-json\/wp\/v2\/comments?post=197116"}],"wp:featuredmedia":[{"embeddable":true,"href":"https:\/\/www.otiumhome.fi\/index.php\/wp-json\/"}],"wp:attachment":[{"href":"https:\/\/www.otiumhome.fi\/index.php\/wp-json\/wp\/v2\/media?parent=197116"}],"wp:term":[{"taxonomy":"product_brand","embeddable":true,"href":"https:\/\/www.otiumhome.fi\/index.php\/wp-json\/wp\/v2\/product_brand?post=197116"},{"taxonomy":"product_cat","embeddable":true,"href":"https:\/\/www.otiumhome.fi\/index.php\/wp-json\/wp\/v2\/product_cat?post=197116"},{"taxonomy":"product_tag","embeddable":true,"href":"https:\/\/www.otiumhome.fi\/index.php\/wp-json\/wp\/v2\/product_tag?post=197116"}],"curies":[{"name":"wp","href":"https:\/\/api.w.org\/{rel}","templated":true}]}}