{"id":196297,"date":"2025-11-29T05:19:43","date_gmt":"2025-11-29T05:19:43","guid":{"rendered":"https:\/\/www.otiumhome.fi\/?p=196297"},"modified":"2025-12-14T06:29:31","modified_gmt":"2025-12-14T06:29:31","slug":"pesuallaskaappi-hyllylla-ruskea-kierratetty-massiivinen-puu","status":"publish","type":"product","link":"https:\/\/www.otiumhome.fi\/index.php\/tuote\/pesuallaskaappi-hyllylla-ruskea-kierratetty-massiivinen-puu\/","title":{"rendered":"Pesuallaskaappi hyllyll\u00e4 Ruskea Kierr\u00e4tetty massiivinen puu"},"content":{"rendered":"<p>T\u00e4\u00e4 moderni pesuallaskaappi on tehty sulautumaan helposti nykyaikaisiin kylpyhuoneisiin, ja se tuo mukanaan esteettist\u00e4 vieh\u00e4tyst\u00e4 sek\u00e4 k\u00e4yt\u00e4nn\u00f6llisi\u00e4 s\u00e4ilytysratkaisuja. Raskaat linjat ja v\u00e4h\u00e4koristeisuus s\u00e4teilev\u00e4t yksinkertaisuutta ja k\u00e4yt\u00e4nn\u00f6llisyytt\u00e4, tarjoten kauniin kalusteratkaisun, joka on yht\u00e4 tyylik\u00e4s kuin k\u00e4yt\u00e4nn\u00f6llinen. Suorakaiteen muoto ja syv\u00e4 ruskea v\u00e4ri luovat hienostuneen ilmeen, joka k\u00e4y moneen erilaisiin kylpyhuoneen sisustuksiin.<\/p>\n<ul>\n<li><b>Kest\u00e4v\u00e4 raudasta tehty runko:<\/b> Pesuallaskaappi nojaa tukevien raudasta tehtyjen jalkojen varaan, jotka varmistavat stabiliteetin ja pitk\u00e4n k\u00e4ytt\u00f6i\u00e4n. N\u00e4m\u00e4 jalat eiv\u00e4t ainoastaan tuo kest\u00e4vyytt\u00e4, vaan my\u00f6s luovat hienovaraisen kontrastin syv\u00e4n ruskean rungon kanssa.<\/li>\n<li><b>Ruskeat levyhyllyt:<\/b> K\u00e4yt\u00e4nn\u00f6lliset ruskeat levyhyllyt tarjoavat paljon s\u00e4ilytystilaa kaikille hygieenisille tuotteille ja pyyhkeille. N\u00e4m\u00e4 hyllyt on tehty laadukkaista materiaaleista, jotka tekev\u00e4t organisoinnista helppoa.<\/li>\n<li><b>Ainutlaatuiset D-vetimet:<\/b> Modernit D-vetimet tuovat kaappiin k\u00e4yt\u00e4nn\u00f6llisyytt\u00e4 ja ripauksen eleganssia. Ne ovat helposti tartuttavia, ja ne eiv\u00e4t vain paranna kaapin toimivuutta, vaan lis\u00e4\u00e4v\u00e4t my\u00f6s visuaalista vieh\u00e4tysvoimaa.<\/li>\n<li><b>Toiminnallinen pintamuotoilu:<\/b> Kaapin pinta on sile\u00e4 ja helppo pit\u00e4\u00e4 puhtaana, se on t\u00e4ydellinen paikka koriste-esineille tai p\u00e4ivitt\u00e4isille tarvikkeille. T\u00e4m\u00e4 harkittu muotoilu takaa, ett\u00e4 kaluste on k\u00e4yt\u00e4nn\u00f6llinen samalla, kun se parantaa kylpyhuoneen kauneutta.<\/li>\n<li><b>K\u00e4tev\u00e4t hoito-ohjeet:<\/b> Kaapin yll\u00e4pito on todella helppoa, sill\u00e4 se vaatii vain pyyhkimisen kostealla liinalla. T\u00e4m\u00e4 minimalisoi huoltovaatimuksia, jolloin se pysyy kauniina ilman ylim\u00e4\u00e4r\u00e4ist\u00e4 vaivann\u00e4k\u00f6\u00e4, mik\u00e4 tekee siit\u00e4 entist\u00e4 arvokkaamman kiireisille perheille.<\/li>\n<\/ul>\n<ul>\n<li>V\u00e4ri: Ruskea<\/li>\n<li>Materiaali: Kierr\u00e4tetty massiivinen puu<\/li>\n<li>Yleiset mitat: 55 x 35 x 60 cm (P x L x K)<\/li>\n<li>Paino: 18,45 kg<\/li>\n<li>Kest\u00e4v\u00e4<\/li>\n<li>Mukana 1 laatikkohylly<\/li>\n<li>Kehysmateriaali: Kierr\u00e4tetty t\u00e4yspuu<\/li>\n<li>2 ovien kanssa<\/li>\n<li>Enimm\u00e4ispaino: 60 kg<\/li>\n<li>Vain sis\u00e4k\u00e4ytt\u00f6\u00f6n<\/li>\n<li>Toimitus-:<\/li>\n<li>1 x pesukonkaappi<\/li>\n<li>Kokoonpano vaaditaan: Kyll\u00e4<\/li>\n<\/ul>\n","protected":false},"excerpt":{"rendered":"<ul>\n<li>V\u00e4ri: Ruskea<\/li>\n<li>Materiaali: Kierr\u00e4tetty massiivinen puu<\/li>\n<li>Yleiset mitat: 55 x 35 x 60 cm (P x L x K)<\/li>\n<li>Paino: 18,45 kg<\/li>\n<li>Kest\u00e4v\u00e4<\/li>\n<li>Mukana 1 laatikkohylly<\/li>\n<li>Kehysmateriaali: Kierr\u00e4tetty t\u00e4yspuu<\/li>\n<li>2 ovien kanssa<\/li>\n<li>Enimm\u00e4ispaino: 60 kg<\/li>\n<li>Vain sis\u00e4k\u00e4ytt\u00f6\u00f6n<\/li>\n<li>Toimitus-:<\/li>\n<li>1 x pesukonkaappi<\/li>\n<li>Kokoonpano vaaditaan: Kyll\u00e4<\/li>\n<\/ul>\n","protected":false},"featured_media":100000196297,"comment_status":"closed","ping_status":"closed","template":"","meta":[],"product_brand":[],"product_cat":[84,8561,8562],"product_tag":[],"class_list":{"0":"post-196297","1":"product","2":"type-product","3":"status-publish","4":"has-post-thumbnail","6":"product_cat-huonekalut","7":"product_cat-kampauspoydat","8":"product_cat-kylpyhuoneen-kampauspoydat","10":"first","11":"instock","12":"taxable","13":"shipping-taxable","14":"purchasable","15":"product-type-simple"},"_links":{"self":[{"href":"https:\/\/www.otiumhome.fi\/index.php\/wp-json\/wp\/v2\/product\/196297","targetHints":{"allow":["GET"]}}],"collection":[{"href":"https:\/\/www.otiumhome.fi\/index.php\/wp-json\/wp\/v2\/product"}],"about":[{"href":"https:\/\/www.otiumhome.fi\/index.php\/wp-json\/wp\/v2\/types\/product"}],"replies":[{"embeddable":true,"href":"https:\/\/www.otiumhome.fi\/index.php\/wp-json\/wp\/v2\/comments?post=196297"}],"wp:featuredmedia":[{"embeddable":true,"href":"https:\/\/www.otiumhome.fi\/index.php\/wp-json\/"}],"wp:attachment":[{"href":"https:\/\/www.otiumhome.fi\/index.php\/wp-json\/wp\/v2\/media?parent=196297"}],"wp:term":[{"taxonomy":"product_brand","embeddable":true,"href":"https:\/\/www.otiumhome.fi\/index.php\/wp-json\/wp\/v2\/product_brand?post=196297"},{"taxonomy":"product_cat","embeddable":true,"href":"https:\/\/www.otiumhome.fi\/index.php\/wp-json\/wp\/v2\/product_cat?post=196297"},{"taxonomy":"product_tag","embeddable":true,"href":"https:\/\/www.otiumhome.fi\/index.php\/wp-json\/wp\/v2\/product_tag?post=196297"}],"curies":[{"name":"wp","href":"https:\/\/api.w.org\/{rel}","templated":true}]}}