{"id":196294,"date":"2025-11-29T05:19:41","date_gmt":"2025-11-29T05:19:41","guid":{"rendered":"https:\/\/www.otiumhome.fi\/?p=196294"},"modified":"2025-12-14T06:29:30","modified_gmt":"2025-12-14T06:29:30","slug":"seinakuutio-ruskea-55-x-35-x-40-cm-kiintea-mango-puu","status":"publish","type":"product","link":"https:\/\/www.otiumhome.fi\/index.php\/tuote\/seinakuutio-ruskea-55-x-35-x-40-cm-kiintea-mango-puu\/","title":{"rendered":"Sein\u00e4kuutio Ruskea 55 x 35 x 40 cm Kiinte\u00e4 mango puu"},"content":{"rendered":"<p>T\u00e4m\u00e4 moderni sein\u00e4kuutio on oiva s\u00e4ilytysratkaisu, joka luo tyyli\u00e4 mihin tahansa nykyaikaiseen tilaan. Se sopii t\u00e4ydellisesti olohuoneeseen, kiitos sen yksinkertaisen ja k\u00e4yt\u00e4nn\u00f6llisen designin. T\u00e4m\u00e4 suorakulmainen kuutio on minimalistinen ja toimii mainiona s\u00e4ilytyspaikkana tai kirjahyllyn\u00e4, tuo raikasta ja j\u00e4rjestetty\u00e4 ilmett\u00e4 tilassi. T\u00e4ydellinen vaihtoehto tyylikk\u00e4\u00e4seen kodin j\u00e4rjestykseen, t\u00e4m\u00e4 kuutio on yhdistelm\u00e4 esteettisyytt\u00e4 ja k\u00e4yt\u00e4nn\u00f6llisyytt\u00e4.<\/p>\n<ul>\n<li><b>Tyylik\u00e4s moderni suunnittelu<\/b> Puhtaat linjat ja minimalistinen tyyli tekev\u00e4t t\u00e4st\u00e4 sein\u00e4kuutiosta erinomaisen lis\u00e4n nykyaikaiseen sisustukseen. Tyylik\u00e4s ruskea viimeistely tuo l\u00e4mp\u00f6\u00e4 ja eleganssia jokaiseen tilaan.<\/li>\n<li><b>Monipuoliset n\u00e4ytt\u00f6mahdollisuudet<\/b> N\u00e4yt\u00e4 koristeita tai s\u00e4ilyt\u00e4 t\u00e4rkeit\u00e4 kirjoja \u2013 sein\u00e4\u00e4n asennettava muoto s\u00e4\u00e4st\u00e4\u00e4 tilaa lattiasta, tehden t\u00e4st\u00e4 fiksun valinnan pieniinkin koteihin.<\/li>\n<li><b>Kest\u00e4v\u00e4 rautajalka<\/b> Vankka rautajalka takaa vakautta ja kest\u00e4vyytt\u00e4. T\u00e4m\u00e4 kuutio on tehty kest\u00e4v\u00e4st\u00e4 rakenteesta, jota voit k\u00e4ytt\u00e4\u00e4 p\u00e4ivitt\u00e4in ilman huolta tyylin k\u00e4rsimisest\u00e4.<\/li>\n<li><b>Helppo yll\u00e4pito<\/b> Huollon yksinkertaisuus pit\u00e4\u00e4 t\u00e4m\u00e4n sein\u00e4kuution kauniina pienell\u00e4 vaivalla. Pyyhi vain kostealla liinalla ja se s\u00e4ilytt\u00e4\u00e4 ulkon\u00e4k\u00f6ns\u00e4 pitk\u00e4\u00e4n.<\/li>\n<li><b>K\u00e4ytt\u00e4j\u00e4yst\u00e4v\u00e4llinen kokoaminen<\/b> Helppo kokoaminen vaatii vain muutamia ty\u00f6kaluja ja kahden henkil\u00f6n apua. Ohjeet nopeuttavat prosessia, jotta voit nauttia uudesta sisustuksestasi vaivatta.<\/li>\n<\/ul>\n<ul>\n<li>V\u00e4ri: Ruskea<\/li>\n<li>Materiaali: Kiinte\u00e4 mango puu<\/li>\n<li>Yleiset mitat: 55 x 35 x 40 cm (P x L x K)<\/li>\n<li>Paino: 9 kg<\/li>\n<li>Kest\u00e4v\u00e4<\/li>\n<li>Kehysmateriaali: T\u00e4ysi mangopuu<\/li>\n<li>Vain sis\u00e4k\u00e4ytt\u00f6\u00f6n<\/li>\n<li>Toimitus-:<\/li>\n<li>1 x Sein\u00e4\u00e4n Asennettava Kuutio<\/li>\n<li>Kokoonpano vaaditaan: Kyll\u00e4<\/li>\n<\/ul>\n","protected":false},"excerpt":{"rendered":"<ul>\n<li>V\u00e4ri: Ruskea<\/li>\n<li>Materiaali: Kiinte\u00e4 mango puu<\/li>\n<li>Yleiset mitat: 55 x 35 x 40 cm (P x L x K)<\/li>\n<li>Paino: 9 kg<\/li>\n<li>Kest\u00e4v\u00e4<\/li>\n<li>Kehysmateriaali: T\u00e4ysi mangopuu<\/li>\n<li>Vain sis\u00e4k\u00e4ytt\u00f6\u00f6n<\/li>\n<li>Toimitus-:<\/li>\n<li>1 x Sein\u00e4\u00e4n Asennettava Kuutio<\/li>\n<li>Kokoonpano vaaditaan: Kyll\u00e4<\/li>\n<\/ul>\n","protected":false},"featured_media":100000196294,"comment_status":"closed","ping_status":"closed","template":"","meta":[],"product_brand":[],"product_cat":[84,8561,8562],"product_tag":[],"class_list":{"0":"post-196294","1":"product","2":"type-product","3":"status-publish","4":"has-post-thumbnail","6":"product_cat-huonekalut","7":"product_cat-kampauspoydat","8":"product_cat-kylpyhuoneen-kampauspoydat","10":"first","11":"instock","12":"taxable","13":"shipping-taxable","14":"purchasable","15":"product-type-simple"},"_links":{"self":[{"href":"https:\/\/www.otiumhome.fi\/index.php\/wp-json\/wp\/v2\/product\/196294","targetHints":{"allow":["GET"]}}],"collection":[{"href":"https:\/\/www.otiumhome.fi\/index.php\/wp-json\/wp\/v2\/product"}],"about":[{"href":"https:\/\/www.otiumhome.fi\/index.php\/wp-json\/wp\/v2\/types\/product"}],"replies":[{"embeddable":true,"href":"https:\/\/www.otiumhome.fi\/index.php\/wp-json\/wp\/v2\/comments?post=196294"}],"wp:featuredmedia":[{"embeddable":true,"href":"https:\/\/www.otiumhome.fi\/index.php\/wp-json\/"}],"wp:attachment":[{"href":"https:\/\/www.otiumhome.fi\/index.php\/wp-json\/wp\/v2\/media?parent=196294"}],"wp:term":[{"taxonomy":"product_brand","embeddable":true,"href":"https:\/\/www.otiumhome.fi\/index.php\/wp-json\/wp\/v2\/product_brand?post=196294"},{"taxonomy":"product_cat","embeddable":true,"href":"https:\/\/www.otiumhome.fi\/index.php\/wp-json\/wp\/v2\/product_cat?post=196294"},{"taxonomy":"product_tag","embeddable":true,"href":"https:\/\/www.otiumhome.fi\/index.php\/wp-json\/wp\/v2\/product_tag?post=196294"}],"curies":[{"name":"wp","href":"https:\/\/api.w.org\/{rel}","templated":true}]}}