{"id":196186,"date":"2025-11-29T03:44:21","date_gmt":"2025-11-29T03:44:21","guid":{"rendered":"https:\/\/www.otiumhome.fi\/?p=196186"},"modified":"2025-11-29T17:30:23","modified_gmt":"2025-11-29T17:30:23","slug":"kokoontaitettava-vaatekaappi-harmaa-110-x-45-x-175-cm-kangas","status":"publish","type":"product","link":"https:\/\/www.otiumhome.fi\/index.php\/tuote\/kokoontaitettava-vaatekaappi-harmaa-110-x-45-x-175-cm-kangas\/","title":{"rendered":"Kokoontaitettava vaatekaappi harmaa 110 x 45 x 175 cm kangas"},"content":{"rendered":"<p>Kokoontaitettava vaatekaappimme tarjoaa k\u00e4tev\u00e4n s\u00e4ilytysratkaisun, joka auttaa sinua j\u00e4rjest\u00e4m\u00e4\u00e4n suosikkivaatteesi n\u00e4tisti ja tehokkaasti. Se sopii kellariin, makuuhuoneeseen, ullakolle tai kannettavaksi vaatekaapiksi retkelle ja leiriel\u00e4m\u00e4\u00e4n jne.<\/p>\n<\/p>\n<p>Vaatteesi pysyv\u00e4t aina hyv\u00e4ss\u00e4 kunnossa. Kaappi s\u00e4\u00e4st\u00e4\u00e4 kokoontaitettavuutensa takia tilaa ja se on my\u00f6s helppo asentaa. Tarranauhalla kiinnitetty yl\u00f6s rullattava ovi suojelee vaatteitasi lialta ja p\u00f6lylt\u00e4. Vetoketjut on helppo avata ja sulkea. Vaatekaapin p\u00e4\u00e4llys on valmistettu fleece-kankaasta ja runko ter\u00e4sputkista.<\/p>\n<ul>\n<li>V\u00e4ri: harmaa<\/li>\n<li>Materiaali: p\u00e4\u00e4llinen fleece-kankaasta ja ter\u00e4sputket<\/li>\n<li>Mitat: 110 x 45 x 175 cm (L x S x K)<\/li>\n<li>VAROITUS! Kaatumisen est\u00e4miseksi t\u00e4t\u00e4 tuotetta on k\u00e4ytett\u00e4v\u00e4 mukana toimitetun sein\u00e4kiinnityslaitteen kanssa.<\/li>\n<li>Tekstiili: Polypropeeni: 100%<\/li>\n<li>Legal Documents:\n<p><span>Lis\u00e4tietoja huonekalujesi kaatumisen est\u00e4misest\u00e4 voit l\u00f6yt\u00e4\u00e4 <span style=\"text-decoration: underline\"><strong><a title=\"https:\/\/bit.ly\/3bVwkQp\" href=\"https:\/\/bit.ly\/3bVwkQp\" target=\"_blank\">t\u00e4\u00e4lt\u00e4<\/a><\/strong><\/span><\/span><\/p>\n<\/li>\n<\/ul>\n","protected":false},"excerpt":{"rendered":"<ul>\n<li>V\u00e4ri: harmaa<\/li>\n<li>Materiaali: p\u00e4\u00e4llinen fleece-kankaasta ja ter\u00e4sputket<\/li>\n<li>Mitat: 110 x 45 x 175 cm (L x S x K)<\/li>\n<li>VAROITUS! Kaatumisen est\u00e4miseksi t\u00e4t\u00e4 tuotetta on k\u00e4ytett\u00e4v\u00e4 mukana toimitetun sein\u00e4kiinnityslaitteen kanssa.<\/li>\n<li>Tekstiili: Polypropeeni: 100%<\/li>\n<li>Legal Documents:\n<p><span>Lis\u00e4tietoja huonekalujesi kaatumisen est\u00e4misest\u00e4 voit l\u00f6yt\u00e4\u00e4 <span style=\"text-decoration: underline\"><strong><a title=\"https:\/\/bit.ly\/3bVwkQp\" href=\"https:\/\/bit.ly\/3bVwkQp\" target=\"_blank\">t\u00e4\u00e4lt\u00e4<\/a><\/strong><\/span><\/span><\/p>\n<\/li>\n<\/ul>\n","protected":false},"featured_media":100000196186,"comment_status":"closed","ping_status":"closed","template":"","meta":[],"product_brand":[],"product_cat":[84,8539],"product_tag":[],"class_list":{"0":"post-196186","1":"product","2":"type-product","3":"status-publish","4":"has-post-thumbnail","6":"product_cat-huonekalut","7":"product_cat-kaapit-vaatekaapit","9":"first","10":"instock","11":"taxable","12":"shipping-taxable","13":"purchasable","14":"product-type-simple"},"_links":{"self":[{"href":"https:\/\/www.otiumhome.fi\/index.php\/wp-json\/wp\/v2\/product\/196186","targetHints":{"allow":["GET"]}}],"collection":[{"href":"https:\/\/www.otiumhome.fi\/index.php\/wp-json\/wp\/v2\/product"}],"about":[{"href":"https:\/\/www.otiumhome.fi\/index.php\/wp-json\/wp\/v2\/types\/product"}],"replies":[{"embeddable":true,"href":"https:\/\/www.otiumhome.fi\/index.php\/wp-json\/wp\/v2\/comments?post=196186"}],"wp:featuredmedia":[{"embeddable":true,"href":"https:\/\/www.otiumhome.fi\/index.php\/wp-json\/"}],"wp:attachment":[{"href":"https:\/\/www.otiumhome.fi\/index.php\/wp-json\/wp\/v2\/media?parent=196186"}],"wp:term":[{"taxonomy":"product_brand","embeddable":true,"href":"https:\/\/www.otiumhome.fi\/index.php\/wp-json\/wp\/v2\/product_brand?post=196186"},{"taxonomy":"product_cat","embeddable":true,"href":"https:\/\/www.otiumhome.fi\/index.php\/wp-json\/wp\/v2\/product_cat?post=196186"},{"taxonomy":"product_tag","embeddable":true,"href":"https:\/\/www.otiumhome.fi\/index.php\/wp-json\/wp\/v2\/product_tag?post=196186"}],"curies":[{"name":"wp","href":"https:\/\/api.w.org\/{rel}","templated":true}]}}