{"id":196122,"date":"2025-11-29T03:09:36","date_gmt":"2025-11-29T03:09:36","guid":{"rendered":"https:\/\/www.otiumhome.fi\/?p=196122"},"modified":"2025-11-29T19:19:34","modified_gmt":"2025-11-29T19:19:34","slug":"sivupoyta-taysi-mangopuu-65x40x76-cm","status":"publish","type":"product","link":"https:\/\/www.otiumhome.fi\/index.php\/tuote\/sivupoyta-taysi-mangopuu-65x40x76-cm\/","title":{"rendered":"Sivup\u00f6yt\u00e4 t\u00e4ysi mangopuu 65x40x76 cm"},"content":{"rendered":"<p>Maalaistyylinen sivup\u00f6yt\u00e4 on k\u00e4yt\u00e4nn\u00f6llinen ja todella koristeellinen lis\u00e4 eteiseesi, olo- tai takkahuoneeseesi. Sit\u00e4 voidaan k\u00e4ytt\u00e4\u00e4 my\u00f6s konsoli- tai p\u00e4\u00e4typ\u00f6yt\u00e4n\u00e4, siin\u00e4 on my\u00f6s k\u00e4tev\u00e4 tarjotinp\u00f6yt\u00e4levy.<\/p>\n<\/p>\n<p>Sivup\u00f6yt\u00e4 on valmistettu t\u00e4ydest\u00e4 mangopuusta, joka on vankka, vakaa, kest\u00e4v\u00e4 ja kaunis materiaali. Ammattitaitoinen ty\u00f6nj\u00e4lki korostaa sen upeaa retrotyyli\u00e4. Jokainen ty\u00f6vaihe hiomisesta lakkaukseen on suoritettu eritt\u00e4in huolellisesti. Taidokas k\u00e4denj\u00e4lki ja kauniit pintakuviot tekev\u00e4t jokaisesta huonekalusta ainutlaatuisen ja hieman erilaisen kuin muut. P\u00f6yt\u00e4levy toimii my\u00f6s tarjottimena, joka on helppo irrottaa erilliseen k\u00e4ytt\u00f6\u00f6n tarpeen vaatiessa ja siin\u00e4 on reilusti tilaa juomille tai koriste-esineille, kuten hedelm\u00e4koreille tai vaaseille. Kahdella laatikolla varustettu sivup\u00f6yt\u00e4 pit\u00e4\u00e4 pienesineesi j\u00e4rjestyksess\u00e4 ja k\u00e4tesi ulottuvilla. X-muotoiset jalat lis\u00e4\u00e4v\u00e4t sen vakautta ja upeaa retrotyyli\u00e4. Helppo koota.<\/p>\n<\/p>\n<p>T\u00e4rke\u00e4 huomio: pintakuviot ja v\u00e4rit vaihtelevat kappaleesta toiseen, mik\u00e4 tekee jokaisesta konsolip\u00f6yd\u00e4st\u00e4 ainutlaatuisen; toimitus on sattumanvarainen.<\/p>\n<ul>\n<li>Materiaali: t\u00e4ysi mangopuu<\/li>\n<li>Mitat: 65 x 40 x 76 cm (P x L x K)<\/li>\n<li>Kaksi vetolaatikkoa ja yksi suuri tarjotin<\/li>\n<li>Hiottu, maalattu ja lakattu<\/li>\n<li>Helppo koota<\/li>\n<li>VAROITUS: kaatumisen est\u00e4miseksi on t\u00e4t\u00e4 tuotetta k\u00e4ytett\u00e4v\u00e4 mukana toimitetun sein\u00e4kiinnityslaitteen kanssa.<\/li>\n<li>Legal Documents:\n<p><span>Lis\u00e4tietoja huonekalujesi kaatumisen est\u00e4misest\u00e4 voit l\u00f6yt\u00e4\u00e4 <span style=\"text-decoration: underline\"><strong><a title=\"https:\/\/bit.ly\/3bVwkQp\" href=\"https:\/\/bit.ly\/3bVwkQp\" target=\"_blank\">t\u00e4\u00e4lt\u00e4<\/a><\/strong><\/span><\/span><\/p>\n<\/li>\n<\/ul>\n","protected":false},"excerpt":{"rendered":"<ul>\n<li>Materiaali: t\u00e4ysi mangopuu<\/li>\n<li>Mitat: 65 x 40 x 76 cm (P x L x K)<\/li>\n<li>Kaksi vetolaatikkoa ja yksi suuri tarjotin<\/li>\n<li>Hiottu, maalattu ja lakattu<\/li>\n<li>Helppo koota<\/li>\n<li>VAROITUS: kaatumisen est\u00e4miseksi on t\u00e4t\u00e4 tuotetta k\u00e4ytett\u00e4v\u00e4 mukana toimitetun sein\u00e4kiinnityslaitteen kanssa.<\/li>\n<li>Legal Documents:\n<p><span>Lis\u00e4tietoja huonekalujesi kaatumisen est\u00e4misest\u00e4 voit l\u00f6yt\u00e4\u00e4 <span style=\"text-decoration: underline\"><strong><a title=\"https:\/\/bit.ly\/3bVwkQp\" href=\"https:\/\/bit.ly\/3bVwkQp\" target=\"_blank\">t\u00e4\u00e4lt\u00e4<\/a><\/strong><\/span><\/span><\/p>\n<\/li>\n<\/ul>\n","protected":false},"featured_media":100000196122,"comment_status":"closed","ping_status":"closed","template":"","meta":[],"product_brand":[],"product_cat":[8534,84,8533],"product_tag":[],"class_list":{"0":"post-196122","1":"product","2":"type-product","3":"status-publish","4":"has-post-thumbnail","6":"product_cat-apupoydat","7":"product_cat-huonekalut","8":"product_cat-sivupoydat","10":"first","11":"instock","12":"taxable","13":"shipping-taxable","14":"purchasable","15":"product-type-simple"},"_links":{"self":[{"href":"https:\/\/www.otiumhome.fi\/index.php\/wp-json\/wp\/v2\/product\/196122","targetHints":{"allow":["GET"]}}],"collection":[{"href":"https:\/\/www.otiumhome.fi\/index.php\/wp-json\/wp\/v2\/product"}],"about":[{"href":"https:\/\/www.otiumhome.fi\/index.php\/wp-json\/wp\/v2\/types\/product"}],"replies":[{"embeddable":true,"href":"https:\/\/www.otiumhome.fi\/index.php\/wp-json\/wp\/v2\/comments?post=196122"}],"wp:featuredmedia":[{"embeddable":true,"href":"https:\/\/www.otiumhome.fi\/index.php\/wp-json\/"}],"wp:attachment":[{"href":"https:\/\/www.otiumhome.fi\/index.php\/wp-json\/wp\/v2\/media?parent=196122"}],"wp:term":[{"taxonomy":"product_brand","embeddable":true,"href":"https:\/\/www.otiumhome.fi\/index.php\/wp-json\/wp\/v2\/product_brand?post=196122"},{"taxonomy":"product_cat","embeddable":true,"href":"https:\/\/www.otiumhome.fi\/index.php\/wp-json\/wp\/v2\/product_cat?post=196122"},{"taxonomy":"product_tag","embeddable":true,"href":"https:\/\/www.otiumhome.fi\/index.php\/wp-json\/wp\/v2\/product_tag?post=196122"}],"curies":[{"name":"wp","href":"https:\/\/api.w.org\/{rel}","templated":true}]}}