{"id":195635,"date":"2025-11-24T14:52:18","date_gmt":"2025-11-24T14:52:18","guid":{"rendered":"https:\/\/www.otiumhome.fi\/?p=195635"},"modified":"2025-12-09T12:02:45","modified_gmt":"2025-12-09T12:02:45","slug":"sangyn-runko-paatylla-savupahkina-4ft6-double-massiivinen-manty","status":"publish","type":"product","link":"https:\/\/www.otiumhome.fi\/index.php\/tuote\/sangyn-runko-paatylla-savupahkina-4ft6-double-massiivinen-manty\/","title":{"rendered":"S\u00e4ngyn runko p\u00e4\u00e4tyll\u00e4 Savup\u00e4hkin\u00e4 4FT6 Double Massiivinen m\u00e4nty"},"content":{"rendered":"<p>T\u00e4\u00e4 moderni ja tyylik\u00e4s s\u00e4nkyrunko on t\u00e4ydellinen niille, jotka haluaa lis\u00e4t\u00e4 k\u00e4yt\u00e4nn\u00f6llisen, mutta silti tyylikk\u00e4\u00e4n osan makuuhuoneeseen. Minimalistinen muotoilu ja siistit linjat tekev\u00e4t siit\u00e4 helpon yhdistett\u00e4vyyden moderniin kodin sisustukseen, luoden rauhallisen ja kutsuvan tunnelman. Tekninen puu tekee siit\u00e4 kest\u00e4v\u00e4n ja luotettavan perustan mukavalle unelle. J\u00e4m\u00e4kk\u00e4 p\u00e4\u00e4tylauta tuo tyyli\u00e4 ja tukea yhteen pakettiin. T\u00e4m\u00e4 s\u00e4nkyrunko on loistava niin aikuisille kuin lapsille, se tukee rauhallista unta ja parantaa huoneen ilmett\u00e4.<\/p>\n<ul>\n<li><b>Materiaalit:<\/b> T\u00e4\u00e4 runko on rakennettu teknisest\u00e4 puusta, joka ei vaan n\u00e4yt\u00e4 hyv\u00e4lt\u00e4, vaan on my\u00f6s luotettava ja kest\u00e4v\u00e4 pitk\u00e4\u00e4n. J\u00e4m\u00e4kk\u00e4 m\u00e4nty p\u00e4\u00e4tylauta tuo luonnollista ilmett\u00e4, ja sopii monenlaiseen sisustukseen. Laadukkaat materiaalit takaa, ett\u00e4 t\u00e4\u00e4 s\u00e4nky kest\u00e4\u00e4 k\u00e4ytt\u00f6\u00e4 ja pysyy hyv\u00e4ss\u00e4 kunnossa pitk\u00e4\u00e4n.<\/li>\n<li><b>Ominaisuudet \/ Toiminto \/ Muotoilu:<\/b> T\u00e4\u00e4 s\u00e4nkyrunko yhdist\u00e4\u00e4 modernin tyylin, joka korostaa k\u00e4yt\u00e4nn\u00f6llisyytt\u00e4 ja yksinkertaisuutta. Siisti muotoilu ilman liikaa koristelua tuo tukea ja tilaa patjalle, ilman turhaa massiivisuutta. Sen muotoilu on helppo yhdist\u00e4\u00e4 nykyaikaisiin tiloihin ja tekee niist\u00e4 entist\u00e4 kauniimpia.<\/li>\n<li><b>Suositellut k\u00e4ytt\u00f6tarkoitukset:<\/b> T\u00e4m\u00e4 runko on tehty sis\u00e4k\u00e4ytt\u00f6\u00f6n makuuhuoneissa, se sopii niin aikuisille kuin lapsille, ja se on t\u00e4ydellinen p\u00e4\u00e4makuuhuoneeseen tai vierashuoneeseen. Sen joustava muotoilu takaa, ett\u00e4 se sopii eri asumistilanteisiin, onpa tila pieni tai iso.<\/li>\n<li><b>Hoito &amp; Huolto:<\/b> T\u00e4m\u00e4n alkuper\u00e4isen ilmeen s\u00e4ilytt\u00e4minen on helppoa, tarvitset vaan muutamia yksinkertaisia hoito-ohjeita. Kostealla liinalla pikapyyhint\u00e4 vie p\u00f6lyn ja lian pois, pit\u00e4en runko n\u00e4tin\u00e4. S\u00e4\u00e4nn\u00f6llinen huolto varmistaa, ett\u00e4 s\u00e4nky pysyy katseenvangitsijana, yhdist\u00e4en kauneuden ja k\u00e4yt\u00e4nn\u00f6llisyyden.<\/li>\n<\/ul>\n<ul>\n<li>V\u00e4ri: Savup\u00e4hkin\u00e4<\/li>\n<li>Materiaali: Massiivinen m\u00e4nty<\/li>\n<li>Kehysmateriaali: Tekninen puu<\/li>\n<li>Yleiset mitat: 138 x 196 x 100 cm (P x L x K)<\/li>\n<li>Patjan koko: Brittil\u00e4inen kahden hengen s\u00e4nky (135 cm x 190 cm \/ 54&#8243; x 75&#8243;)<\/li>\n<li>Enimm\u00e4ispaino: 200 kg<\/li>\n<li>Onko slated kehys: Kyll\u00e4<\/li>\n<li>Enimm\u00e4ism\u00e4\u00e4r\u00e4 ihmisi\u00e4: 2<\/li>\n<li>Kest\u00e4v\u00e4<\/li>\n<li>Helppo puhdistaa<\/li>\n<li>Kokoonpano vaaditaan: Kyll\u00e4<\/li>\n<li>Toimitus-:<\/li>\n<li>1 x s\u00e4ngynrunko<\/li>\n<li>1 x s\u00e4ngynp\u00e4\u00e4ty<\/li>\n<\/ul>\n","protected":false},"excerpt":{"rendered":"<ul>\n<li>V\u00e4ri: Savup\u00e4hkin\u00e4<\/li>\n<li>Materiaali: Massiivinen m\u00e4nty<\/li>\n<li>Kehysmateriaali: Tekninen puu<\/li>\n<li>Yleiset mitat: 138 x 196 x 100 cm (P x L x K)<\/li>\n<li>Patjan koko: Brittil\u00e4inen kahden hengen s\u00e4nky (135 cm x 190 cm \/ 54&#8243; x 75&#8243;)<\/li>\n<li>Enimm\u00e4ispaino: 200 kg<\/li>\n<li>Onko slated kehys: Kyll\u00e4<\/li>\n<li>Enimm\u00e4ism\u00e4\u00e4r\u00e4 ihmisi\u00e4: 2<\/li>\n<li>Kest\u00e4v\u00e4<\/li>\n<li>Helppo puhdistaa<\/li>\n<li>Kokoonpano vaaditaan: Kyll\u00e4<\/li>\n<li>Toimitus-:<\/li>\n<li>1 x s\u00e4ngynrunko<\/li>\n<li>1 x s\u00e4ngynp\u00e4\u00e4ty<\/li>\n<\/ul>\n","protected":false},"featured_media":100000195635,"comment_status":"closed","ping_status":"closed","template":"","meta":[],"product_brand":[],"product_cat":[84,8638],"product_tag":[],"class_list":{"0":"post-195635","1":"product","2":"type-product","3":"status-publish","4":"has-post-thumbnail","6":"product_cat-huonekalut","7":"product_cat-sangyt-sangynrungot","9":"first","10":"instock","11":"taxable","12":"shipping-taxable","13":"purchasable","14":"product-type-simple"},"_links":{"self":[{"href":"https:\/\/www.otiumhome.fi\/index.php\/wp-json\/wp\/v2\/product\/195635","targetHints":{"allow":["GET"]}}],"collection":[{"href":"https:\/\/www.otiumhome.fi\/index.php\/wp-json\/wp\/v2\/product"}],"about":[{"href":"https:\/\/www.otiumhome.fi\/index.php\/wp-json\/wp\/v2\/types\/product"}],"replies":[{"embeddable":true,"href":"https:\/\/www.otiumhome.fi\/index.php\/wp-json\/wp\/v2\/comments?post=195635"}],"wp:featuredmedia":[{"embeddable":true,"href":"https:\/\/www.otiumhome.fi\/index.php\/wp-json\/"}],"wp:attachment":[{"href":"https:\/\/www.otiumhome.fi\/index.php\/wp-json\/wp\/v2\/media?parent=195635"}],"wp:term":[{"taxonomy":"product_brand","embeddable":true,"href":"https:\/\/www.otiumhome.fi\/index.php\/wp-json\/wp\/v2\/product_brand?post=195635"},{"taxonomy":"product_cat","embeddable":true,"href":"https:\/\/www.otiumhome.fi\/index.php\/wp-json\/wp\/v2\/product_cat?post=195635"},{"taxonomy":"product_tag","embeddable":true,"href":"https:\/\/www.otiumhome.fi\/index.php\/wp-json\/wp\/v2\/product_tag?post=195635"}],"curies":[{"name":"wp","href":"https:\/\/api.w.org\/{rel}","templated":true}]}}