{"id":195485,"date":"2025-11-24T14:21:01","date_gmt":"2025-11-24T14:21:01","guid":{"rendered":"https:\/\/www.otiumhome.fi\/?p=195485"},"modified":"2026-01-13T00:51:18","modified_gmt":"2026-01-13T00:51:18","slug":"sangyn-runko-ruskea-tammi-2ft6-small-single-tekninen-puu","status":"publish","type":"product","link":"https:\/\/www.otiumhome.fi\/index.php\/tuote\/sangyn-runko-ruskea-tammi-2ft6-small-single-tekninen-puu\/","title":{"rendered":"S\u00e4ngyn runko Ruskea tammi 2FT6 Small Single Tekninen puu"},"content":{"rendered":"<p>T\u00e4m\u00e4 s\u00e4ngyn runko antaa makuuhuoneellesi modernin ja tyylikk\u00e4\u00e4n ilmeen. Sen yksinkertainen ja minimalistinen muotoilu sopii hyvin nykyaikaiseen sisustukseen. Tekninen puu tuo mukanaan tyyli\u00e4 ja k\u00e4yt\u00e4nn\u00f6llisyytt\u00e4, sill\u00e4 sis\u00e4\u00e4nrakennetut s\u00e4ilytyslaatikot auttavat pit\u00e4m\u00e4\u00e4n asiat j\u00e4rjestyksess\u00e4. Kohotettu muoto tekee siit\u00e4 sopivan niin moderniin kaupunkisisustukseen kuin perinteisemp\u00e4\u00e4n makuuhuoneeseen.<\/p>\n<ul>\n<li><b>Tekninen puu<\/b> takaa kest\u00e4v\u00e4n rakenteen, joka kest\u00e4\u00e4 k\u00e4ytt\u00f6\u00e4 pitk\u00e4\u00e4n. Se yhdist\u00e4\u00e4 luonnollisen puun l\u00e4mp\u00f6\u00e4 ja rakenteellista vakautta, joten se sopii erinomaisesti laatuvaatimuksiin.<\/li>\n<li><b>Vahvat laatikot<\/b> integroituna s\u00e4ngyn alle tarjoavat runsaasti s\u00e4ilytystilaa. N\u00e4m\u00e4 vetolaatikot suljetaan tyylikk\u00e4ill\u00e4 kahvoilla, joten p\u00e4\u00e4set t\u00e4rkeisiin tavaroihisi helposti ja nopeasti.<\/li>\n<li><b>Toiminnallinen p\u00e4\u00e4ty<\/b> tuo tyyli\u00e4 ja tukea. Se yhdist\u00e4\u00e4 esteettisyyden ja mukavuuden, ja tarjoaa paikan rentoutumiselle.<\/li>\n<li><b>Kiinte\u00e4 s\u00e4lepohja<\/b> varmistaa tukevan tuen eri patjatyyppien kanssa, mik\u00e4 tekee nukkumisesta mukavaa. Se on edullinen ilman kompromisseja laadussa, mik\u00e4 sopii moderniin makuuhuoneeseen.<\/li>\n<li><b>Yll\u00e4pito on helppoa<\/b> yksinkertaisten ohjeiden ansiosta. Nopeasti pyyhk\u00e4isem\u00e4ll\u00e4 kostealla liinalla s\u00e4ngyn runko pysyy siistin\u00e4 ja raikkaana ilman vaivann\u00e4k\u00f6\u00e4.<\/li>\n<\/ul>\n<ul>\n<li>V\u00e4ri: Ruskea tammi<\/li>\n<li>Materiaali: Tekninen puu<\/li>\n<li>Kehysmateriaali: Tekninen puu<\/li>\n<li>Yleiset mitat: 193 x 78 x 100 cm (P x L x K)<\/li>\n<li>Enimm\u00e4ispaino: 100 kg<\/li>\n<li>Enimm\u00e4ism\u00e4\u00e4r\u00e4 ihmisi\u00e4: 1<\/li>\n<li>Kest\u00e4v\u00e4<\/li>\n<li>Runsaasti s\u00e4ilytystilaa<\/li>\n<li>S\u00e4ngyn korkeus: 32 cm<\/li>\n<li>Helppo puhdistaa<\/li>\n<li>Helppo kokoaminen<\/li>\n<li>Laatikkojen kehys mukana<\/li>\n<li>S\u00e4ngynp\u00e4\u00e4ty mukana<\/li>\n<li>Laatikolla<\/li>\n<li>Kokoonpano vaaditaan: Kyll\u00e4<\/li>\n<li>Toimitus-:<\/li>\n<li>1 x s\u00e4ngynrunko<\/li>\n<li>1 x s\u00e4ngynp\u00e4\u00e4ty<\/li>\n<\/ul>\n","protected":false},"excerpt":{"rendered":"<ul>\n<li>V\u00e4ri: Ruskea tammi<\/li>\n<li>Materiaali: Tekninen puu<\/li>\n<li>Kehysmateriaali: Tekninen puu<\/li>\n<li>Yleiset mitat: 193 x 78 x 100 cm (P x L x K)<\/li>\n<li>Enimm\u00e4ispaino: 100 kg<\/li>\n<li>Enimm\u00e4ism\u00e4\u00e4r\u00e4 ihmisi\u00e4: 1<\/li>\n<li>Kest\u00e4v\u00e4<\/li>\n<li>Runsaasti s\u00e4ilytystilaa<\/li>\n<li>S\u00e4ngyn korkeus: 32 cm<\/li>\n<li>Helppo puhdistaa<\/li>\n<li>Helppo kokoaminen<\/li>\n<li>Laatikkojen kehys mukana<\/li>\n<li>S\u00e4ngynp\u00e4\u00e4ty mukana<\/li>\n<li>Laatikolla<\/li>\n<li>Kokoonpano vaaditaan: Kyll\u00e4<\/li>\n<li>Toimitus-:<\/li>\n<li>1 x s\u00e4ngynrunko<\/li>\n<li>1 x s\u00e4ngynp\u00e4\u00e4ty<\/li>\n<\/ul>\n","protected":false},"featured_media":100000195485,"comment_status":"closed","ping_status":"closed","template":"","meta":[],"product_brand":[],"product_cat":[84,8638],"product_tag":[],"class_list":{"0":"post-195485","1":"product","2":"type-product","3":"status-publish","4":"has-post-thumbnail","6":"product_cat-huonekalut","7":"product_cat-sangyt-sangynrungot","9":"first","10":"instock","11":"taxable","12":"shipping-taxable","13":"purchasable","14":"product-type-simple"},"_links":{"self":[{"href":"https:\/\/www.otiumhome.fi\/index.php\/wp-json\/wp\/v2\/product\/195485","targetHints":{"allow":["GET"]}}],"collection":[{"href":"https:\/\/www.otiumhome.fi\/index.php\/wp-json\/wp\/v2\/product"}],"about":[{"href":"https:\/\/www.otiumhome.fi\/index.php\/wp-json\/wp\/v2\/types\/product"}],"replies":[{"embeddable":true,"href":"https:\/\/www.otiumhome.fi\/index.php\/wp-json\/wp\/v2\/comments?post=195485"}],"wp:featuredmedia":[{"embeddable":true,"href":"https:\/\/www.otiumhome.fi\/index.php\/wp-json\/"}],"wp:attachment":[{"href":"https:\/\/www.otiumhome.fi\/index.php\/wp-json\/wp\/v2\/media?parent=195485"}],"wp:term":[{"taxonomy":"product_brand","embeddable":true,"href":"https:\/\/www.otiumhome.fi\/index.php\/wp-json\/wp\/v2\/product_brand?post=195485"},{"taxonomy":"product_cat","embeddable":true,"href":"https:\/\/www.otiumhome.fi\/index.php\/wp-json\/wp\/v2\/product_cat?post=195485"},{"taxonomy":"product_tag","embeddable":true,"href":"https:\/\/www.otiumhome.fi\/index.php\/wp-json\/wp\/v2\/product_tag?post=195485"}],"curies":[{"name":"wp","href":"https:\/\/api.w.org\/{rel}","templated":true}]}}