{"id":193038,"date":"2025-11-24T04:08:28","date_gmt":"2025-11-24T04:08:28","guid":{"rendered":"https:\/\/www.otiumhome.fi\/?p=193038"},"modified":"2025-11-25T07:17:33","modified_gmt":"2025-11-25T07:17:33","slug":"kylpyhuoneen-ripustuskaappi-38x335x48-cm-massiivipuu-mango","status":"publish","type":"product","link":"https:\/\/www.otiumhome.fi\/index.php\/tuote\/kylpyhuoneen-ripustuskaappi-38x335x48-cm-massiivipuu-mango\/","title":{"rendered":"Kylpyhuoneen ripustuskaappi 38&#215;33,5&#215;48 cm Massiivipuu Mango"},"content":{"rendered":"<p>T\u00e4m\u00e4 kylpyhuoneen ripustuskaappi k\u00e4yt\u00e4nn\u00f6llisesti muotoillaan on todellinen katseenvangitsija kotisi sisustukseen.<\/p>\n<\/p>\n<ul>\n<li>Tukeva ja vakaa materiaali: T\u00e4ysi mangopuu on vankka trooppinen lehtipuu, joka on eritt\u00e4in suosittu huonekalujen valmistuksessa sen poikkeuksellisen kest\u00e4vyyden ja lujuuden vuoksi. Sen kauniit puunsyyt tekev\u00e4t jokaisesta tuotteesta ainutlaatuisen ja seuraavasta eroavan.<\/li>\n<li>Runsaasti s\u00e4ilytystilaa: Kaappi tarjoaa runsaasti tilaa t\u00e4rkeiden hygieniatarvikkeiden ja kylpytarvikkeiden, kuten saippuoiden, shampoon, hammastahnan jne., s\u00e4ilytt\u00e4miseen.<\/li>\n<li>K\u00e4yt\u00e4nn\u00f6llinen ovi: Ripustettavan sein\u00e4kaapin ovi tarjoaa suljettua s\u00e4ilytystilaa pit\u00e4\u00e4ksesi tavarasi j\u00e4rjestyksess\u00e4, suojattuna ja poissa n\u00e4kyvist\u00e4.<\/li>\n<li>Tilaa s\u00e4\u00e4st\u00e4v\u00e4 muotoilu: T\u00e4m\u00e4 s\u00e4ilytyskaappi voidaan asentaa sein\u00e4lle lis\u00e4\u00e4m\u00e4\u00e4n s\u00e4ilytystilaa.<\/li>\n<\/ul>\n<p>Hyv\u00e4 tiet\u00e4\u00e4:<\/p>\n<ul>\n<li>Jokainen kappale on ainutlaatuisen eroavilla v\u00e4reill\u00e4 ja puunsyill\u00e4. Toimitus on sattumanvarainen, t\u00e4m\u00e4 takaa tuotteesi erityisyyden ja ainutlaatuisuuden.<\/li>\n<\/ul>\n<ul>\n<li>Materiaali: Mango natural valkoisella maaliverkolla, tekninen puu, metalli<\/li>\n<li>Mitat: 38 x 33,5 x 48 cm (L x S x K)<\/li>\n<li>Jalkojen korkeus: 10 cm<\/li>\n<li>1 ovi<\/li>\n<li>Asennus vaaditaan: Kyll\u00e4<\/li>\n<\/ul>\n","protected":false},"excerpt":{"rendered":"<ul>\n<li>Materiaali: Mango natural valkoisella maaliverkolla, tekninen puu, metalli<\/li>\n<li>Mitat: 38 x 33,5 x 48 cm (L x S x K)<\/li>\n<li>Jalkojen korkeus: 10 cm<\/li>\n<li>1 ovi<\/li>\n<li>Asennus vaaditaan: Kyll\u00e4<\/li>\n<\/ul>\n","protected":false},"featured_media":100000193038,"comment_status":"closed","ping_status":"closed","template":"","meta":[],"product_brand":[],"product_cat":[84,8560],"product_tag":[],"class_list":{"0":"post-193038","1":"product","2":"type-product","3":"status-publish","4":"has-post-thumbnail","6":"product_cat-huonekalut","7":"product_cat-kylpyhuoneen-kalusteet","9":"first","10":"instock","11":"taxable","12":"shipping-taxable","13":"purchasable","14":"product-type-simple"},"_links":{"self":[{"href":"https:\/\/www.otiumhome.fi\/index.php\/wp-json\/wp\/v2\/product\/193038","targetHints":{"allow":["GET"]}}],"collection":[{"href":"https:\/\/www.otiumhome.fi\/index.php\/wp-json\/wp\/v2\/product"}],"about":[{"href":"https:\/\/www.otiumhome.fi\/index.php\/wp-json\/wp\/v2\/types\/product"}],"replies":[{"embeddable":true,"href":"https:\/\/www.otiumhome.fi\/index.php\/wp-json\/wp\/v2\/comments?post=193038"}],"wp:featuredmedia":[{"embeddable":true,"href":"https:\/\/www.otiumhome.fi\/index.php\/wp-json\/"}],"wp:attachment":[{"href":"https:\/\/www.otiumhome.fi\/index.php\/wp-json\/wp\/v2\/media?parent=193038"}],"wp:term":[{"taxonomy":"product_brand","embeddable":true,"href":"https:\/\/www.otiumhome.fi\/index.php\/wp-json\/wp\/v2\/product_brand?post=193038"},{"taxonomy":"product_cat","embeddable":true,"href":"https:\/\/www.otiumhome.fi\/index.php\/wp-json\/wp\/v2\/product_cat?post=193038"},{"taxonomy":"product_tag","embeddable":true,"href":"https:\/\/www.otiumhome.fi\/index.php\/wp-json\/wp\/v2\/product_tag?post=193038"}],"curies":[{"name":"wp","href":"https:\/\/api.w.org\/{rel}","templated":true}]}}