{"id":192621,"date":"2025-11-19T07:37:59","date_gmt":"2025-11-19T07:37:59","guid":{"rendered":"https:\/\/www.otiumhome.fi\/?p=192621"},"modified":"2025-12-09T11:37:54","modified_gmt":"2025-12-09T11:37:54","slug":"sangyn-runko-vanha-puu-90-x-200-cm-massiivinen-manty","status":"publish","type":"product","link":"https:\/\/www.otiumhome.fi\/index.php\/tuote\/sangyn-runko-vanha-puu-90-x-200-cm-massiivinen-manty\/","title":{"rendered":"S\u00e4ngyn runko Vanha Puu 90 x 200 cm Massiivinen m\u00e4nty"},"content":{"rendered":"<p>Moderni s\u00e4ngynrunko yhdist\u00e4\u00e4 ajattoman rustiikkisen vieh\u00e4tyksen kest\u00e4v\u00e4\u00e4n toimivuuteen. Se on t\u00e4ydellinen valinta mihin tahansa makuuhuoneeseen, joka kaipaa luonnollista ja karkeaa estetiikkaa. Suorakaide-muoto ja t\u00e4ysm\u00e4ntyrakenne tuovat l\u00e4mp\u00f6\u00e4 ja tukevuutta, auttaen sek\u00e4 aikuisia ett\u00e4 lapsia. T\u00e4m\u00e4 s\u00e4ngynrunko lupaa parantaa tilasi hillityll\u00e4 eleganssilla ja k\u00e4yt\u00e4nn\u00f6llisell\u00e4 suunnittelulla.<\/p>\n<ul>\n<li><b>Kest\u00e4v\u00e4 m\u00e4ntyrakennus:<\/b> T\u00e4m\u00e4 t\u00e4ysm\u00e4ntypuusta tehty runko takaa pitk\u00e4n k\u00e4ytt\u00f6i\u00e4n ja luonnollisen ilmeen, joka sopii moneen makuuhuoneen tyyliin. Kest\u00e4v\u00e4 rakenne varmistaa pitk\u00e4aikaisen k\u00e4yt\u00f6n ja kest\u00e4vyyden jokap\u00e4iv\u00e4ist\u00e4 kulutusta vastaan, s\u00e4ilytt\u00e4en samalla rustiikkisen vieh\u00e4tyst\u00e4.<\/li>\n<li><b>Toiminnalliset s\u00e4ilytysmahdollisuudet:<\/b> Perinteiset vetolaatikot t\u00e4ysm\u00e4ntylevyist\u00e4 tarjoavat k\u00e4tev\u00e4\u00e4 s\u00e4ilytystilaa makuuhuoneeseen. Laatikoiden vet\u00e4minen on helppoa hyvin suunniteltujen kahvojen ansiosta, pit\u00e4en s\u00e4ilytyksen huomaamattomana ja helposti saatavilla.<\/li>\n<li><b>Helppo kokoamisprosessi:<\/b> Kokoaminen vaatii kaksi henkil\u00f6\u00e4 ja ruuvimeisselin. Suora kokoaminen takaa, ett\u00e4 saat s\u00e4ngynrungon nopeasti pystyyn ilman monimutkaista asiantuntemusta, mik\u00e4 tekee siit\u00e4 helpon valinnan kaikille.<\/li>\n<li><b>Rustiikkinen estetiikka:<\/b> Edustaa luonnollisten ja karkeiden elementtien kauneutta, sopien rustiikkiseen ja moderniin tyyliin. Puiden ainutlaatuiset syyt ja kuviot tuovat esiin sen luonnolliset juuret, lis\u00e4ten l\u00e4mp\u00f6\u00e4 ja luonteenpiirteit\u00e4 nukkumatilaasi.<\/li>\n<li><b>Matalan kunnossapidon:<\/b> Pyyhi vain kostealla liinalla, niin se n\u00e4ytt\u00e4\u00e4 hyv\u00e4lt\u00e4. T\u00e4m\u00e4 helppo hoito varmistaa pitk\u00e4ik\u00e4isyyden ja helpottaa yll\u00e4pitoa, jotta voit nauttia s\u00e4ngynrunko luonnollisista kauneuksista ilman suurta vaivann\u00e4k\u00f6\u00e4.<\/li>\n<\/ul>\n<ul>\n<li>V\u00e4ri: Vanha puu<\/li>\n<li>Materiaali: Massiivinen m\u00e4nty<\/li>\n<li>Kehysmateriaali: T\u00e4ysi m\u00e4nty<\/li>\n<li>Yleiset mitat: 203 x 93 x 50 cm (P x L x K)<\/li>\n<li>Patjan koko: Yhden hengen s\u00e4nky (90 cm x 200 cm \/ 35&#8243; x 79&#8243;)<\/li>\n<li>Enimm\u00e4ispaino: 100 kg<\/li>\n<li>Onko slated kehys: Kyll\u00e4<\/li>\n<li>Enimm\u00e4ism\u00e4\u00e4r\u00e4 ihmisi\u00e4: 1<\/li>\n<li>Kest\u00e4v\u00e4<\/li>\n<li>Laatikolla<\/li>\n<li>Kokoonpano vaaditaan: Kyll\u00e4<\/li>\n<li>Toimitus-:<\/li>\n<li>1 x S\u00e4nkyrunko<\/li>\n<\/ul>\n","protected":false},"excerpt":{"rendered":"<ul>\n<li>V\u00e4ri: Vanha puu<\/li>\n<li>Materiaali: Massiivinen m\u00e4nty<\/li>\n<li>Kehysmateriaali: T\u00e4ysi m\u00e4nty<\/li>\n<li>Yleiset mitat: 203 x 93 x 50 cm (P x L x K)<\/li>\n<li>Patjan koko: Yhden hengen s\u00e4nky (90 cm x 200 cm \/ 35&#8243; x 79&#8243;)<\/li>\n<li>Enimm\u00e4ispaino: 100 kg<\/li>\n<li>Onko slated kehys: Kyll\u00e4<\/li>\n<li>Enimm\u00e4ism\u00e4\u00e4r\u00e4 ihmisi\u00e4: 1<\/li>\n<li>Kest\u00e4v\u00e4<\/li>\n<li>Laatikolla<\/li>\n<li>Kokoonpano vaaditaan: Kyll\u00e4<\/li>\n<li>Toimitus-:<\/li>\n<li>1 x S\u00e4nkyrunko<\/li>\n<\/ul>\n","protected":false},"featured_media":100000192621,"comment_status":"closed","ping_status":"closed","template":"","meta":[],"product_brand":[],"product_cat":[84,8638],"product_tag":[],"class_list":{"0":"post-192621","1":"product","2":"type-product","3":"status-publish","4":"has-post-thumbnail","6":"product_cat-huonekalut","7":"product_cat-sangyt-sangynrungot","9":"first","10":"instock","11":"taxable","12":"shipping-taxable","13":"purchasable","14":"product-type-simple"},"_links":{"self":[{"href":"https:\/\/www.otiumhome.fi\/index.php\/wp-json\/wp\/v2\/product\/192621","targetHints":{"allow":["GET"]}}],"collection":[{"href":"https:\/\/www.otiumhome.fi\/index.php\/wp-json\/wp\/v2\/product"}],"about":[{"href":"https:\/\/www.otiumhome.fi\/index.php\/wp-json\/wp\/v2\/types\/product"}],"replies":[{"embeddable":true,"href":"https:\/\/www.otiumhome.fi\/index.php\/wp-json\/wp\/v2\/comments?post=192621"}],"wp:featuredmedia":[{"embeddable":true,"href":"https:\/\/www.otiumhome.fi\/index.php\/wp-json\/"}],"wp:attachment":[{"href":"https:\/\/www.otiumhome.fi\/index.php\/wp-json\/wp\/v2\/media?parent=192621"}],"wp:term":[{"taxonomy":"product_brand","embeddable":true,"href":"https:\/\/www.otiumhome.fi\/index.php\/wp-json\/wp\/v2\/product_brand?post=192621"},{"taxonomy":"product_cat","embeddable":true,"href":"https:\/\/www.otiumhome.fi\/index.php\/wp-json\/wp\/v2\/product_cat?post=192621"},{"taxonomy":"product_tag","embeddable":true,"href":"https:\/\/www.otiumhome.fi\/index.php\/wp-json\/wp\/v2\/product_tag?post=192621"}],"curies":[{"name":"wp","href":"https:\/\/api.w.org\/{rel}","templated":true}]}}