{"id":192376,"date":"2025-11-19T07:26:54","date_gmt":"2025-11-19T07:26:54","guid":{"rendered":"https:\/\/www.otiumhome.fi\/?p=192376"},"modified":"2026-01-12T04:16:34","modified_gmt":"2026-01-12T04:16:34","slug":"sangyn-runko-mustaa-ja-hopeaa-5ft-king-size-tekninen-puu","status":"publish","type":"product","link":"https:\/\/www.otiumhome.fi\/index.php\/tuote\/sangyn-runko-mustaa-ja-hopeaa-5ft-king-size-tekninen-puu\/","title":{"rendered":"S\u00e4ngyn runko Mustaa ja hopeaa 5FT King Size Tekninen puu"},"content":{"rendered":"<p>T\u00e4m\u00e4 suorakaiteen muotoinen s\u00e4nkykehys on t\u00e4ydellinen esimerkki modernista makuuhuonekalusteesta. Siistit linjat ja virtaviivainen muotoilu tuovat esiin sen sek\u00e4 tyylin ett\u00e4 k\u00e4yt\u00e4nn\u00f6llisyyden. T\u00e4m\u00e4 s\u00e4nky on loistava valinta kaikille, jotka arvostavat yksinkertaisuutta ja toimintavarmuutta, ja se tuo arvoa mihin tahansa makuuhuoneeseen.<\/p>\n<ul>\n<li><b>Materiaalit:<\/b> Luotettavasta teknisest\u00e4 puusta rakennettu s\u00e4nkykehys tarjoaa vankan ja kest\u00e4v\u00e4n rakenteen. Tekninen puu on tunnettu vakaudestaan ja johdonmukaisuudestaan, luoden t\u00e4ydellisen yhdistelm\u00e4n vahvuutta ja esteettist\u00e4 kauneutta, mik\u00e4 sopii hienostuneeseen minimalistiseen makuuhuoneeseen.<\/li>\n<li><b>Sis\u00e4lt\u00e4\u00e4 komponentteja:<\/b> S\u00e4nkykehyksess\u00e4 on turvallinen p\u00e4\u00e4ty, joka on my\u00f6s teknist\u00e4 puuta, tuoden mukanaan sek\u00e4 visuaalista vieh\u00e4tysvoimaa ett\u00e4 tukea. Yhdistettyn\u00e4 perinteisiin laatikoihin ja tyylikk\u00e4isiin hopeisiin kahvoihin, t\u00e4m\u00e4 s\u00e4nkykehys tuo modernia tyyli\u00e4 ja k\u00e4yt\u00e4nn\u00f6llisyytt\u00e4 kaikkiin makuuhuoneisiin.<\/li>\n<li><b>Ominaisuudet \/ Toiminto \/ Suunnittelu:<\/b> K\u00e4yt\u00e4nn\u00f6llisyys mieless\u00e4 suunniteltu s\u00e4nkykehys tarjoaa paljon s\u00e4ilytystilaa nerokkaasti integroituine laatikoineen, tehden sotkusta menneisyyden. Moderni muotoilu takaa saumatonta yhteensopivuutta mihin tahansa nykyiseen makuuhuoneeseen, tehden sen yht\u00e4 aikaa kauniiksi ja toimivaksi.<\/li>\n<li><b>Suositellut k\u00e4ytt\u00f6tavat:<\/b> Parhaiten toimii vain sis\u00e4tiloissa, erityisesti makuuhuoneissa, t\u00e4m\u00e4 s\u00e4nkykehys tarjoaa rauhallisen levon paikan ja k\u00e4yt\u00e4nn\u00f6n s\u00e4ilytysratkaisut, pit\u00e4en tilan siistin\u00e4 ja j\u00e4rjestyksess\u00e4. Sen moderni tyyli t\u00e4ydent\u00e4\u00e4 monenlaisia huonesuunnitelmia.<\/li>\n<li><b>Hoito ja yll\u00e4pito:<\/b> S\u00e4ilytt\u00e4\u00e4ksesi alkuper\u00e4isen ilmeen, pyyhi vain s\u00e4\u00e4nn\u00f6llisesti kostealla liinalla. T\u00e4m\u00e4 alhainen yll\u00e4pitotarve auttaa pit\u00e4m\u00e4\u00e4n s\u00e4ngyn yht\u00e4 vieh\u00e4tt\u00e4v\u00e4n\u00e4 ja toimivana kuin kokoamishetkell\u00e4, antaen sille pitk\u00e4n aikav\u00e4lin kauneuden.<\/li>\n<\/ul>\n<ul>\n<li>V\u00e4ri: Mustaa ja hopeaa<\/li>\n<li>Materiaali: Tekninen puu<\/li>\n<li>Kehysmateriaali: Tekninen puu<\/li>\n<li>Yleiset mitat: 203 x 153 x 100 cm (P x L x K)<\/li>\n<li>Yhteensopiva patjakoko: Brittil\u00e4inen king (150 cm x 200 cm \/ 60&#8243; x 78&#8243;)<\/li>\n<li>Enimm\u00e4ispaino: 200 kg<\/li>\n<li>Enimm\u00e4ism\u00e4\u00e4r\u00e4 ihmisi\u00e4: 2<\/li>\n<li>Kest\u00e4v\u00e4<\/li>\n<li>Runsaasti s\u00e4ilytystilaa<\/li>\n<li>S\u00e4ngyn korkeus: 32 cm<\/li>\n<li>Helppo puhdistaa<\/li>\n<li>Helppo kokoaminen<\/li>\n<li>Laatikkojen kehys mukana<\/li>\n<li>S\u00e4ngynp\u00e4\u00e4ty mukana<\/li>\n<li>Laatikolla<\/li>\n<li>Kokoonpano vaaditaan: Kyll\u00e4<\/li>\n<li>Toimitus-:<\/li>\n<li>1 x s\u00e4ngynrunko<\/li>\n<li>1 x s\u00e4ngynp\u00e4\u00e4ty<\/li>\n<\/ul>\n","protected":false},"excerpt":{"rendered":"<ul>\n<li>V\u00e4ri: Mustaa ja hopeaa<\/li>\n<li>Materiaali: Tekninen puu<\/li>\n<li>Kehysmateriaali: Tekninen puu<\/li>\n<li>Yleiset mitat: 203 x 153 x 100 cm (P x L x K)<\/li>\n<li>Yhteensopiva patjakoko: Brittil\u00e4inen king (150 cm x 200 cm \/ 60&#8243; x 78&#8243;)<\/li>\n<li>Enimm\u00e4ispaino: 200 kg<\/li>\n<li>Enimm\u00e4ism\u00e4\u00e4r\u00e4 ihmisi\u00e4: 2<\/li>\n<li>Kest\u00e4v\u00e4<\/li>\n<li>Runsaasti s\u00e4ilytystilaa<\/li>\n<li>S\u00e4ngyn korkeus: 32 cm<\/li>\n<li>Helppo puhdistaa<\/li>\n<li>Helppo kokoaminen<\/li>\n<li>Laatikkojen kehys mukana<\/li>\n<li>S\u00e4ngynp\u00e4\u00e4ty mukana<\/li>\n<li>Laatikolla<\/li>\n<li>Kokoonpano vaaditaan: Kyll\u00e4<\/li>\n<li>Toimitus-:<\/li>\n<li>1 x s\u00e4ngynrunko<\/li>\n<li>1 x s\u00e4ngynp\u00e4\u00e4ty<\/li>\n<\/ul>\n","protected":false},"featured_media":100000192376,"comment_status":"closed","ping_status":"closed","template":"","meta":[],"product_brand":[],"product_cat":[84,8638],"product_tag":[],"class_list":{"0":"post-192376","1":"product","2":"type-product","3":"status-publish","4":"has-post-thumbnail","6":"product_cat-huonekalut","7":"product_cat-sangyt-sangynrungot","9":"first","10":"instock","11":"taxable","12":"shipping-taxable","13":"purchasable","14":"product-type-simple"},"_links":{"self":[{"href":"https:\/\/www.otiumhome.fi\/index.php\/wp-json\/wp\/v2\/product\/192376","targetHints":{"allow":["GET"]}}],"collection":[{"href":"https:\/\/www.otiumhome.fi\/index.php\/wp-json\/wp\/v2\/product"}],"about":[{"href":"https:\/\/www.otiumhome.fi\/index.php\/wp-json\/wp\/v2\/types\/product"}],"replies":[{"embeddable":true,"href":"https:\/\/www.otiumhome.fi\/index.php\/wp-json\/wp\/v2\/comments?post=192376"}],"wp:featuredmedia":[{"embeddable":true,"href":"https:\/\/www.otiumhome.fi\/index.php\/wp-json\/"}],"wp:attachment":[{"href":"https:\/\/www.otiumhome.fi\/index.php\/wp-json\/wp\/v2\/media?parent=192376"}],"wp:term":[{"taxonomy":"product_brand","embeddable":true,"href":"https:\/\/www.otiumhome.fi\/index.php\/wp-json\/wp\/v2\/product_brand?post=192376"},{"taxonomy":"product_cat","embeddable":true,"href":"https:\/\/www.otiumhome.fi\/index.php\/wp-json\/wp\/v2\/product_cat?post=192376"},{"taxonomy":"product_tag","embeddable":true,"href":"https:\/\/www.otiumhome.fi\/index.php\/wp-json\/wp\/v2\/product_tag?post=192376"}],"curies":[{"name":"wp","href":"https:\/\/api.w.org\/{rel}","templated":true}]}}