{"id":191905,"date":"2025-11-19T04:17:45","date_gmt":"2025-11-19T04:17:45","guid":{"rendered":"https:\/\/www.otiumhome.fi\/?p=191905"},"modified":"2025-12-20T11:53:48","modified_gmt":"2025-12-20T11:53:48","slug":"tuoli-musta-565-x-70-x-110-cm-sametti","status":"publish","type":"product","link":"https:\/\/www.otiumhome.fi\/index.php\/tuote\/tuoli-musta-565-x-70-x-110-cm-sametti\/","title":{"rendered":"Tuoli Musta 56,5 x 70 x 110 cm Sametti"},"content":{"rendered":"<p>T\u00e4m\u00e4 korkeaselk\u00e4inen Slipper Chair on t\u00e4ydellinen yhdistelm\u00e4 modernia tyyli\u00e4 ja mukavuutta. Se istuu erinomaisesti eri kodin ymp\u00e4rist\u00f6iss\u00e4. Tuolissa on virtaviivainen siluetti ja hillitt\u00f6m\u00e4n tyylik\u00e4s ilme, joka vet\u00e4\u00e4 puoleensa makuuhuoneissa, toimistoissa ja olohuoneissa. Sen samettimainen pinta peitt\u00e4\u00e4 kest\u00e4v\u00e4 rakenteen, jossa on nappiruusukorkea selk\u00e4 ja kapenevat jalat. Sametti tuo l\u00e4mpim\u00e4n ja mukavan tunteen, t\u00e4ydellinen talvikuukaudeksi. Monipuolisuus tekee siit\u00e4 ihanteellisen useisiin sisustustyyleihin, olipa se sitten modernia tai perinteisemp\u00e4\u00e4.<\/p>\n<ul>\n<li><b>Samettipeite:<\/b> Tuolissa on ylellinen samettipeite, joka on mukava, sile\u00e4 ja pehme\u00e4. T\u00e4m\u00e4 materiaali lis\u00e4\u00e4 mukavuutta talvella ja tuo l\u00e4mpim\u00e4n tunnelman huoneeseen. Sametti on samalla sek\u00e4 tyylik\u00e4s ett\u00e4 toiminnallinen, t\u00e4ydellinen valinta houkuttelevien istumapaikkojen luomiseen.<\/li>\n<li><b>Tukeva puurunko:<\/b> Insin\u00f6\u00f6ripuukehyksest\u00e4 rakennettu tuoli on vakaa ja kest\u00e4v\u00e4. Massiivipuun ja vanerin yhdistelm\u00e4ll\u00e4 se tukee max 110 kg, joten istuminen on aina turvallista ja luotettavaa.<\/li>\n<li><b>Nappiruusukorkea selk\u00e4:<\/b> T\u00e4m\u00e4 design tuo retroa fiilist\u00e4 ja parantaa tuolin ulkon\u00e4k\u00f6\u00e4. Korkea selk\u00e4 tarjoaa lis\u00e4ksi tukea ja mukavuutta, mik\u00e4 tekee siit\u00e4 mainion paikan rentoutumiseen.<\/li>\n<li><b>Monipuolinen huonekunto:<\/b> T\u00e4m\u00e4 tuoli sopii erinomaisesti makuuhuoneisiin, olohuoneisiin sek\u00e4 toimistoihin. Sen matalan muotoilun ansiosta se on t\u00e4ydellinen lis\u00e4 istuinten joukkoon tai itsen\u00e4iseksi osaksi mihin tahansa tilaan.<\/li>\n<li><b>Hoito-ohjeet:<\/b> Pid\u00e4 tuolisi kunnossa imuroimalla s\u00e4\u00e4nn\u00f6llisesti ja puhdistamalla varovasti. V\u00e4lt\u00e4 suoraa auringonvaloa, jotta samettikangas pysyy hyv\u00e4ss\u00e4 kunnossa. \u201d <\/li>\n<\/ul>\n<p><strong>T\u00e4rke\u00e4\u00e4 tiet\u00e4\u00e4:<\/strong><\/p>\n<ul>\n<li>Enimm\u00e4ispaino 110 kg per paikka.<\/li>\n<\/ul>\n<ul>\n<li>V\u00e4ri: Musta<\/li>\n<li>Materiaali: Sametti<\/li>\n<li>Yleiset mitat: 56,5 x 70 x 110 cm (P x L x K)<\/li>\n<li>Paino: 9,7 kg<\/li>\n<li>Kest\u00e4v\u00e4<\/li>\n<li>Sile\u00e4 pinta<\/li>\n<li>Pehme\u00e4 pinta<\/li>\n<li>L\u00e4mmin ja mukava tunne<\/li>\n<li>Istuinalue: 55,5 x 50 cm (L x S)<\/li>\n<li>Istuintyyny irrotettava: Vetoketju kiinnitys<\/li>\n<li>Istuimen korkeus maasta: 39 cm<\/li>\n<li>Kehysmateriaali: Tekninen puu<\/li>\n<li>T\u00e4ytt\u00f6materiaali: Polyesterikuitu, vaahdot<\/li>\n<li>Enimm\u00e4ispaino: 110 kg<\/li>\n<li>Vain sis\u00e4k\u00e4ytt\u00f6\u00f6n<\/li>\n<li>Toimitus-:<\/li>\n<li>1 x liukupenkki<\/li>\n<li>Kokoonpano vaaditaan: Kyll\u00e4<\/li>\n<\/ul>\n","protected":false},"excerpt":{"rendered":"<ul>\n<li>V\u00e4ri: Musta<\/li>\n<li>Materiaali: Sametti<\/li>\n<li>Yleiset mitat: 56,5 x 70 x 110 cm (P x L x K)<\/li>\n<li>Paino: 9,7 kg<\/li>\n<li>Kest\u00e4v\u00e4<\/li>\n<li>Sile\u00e4 pinta<\/li>\n<li>Pehme\u00e4 pinta<\/li>\n<li>L\u00e4mmin ja mukava tunne<\/li>\n<li>Istuinalue: 55,5 x 50 cm (L x S)<\/li>\n<li>Istuintyyny irrotettava: Vetoketju kiinnitys<\/li>\n<li>Istuimen korkeus maasta: 39 cm<\/li>\n<li>Kehysmateriaali: Tekninen puu<\/li>\n<li>T\u00e4ytt\u00f6materiaali: Polyesterikuitu, vaahdot<\/li>\n<li>Enimm\u00e4ispaino: 110 kg<\/li>\n<li>Vain sis\u00e4k\u00e4ytt\u00f6\u00f6n<\/li>\n<li>Toimitus-:<\/li>\n<li>1 x liukupenkki<\/li>\n<li>Kokoonpano vaaditaan: Kyll\u00e4<\/li>\n<\/ul>\n","protected":false},"featured_media":100000191905,"comment_status":"closed","ping_status":"closed","template":"","meta":[],"product_brand":[],"product_cat":[84,8569],"product_tag":[],"class_list":{"0":"post-191905","1":"product","2":"type-product","3":"status-publish","4":"has-post-thumbnail","6":"product_cat-huonekalut","7":"product_cat-nojatuolit","9":"first","10":"outofstock","11":"taxable","12":"shipping-taxable","13":"purchasable","14":"product-type-simple"},"_links":{"self":[{"href":"https:\/\/www.otiumhome.fi\/index.php\/wp-json\/wp\/v2\/product\/191905","targetHints":{"allow":["GET"]}}],"collection":[{"href":"https:\/\/www.otiumhome.fi\/index.php\/wp-json\/wp\/v2\/product"}],"about":[{"href":"https:\/\/www.otiumhome.fi\/index.php\/wp-json\/wp\/v2\/types\/product"}],"replies":[{"embeddable":true,"href":"https:\/\/www.otiumhome.fi\/index.php\/wp-json\/wp\/v2\/comments?post=191905"}],"wp:featuredmedia":[{"embeddable":true,"href":"https:\/\/www.otiumhome.fi\/index.php\/wp-json\/"}],"wp:attachment":[{"href":"https:\/\/www.otiumhome.fi\/index.php\/wp-json\/wp\/v2\/media?parent=191905"}],"wp:term":[{"taxonomy":"product_brand","embeddable":true,"href":"https:\/\/www.otiumhome.fi\/index.php\/wp-json\/wp\/v2\/product_brand?post=191905"},{"taxonomy":"product_cat","embeddable":true,"href":"https:\/\/www.otiumhome.fi\/index.php\/wp-json\/wp\/v2\/product_cat?post=191905"},{"taxonomy":"product_tag","embeddable":true,"href":"https:\/\/www.otiumhome.fi\/index.php\/wp-json\/wp\/v2\/product_tag?post=191905"}],"curies":[{"name":"wp","href":"https:\/\/api.w.org\/{rel}","templated":true}]}}