{"id":191103,"date":"2025-11-14T10:10:47","date_gmt":"2025-11-14T10:10:47","guid":{"rendered":"https:\/\/www.otiumhome.fi\/?p=191103"},"modified":"2025-12-09T13:57:36","modified_gmt":"2025-12-09T13:57:36","slug":"sangyn-runko-paatylla-ruskea-90-x-200-cm-tekninen-puu","status":"publish","type":"product","link":"https:\/\/www.otiumhome.fi\/index.php\/tuote\/sangyn-runko-paatylla-ruskea-90-x-200-cm-tekninen-puu\/","title":{"rendered":"S\u00e4ngyn runko p\u00e4\u00e4tyll\u00e4 Ruskea 90 x 200 cm Tekninen puu"},"content":{"rendered":"<p>T\u00e4\u00e4 alustas\u00e4ngyn runko on tyylik\u00e4s yhdistelm\u00e4 modernia muotoilua ja k\u00e4yt\u00e4nn\u00f6llisyytt\u00e4, mik\u00e4 tekee siit\u00e4 t\u00e4ydellisen lis\u00e4n mihin tahansa makuuhuoneeseen. Sen yksinkertaiset, puhtaat linjat ja v\u00e4h\u00e4inen koristelu sulautuvat kevyesti nykyisiin sisustustyyleihin, samalla kun se tarjoaa tukevan rakenteen. Ihanteellinen niille, jotka etsii tyyli\u00e4 ja k\u00e4yt\u00e4nn\u00f6llisyytt\u00e4, t\u00e4\u00e4 s\u00e4ngynrunko sopii monenlaisiin sisustusmalleihin, minimalistisista eklektisiin.<\/p>\n<ul><\/br><\/p>\n<li><b>Massiivim\u00e4nty<\/b> T\u00e4\u00e4 s\u00e4ngynrunko on tehty massiivim\u00e4nnyst\u00e4, joka on tunnettu kest\u00e4vyydest\u00e4\u00e4n ja luonnollisesta naarmuuntumisen kest\u00e4vyydest\u00e4\u00e4n. T\u00e4\u00e4 materiaali takaa k\u00e4ytt\u00e4jille luotettavan ja tukevan tuotteen. Luonnollinen s\u00e4vy tuo ripauksen eleganssia makuuhuoneeseen ja tarjoaa pitk\u00e4\u00e4n k\u00e4ytt\u00f6i\u00e4n.<\/li>\n<p><\/br><\/p>\n<li><b>Suorakaiteen muoto<\/b> T\u00e4\u00e4 runko on muotoiltu yksinkertaiseen ja klassiseen suorakaiteen muotoon, tarjoten ajattoman ja monipuolisen perustan sopivalle patjalle. Puhtaat linjat ja standardikoot tekee siit\u00e4 hienosti saatavilla olevan vaihtoehdon useimmille makuuhuoneille, ilman ett\u00e4 se vie liikaa tilaa.<\/li>\n<p><\/br><\/p>\n<li><b>Kiinte\u00e4 s\u00e4lepohja<\/b> T\u00e4\u00e4 on varustettu kiinte\u00e4ll\u00e4 s\u00e4lepohjalla, joka k\u00e4ytt\u00e4\u00e4 kest\u00e4vi\u00e4 puu- tai metallisateita optimaaliseen tukeen. Vaikka ne ovat j\u00e4ykki\u00e4 ja joustamattomia, n\u00e4\u00e4 s\u00e4leet tarjoavat vahvan ja luotettavan pohjan mille tahansa patjalle, lis\u00e4\u00e4m\u00e4ll\u00e4 mukavuutta ja pident\u00e4en patjan k\u00e4ytt\u00f6ik\u00e4\u00e4.<\/li>\n<p><\/br><\/p>\n<li><b>Moderni yksinkertaisuus<\/b> Minimalististen piirteidens\u00e4 ja selkeiden komponenttiensa takia t\u00e4\u00e4 runko edustaa nykyajan eleganssia. Se luo rauhallisen ja j\u00e4rjestelm\u00e4llisen tunnelman, muuttaen makuuhuoneen rauhalliseksi pyh\u00e4k\u00f6ksi, jota koristaa vaatimaton sis\u00e4inen tyyli.<\/li>\n<p><\/br><\/p>\n<li><b>Helppohoitoisuus<\/b> Pit\u00e4\u00e4kseen erinomaisessa kunnossaan, riitt\u00e4\u00e4 kun pyyhkii kostealla liinalla p\u00f6lyn ja roskat pois. T\u00e4m\u00e4 tekee rungosta k\u00e4yt\u00e4nn\u00f6llisen vaihtoehdon kiireisille perheille, tarjoten v\u00e4h\u00e4n huoltoa vaativan, mutta tyylikk\u00e4\u00e4n kappaleen.<\/li>\n<p><\/br><\/ul>\n<ul>\n<li>V\u00e4ri: Ruskea<\/li>\n<li>Materiaali: Tekninen puu<\/li>\n<li>Kehysmateriaali: T\u00e4ysi m\u00e4nty<\/li>\n<li>Yleiset mitat: 217,5 x 94 x 82 cm (P x L x K)<\/li>\n<li>Patjan koko: Yhden hengen s\u00e4nky (90 cm x 200 cm \/ 35&#8243; x 79&#8243;)<\/li>\n<li>Enimm\u00e4ispaino: 100 kg<\/li>\n<li>Onko slated kehys: Kyll\u00e4<\/li>\n<li>Enimm\u00e4ism\u00e4\u00e4r\u00e4 ihmisi\u00e4: 1<\/li>\n<li>Kest\u00e4v\u00e4<\/li>\n<li>Kokoonpano vaaditaan: Kyll\u00e4<\/li>\n<li>Toimitus-:<\/li>\n<li>1 x S\u00e4nkykeh\u00e4<\/li>\n<\/ul>\n","protected":false},"excerpt":{"rendered":"<ul>\n<li>V\u00e4ri: Ruskea<\/li>\n<li>Materiaali: Tekninen puu<\/li>\n<li>Kehysmateriaali: T\u00e4ysi m\u00e4nty<\/li>\n<li>Yleiset mitat: 217,5 x 94 x 82 cm (P x L x K)<\/li>\n<li>Patjan koko: Yhden hengen s\u00e4nky (90 cm x 200 cm \/ 35&#8243; x 79&#8243;)<\/li>\n<li>Enimm\u00e4ispaino: 100 kg<\/li>\n<li>Onko slated kehys: Kyll\u00e4<\/li>\n<li>Enimm\u00e4ism\u00e4\u00e4r\u00e4 ihmisi\u00e4: 1<\/li>\n<li>Kest\u00e4v\u00e4<\/li>\n<li>Kokoonpano vaaditaan: Kyll\u00e4<\/li>\n<li>Toimitus-:<\/li>\n<li>1 x S\u00e4nkykeh\u00e4<\/li>\n<\/ul>\n","protected":false},"featured_media":100000191103,"comment_status":"closed","ping_status":"closed","template":"","meta":[],"product_brand":[],"product_cat":[84,8638],"product_tag":[],"class_list":{"0":"post-191103","1":"product","2":"type-product","3":"status-publish","4":"has-post-thumbnail","6":"product_cat-huonekalut","7":"product_cat-sangyt-sangynrungot","9":"first","10":"instock","11":"taxable","12":"shipping-taxable","13":"purchasable","14":"product-type-simple"},"_links":{"self":[{"href":"https:\/\/www.otiumhome.fi\/index.php\/wp-json\/wp\/v2\/product\/191103","targetHints":{"allow":["GET"]}}],"collection":[{"href":"https:\/\/www.otiumhome.fi\/index.php\/wp-json\/wp\/v2\/product"}],"about":[{"href":"https:\/\/www.otiumhome.fi\/index.php\/wp-json\/wp\/v2\/types\/product"}],"replies":[{"embeddable":true,"href":"https:\/\/www.otiumhome.fi\/index.php\/wp-json\/wp\/v2\/comments?post=191103"}],"wp:featuredmedia":[{"embeddable":true,"href":"https:\/\/www.otiumhome.fi\/index.php\/wp-json\/"}],"wp:attachment":[{"href":"https:\/\/www.otiumhome.fi\/index.php\/wp-json\/wp\/v2\/media?parent=191103"}],"wp:term":[{"taxonomy":"product_brand","embeddable":true,"href":"https:\/\/www.otiumhome.fi\/index.php\/wp-json\/wp\/v2\/product_brand?post=191103"},{"taxonomy":"product_cat","embeddable":true,"href":"https:\/\/www.otiumhome.fi\/index.php\/wp-json\/wp\/v2\/product_cat?post=191103"},{"taxonomy":"product_tag","embeddable":true,"href":"https:\/\/www.otiumhome.fi\/index.php\/wp-json\/wp\/v2\/product_tag?post=191103"}],"curies":[{"name":"wp","href":"https:\/\/api.w.org\/{rel}","templated":true}]}}