{"id":190713,"date":"2025-11-14T09:39:31","date_gmt":"2025-11-14T09:39:31","guid":{"rendered":"https:\/\/www.otiumhome.fi\/?p=190713"},"modified":"2025-12-09T13:37:29","modified_gmt":"2025-12-09T13:37:29","slug":"sangyn-runko-ruskea-4ft6-double-puu","status":"publish","type":"product","link":"https:\/\/www.otiumhome.fi\/index.php\/tuote\/sangyn-runko-ruskea-4ft6-double-puu\/","title":{"rendered":"S\u00e4ngyn runko Ruskea 4FT6 Double Puu"},"content":{"rendered":"<p>T\u00e4m\u00e4 lattias\u00e4nkykehys y\u00f6p\u00f6yd\u00e4ll\u00e4 on tyylik\u00e4s ja moderni, t\u00e4ydellinen makuuhuoneesi pirist\u00e4miseen. Sen k\u00e4yt\u00e4nn\u00f6llinen mutta simppeli muotoilu integroituu hienosti nykyaikaisiin tai minimalistisiin ilmeisiin ja tarjoaa sek\u00e4 tyyli\u00e4 ett\u00e4 toimivuutta. Suunniteltu erityisesti sis\u00e4k\u00e4ytt\u00f6\u00f6n, s\u00e4nkykehys pit\u00e4\u00e4 asiat yksinkertaisina, ilman turhia koristeita, mik\u00e4 varmistaa sen sopivuuden monenlaiseen makuun. Fiksu valinta kaikille, jotka arvostavat tyylin ja k\u00e4yt\u00e4nn\u00f6llisyyden yhdistelm\u00e4\u00e4.<\/p>\n<ul>\n<li><b>Moderni tyyli:<\/b> Lattias\u00e4nkykehys y\u00f6p\u00f6yd\u00e4ll\u00e4 on yksinkertainen ja k\u00e4yt\u00e4nn\u00f6llinen, joten se sopii t\u00e4ydellisesti moderniin muotoiluun. Sen kauniit linjat ilman liikaa yksityiskohtia tekev\u00e4t siit\u00e4 loistavan valinnan melkein mihin tahansa makuuhuoneeseen, modernista minimalistiseen. Hillitty eleganssi tekee siit\u00e4 t\u00e4ydellisen niille, jotka arvostavat sek\u00e4 tyyli\u00e4 ett\u00e4 k\u00e4yt\u00e4nn\u00f6llisyytt\u00e4.<\/li>\n<li><b>Y\u00f6p\u00f6yt\u00e4 mukana:<\/b> T\u00e4m\u00e4 s\u00e4nkykehys tulee yhdess\u00e4 k\u00e4tev\u00e4n y\u00f6p\u00f6yd\u00e4n kanssa, mik\u00e4 lis\u00e4\u00e4 sen k\u00e4yt\u00e4nn\u00f6llisyytt\u00e4. Se tarjoaa hyv\u00e4n paikan pit\u00e4\u00e4 y\u00f6llisi\u00e4 tarvikkeita l\u00e4hell\u00e4, kuten lamppuja, kirjoja tai laitteita. Y\u00f6p\u00f6yd\u00e4n ansiosta s\u00e4nkykehys on enemm\u00e4n kuin vain nukkumapaikka; se on tyylik\u00e4s ja toiminnallinen keskipiste huoneessasi.<\/li>\n<li><b>Laadukas puukehys:<\/b> Kehys on valmistettu korkealaatuisesta puusta, joka tunnetaan kest\u00e4vyydest\u00e4\u00e4n. T\u00e4m\u00e4 materiaali lis\u00e4\u00e4 stabiliteettia ja tekee siit\u00e4 luotettavan patjojen tukemiseen. Puiset rakenteet tuovat luonnollista ilmett\u00e4, tuoden l\u00e4mp\u00f6\u00e4 mihin tahansa makuuhuoneeseen pit\u00e4en samalla huolta, ett\u00e4 se kest\u00e4\u00e4 aikaa.<\/li>\n<li><b>Suorakulmainen muoto:<\/b> S\u00e4ngyn kehys hy\u00f6dynt\u00e4\u00e4 tilaa tehokkaasti suorakulmaisen muotonsa ansiosta, ja se sopii monenlaisiin huoneisiin. Sit\u00e4 on my\u00f6s helppo koota ja purkaa tarvittaessa, joten voit muuttaa asioita halutessasi. Geometrinen muoto tekee siit\u00e4 joustavan valinnan eri huonej\u00e4rjestelyihin.<\/li>\n<li><b>Helppo huolto:<\/b> Suunniteltu mukavuuden takaamiseksi, s\u00e4nkykehyksen huoltotarve on minimaalinen; nopea pyyhint\u00e4 kuivalla liinalla pit\u00e4\u00e4 sen n\u00e4ytt\u00e4v\u00e4n\u00e4 ilman suurempaa vaivann\u00e4k\u00f6\u00e4. T\u00e4m\u00e4 helppo huolto takaa, ett\u00e4 s\u00e4nkysi n\u00e4ytt\u00e4\u00e4 aina hyv\u00e4lt\u00e4, riippumatta siit\u00e4, mit\u00e4 makuuhuoneessasi tapahtuu.<\/li>\n<\/ul>\n<ul>\n<li>V\u00e4ri: Ruskea<\/li>\n<li>Materiaali: Puu<\/li>\n<li>Kehysmateriaali: Puu<\/li>\n<li>Yleiset mitat: 135 x 190 cm (P x L)<\/li>\n<li>Patjan koko: Brittil\u00e4inen kahden hengen s\u00e4nky (135 cm x 190 cm \/ 54&#8243; x 75&#8243;)<\/li>\n<li>Enimm\u00e4ispaino: 200 kg<\/li>\n<li>Enimm\u00e4ism\u00e4\u00e4r\u00e4 ihmisi\u00e4: 2<\/li>\n<li>Moderni<\/li>\n<li>Kokoonpano vaaditaan: Kyll\u00e4<\/li>\n<li>Toimitus-:<\/li>\n<li>1 x S\u00e4nkyrunko<\/li>\n<\/ul>\n","protected":false},"excerpt":{"rendered":"<ul>\n<li>V\u00e4ri: Ruskea<\/li>\n<li>Materiaali: Puu<\/li>\n<li>Kehysmateriaali: Puu<\/li>\n<li>Yleiset mitat: 135 x 190 cm (P x L)<\/li>\n<li>Patjan koko: Brittil\u00e4inen kahden hengen s\u00e4nky (135 cm x 190 cm \/ 54&#8243; x 75&#8243;)<\/li>\n<li>Enimm\u00e4ispaino: 200 kg<\/li>\n<li>Enimm\u00e4ism\u00e4\u00e4r\u00e4 ihmisi\u00e4: 2<\/li>\n<li>Moderni<\/li>\n<li>Kokoonpano vaaditaan: Kyll\u00e4<\/li>\n<li>Toimitus-:<\/li>\n<li>1 x S\u00e4nkyrunko<\/li>\n<\/ul>\n","protected":false},"featured_media":100000190713,"comment_status":"closed","ping_status":"closed","template":"","meta":[],"product_brand":[],"product_cat":[84,8638],"product_tag":[],"class_list":{"0":"post-190713","1":"product","2":"type-product","3":"status-publish","4":"has-post-thumbnail","6":"product_cat-huonekalut","7":"product_cat-sangyt-sangynrungot","9":"first","10":"instock","11":"taxable","12":"shipping-taxable","13":"purchasable","14":"product-type-simple"},"_links":{"self":[{"href":"https:\/\/www.otiumhome.fi\/index.php\/wp-json\/wp\/v2\/product\/190713","targetHints":{"allow":["GET"]}}],"collection":[{"href":"https:\/\/www.otiumhome.fi\/index.php\/wp-json\/wp\/v2\/product"}],"about":[{"href":"https:\/\/www.otiumhome.fi\/index.php\/wp-json\/wp\/v2\/types\/product"}],"replies":[{"embeddable":true,"href":"https:\/\/www.otiumhome.fi\/index.php\/wp-json\/wp\/v2\/comments?post=190713"}],"wp:featuredmedia":[{"embeddable":true,"href":"https:\/\/www.otiumhome.fi\/index.php\/wp-json\/"}],"wp:attachment":[{"href":"https:\/\/www.otiumhome.fi\/index.php\/wp-json\/wp\/v2\/media?parent=190713"}],"wp:term":[{"taxonomy":"product_brand","embeddable":true,"href":"https:\/\/www.otiumhome.fi\/index.php\/wp-json\/wp\/v2\/product_brand?post=190713"},{"taxonomy":"product_cat","embeddable":true,"href":"https:\/\/www.otiumhome.fi\/index.php\/wp-json\/wp\/v2\/product_cat?post=190713"},{"taxonomy":"product_tag","embeddable":true,"href":"https:\/\/www.otiumhome.fi\/index.php\/wp-json\/wp\/v2\/product_tag?post=190713"}],"curies":[{"name":"wp","href":"https:\/\/api.w.org\/{rel}","templated":true}]}}