{"id":190575,"date":"2025-11-14T09:28:38","date_gmt":"2025-11-14T09:28:38","guid":{"rendered":"https:\/\/www.otiumhome.fi\/?p=190575"},"modified":"2025-12-09T13:35:49","modified_gmt":"2025-12-09T13:35:49","slug":"sangyn-runko-paatylla-valkoinen-100-x-220-cm-massiivinen-manty","status":"publish","type":"product","link":"https:\/\/www.otiumhome.fi\/index.php\/tuote\/sangyn-runko-paatylla-valkoinen-100-x-220-cm-massiivinen-manty\/","title":{"rendered":"S\u00e4ngyn runko p\u00e4\u00e4tyll\u00e4 Valkoinen 100 x 220 cm Massiivinen m\u00e4nty"},"content":{"rendered":"<p>T\u00e4m\u00e4 tyylik\u00e4s s\u00e4nky on moderni minimalistisella muotoilullaan ja sile\u00e4ll\u00e4 pinnallaan, ja se sekoittuu t\u00e4ydellisesti mihin tahansa nykyaikaiseen makuuhuoneeseen. Alustatyylin ansiosta t\u00e4m\u00e4 s\u00e4nky sopii niille, jotka tykk\u00e4\u00e4v\u00e4t yksinkertaisuudesta mutta kaipaavat toimintavarmuutta. Suorakaiteen muoto tekee s\u00e4ngyst\u00e4 siistin ja j\u00e4rjestelm\u00e4llisen, maksimoi lattiatilan ja kutsuu rauhoittavaan tunnelmaan, olipa kyseess\u00e4 sitten oma rauha tai vierashuone.<\/p>\n<ul>\n<li><b>Laatu rakennus:<\/b> Huolella tehty t\u00e4ysist\u00e4 m\u00e4ntypuista, t\u00e4m\u00e4 s\u00e4nky tarjoaa kest\u00e4v\u00e4\u00e4 tukea tyylikk\u00e4\u00e4ll\u00e4 muotoilulla. Sile\u00e4 pinta tuo ripauksen eleganssia, joka parantaa makuuhuoneen ilmett\u00e4. T\u00e4m\u00e4 materiaali takaa laadun, joka kest\u00e4\u00e4 aikaa ja tuo k\u00e4ytt\u00e4jille mielenrauhaa.<\/li>\n<li><b>Runko muotoilu:<\/b> Alustas\u00e4lepohja tarjoaa tukevan ja tasaisen tuen patjalle, eliminoiden erillisen s\u00e4ngynpohjan tarpeen. T\u00e4m\u00e4 muotoilu auttaa pit\u00e4m\u00e4\u00e4n patjan hyv\u00e4ss\u00e4 kunnossa samalla, kun se parantaa s\u00e4ngyn vakautta. Vankat s\u00e4leet mahdollistavat hyv\u00e4n ilmanvaihdon, pit\u00e4en unentekemisen miellytt\u00e4v\u00e4n\u00e4 kaikissa vuodenaikoissa.<\/li>\n<li><b>Kokoaminen &amp; helppous:<\/b> S\u00e4nkyyn kuuluu kaikki tarvittava, kuten p\u00e4\u00e4ty, ja kokoaminen on helppoa ruuvimeisselill\u00e4. Selke\u00e4t ohjeet tekev\u00e4t asennuksesta vaivatonta kahden henkil\u00f6n voimin, joten p\u00e4\u00e4set nauttimaan uudesta s\u00e4ngyst\u00e4si nopeasti.<\/li>\n<li><b>Moderni esteettisyys:<\/b> Suorakaiteen muotoinen ja sile\u00e4 pinta tuo kotiisi nykyaikaista eleganssia. Vaaleanruskea v\u00e4ri sopii monenlaisiin sisustustyyleihin ja tekee siit\u00e4 muunneltavan katseenvangitsijan makuuhuoneeseen.<\/li>\n<li><b>Hoito-ohjeet:<\/b> S\u00e4ngyn s\u00e4ilytt\u00e4minen siistin\u00e4 on helppoa; riitt\u00e4\u00e4, ett\u00e4 pyyhit sen kostealla liinalla. N\u00e4m\u00e4 yksinkertaiset hoito-ohjeet helpottavat yll\u00e4pitoa, joten s\u00e4nkysi pysyy yht\u00e4 kauniina ja toimivana kuin ensimm\u00e4isen\u00e4 p\u00e4iv\u00e4n\u00e4.\n<ul>\n<li>V\u00e4ri: Valkoinen<\/li>\n<li>Materiaali: Massiivinen m\u00e4nty<\/li>\n<li>Kehysmateriaali: T\u00e4ysi m\u00e4nty<\/li>\n<li>Yleiset mitat: 225,5 x 105,5 x 80,5 cm (P x L x K)<\/li>\n<li>Enimm\u00e4ispaino: 100 kg<\/li>\n<li>Onko slated kehys: Kyll\u00e4<\/li>\n<li>Enimm\u00e4ism\u00e4\u00e4r\u00e4 ihmisi\u00e4: 1<\/li>\n<li>Kest\u00e4v\u00e4<\/li>\n<li>Helppo puhdistaa<\/li>\n<li>Helppo kokoaminen<\/li>\n<li>S\u00e4ngyn korkeus: 31 cm<\/li>\n<li>Kokoonpano vaaditaan: Kyll\u00e4<\/li>\n<li>Toimitus-:<\/li>\n<li>1 x s\u00e4ngynrunko<\/li>\n<li>1 x s\u00e4ngynp\u00e4\u00e4ty<\/li>\n<\/ul>\n","protected":false},"excerpt":{"rendered":"<ul>\n<li>V\u00e4ri: Valkoinen<\/li>\n<li>Materiaali: Massiivinen m\u00e4nty<\/li>\n<li>Kehysmateriaali: T\u00e4ysi m\u00e4nty<\/li>\n<li>Yleiset mitat: 225,5 x 105,5 x 80,5 cm (P x L x K)<\/li>\n<li>Enimm\u00e4ispaino: 100 kg<\/li>\n<li>Onko slated kehys: Kyll\u00e4<\/li>\n<li>Enimm\u00e4ism\u00e4\u00e4r\u00e4 ihmisi\u00e4: 1<\/li>\n<li>Kest\u00e4v\u00e4<\/li>\n<li>Helppo puhdistaa<\/li>\n<li>Helppo kokoaminen<\/li>\n<li>S\u00e4ngyn korkeus: 31 cm<\/li>\n<li>Kokoonpano vaaditaan: Kyll\u00e4<\/li>\n<li>Toimitus-:<\/li>\n<li>1 x s\u00e4ngynrunko<\/li>\n<li>1 x s\u00e4ngynp\u00e4\u00e4ty<\/li>\n<\/ul>\n","protected":false},"featured_media":100000190575,"comment_status":"closed","ping_status":"closed","template":"","meta":[],"product_brand":[],"product_cat":[84,8638],"product_tag":[],"class_list":{"0":"post-190575","1":"product","2":"type-product","3":"status-publish","4":"has-post-thumbnail","6":"product_cat-huonekalut","7":"product_cat-sangyt-sangynrungot","9":"first","10":"instock","11":"taxable","12":"shipping-taxable","13":"purchasable","14":"product-type-simple"},"_links":{"self":[{"href":"https:\/\/www.otiumhome.fi\/index.php\/wp-json\/wp\/v2\/product\/190575","targetHints":{"allow":["GET"]}}],"collection":[{"href":"https:\/\/www.otiumhome.fi\/index.php\/wp-json\/wp\/v2\/product"}],"about":[{"href":"https:\/\/www.otiumhome.fi\/index.php\/wp-json\/wp\/v2\/types\/product"}],"replies":[{"embeddable":true,"href":"https:\/\/www.otiumhome.fi\/index.php\/wp-json\/wp\/v2\/comments?post=190575"}],"wp:featuredmedia":[{"embeddable":true,"href":"https:\/\/www.otiumhome.fi\/index.php\/wp-json\/"}],"wp:attachment":[{"href":"https:\/\/www.otiumhome.fi\/index.php\/wp-json\/wp\/v2\/media?parent=190575"}],"wp:term":[{"taxonomy":"product_brand","embeddable":true,"href":"https:\/\/www.otiumhome.fi\/index.php\/wp-json\/wp\/v2\/product_brand?post=190575"},{"taxonomy":"product_cat","embeddable":true,"href":"https:\/\/www.otiumhome.fi\/index.php\/wp-json\/wp\/v2\/product_cat?post=190575"},{"taxonomy":"product_tag","embeddable":true,"href":"https:\/\/www.otiumhome.fi\/index.php\/wp-json\/wp\/v2\/product_tag?post=190575"}],"curies":[{"name":"wp","href":"https:\/\/api.w.org\/{rel}","templated":true}]}}