{"id":190122,"date":"2025-11-14T06:35:26","date_gmt":"2025-11-14T06:35:26","guid":{"rendered":"https:\/\/www.otiumhome.fi\/?p=190122"},"modified":"2025-12-09T09:45:41","modified_gmt":"2025-12-09T09:45:41","slug":"seinakaappi-musta-tammi-60-x-30-x-60-cm-tekninen-puu","status":"publish","type":"product","link":"https:\/\/www.otiumhome.fi\/index.php\/tuote\/seinakaappi-musta-tammi-60-x-30-x-60-cm-tekninen-puu\/","title":{"rendered":"Sein\u00e4kaappi Musta tammi. 60 x 30 x 60 cm Tekninen puu"},"content":{"rendered":"<p>T\u00e4m\u00e4 sein\u00e4lle kiinnitett\u00e4v\u00e4 s\u00e4ilytyskaappi on t\u00e4ydellinen valinta olohuoneeseesi. Se tarjoaa tilaa ja tyylikk\u00e4\u00e4n s\u00e4ilytysratkaisun, joka sulautuu moderneihin sisustuksiin. Suorakaiteen muoto tekee siit\u00e4 yksinkertaisen ja helppok\u00e4ytt\u00f6isen tavalla, joka on t\u00e4ydellinen erilaisten tavaroiden organisointiin, samalla s\u00e4\u00e4st\u00e4en arvokasta lattiatilaa. Sen houkutteleva ja minimalistinen muotoilu parantaa tilan esteettisyytt\u00e4 ilman k\u00e4yt\u00e4nn\u00f6llisen k\u00e4yt\u00f6n uhraamista.<\/p>\n<ul>\n<li><b>Laadukkaat materiaalit:<\/b> T\u00e4m\u00e4 kaappi on valmistettu teknisest\u00e4 puusta, mik\u00e4 tekee siit\u00e4 kest\u00e4v\u00e4n ja voimakkaan. Tahroja hylkiv\u00e4 ominaisuus pit\u00e4\u00e4 kaapin uuden n\u00e4k\u00f6isen\u00e4 pidemm\u00e4ss\u00e4 k\u00e4yt\u00f6ss\u00e4, joten huoltovaatimukset pysyv\u00e4t minimiss\u00e4. Tyylik\u00e4s pinta t\u00e4ydent\u00e4\u00e4 modernia kotia vaivattomasti.<\/li>\n<li><b>Joustavat s\u00e4ilytysvaihtoehdot:<\/b> Useilla hyllyill\u00e4 t\u00e4m\u00e4 kaappi tarjoaa runsaasti tilaa kirjojen, koriste-esineiden ja muiden t\u00e4rkeiden asioiden organisointiin. Joustava hyllyratkaisu maksimoi s\u00e4ilytystarpeet ja sopii erikoiskokoisiin esineisiin vaivatta. T\u00e4m\u00e4 k\u00e4yt\u00e4nn\u00f6llinen muotoilu pit\u00e4\u00e4 tilan siistin\u00e4 ja j\u00e4rjestettyn\u00e4.<\/li>\n<li><b>Modernit muotoilun piirteet:<\/b> Tyylikk\u00e4\u00e4t tangot tuovat modernia eleganssia, sopeutuen erinomaisesti asuinymp\u00e4rist\u00f6n esteettisiin vaatimuksiin. Tangot parantavat k\u00e4ytett\u00e4vyytt\u00e4 ja tekev\u00e4t ovien avaamisesta ja sulkemisesta helppoa, lis\u00e4ten k\u00e4ytt\u00f6mukavuutta.<\/li>\n<li><b>Tilaa s\u00e4\u00e4st\u00e4v\u00e4 kiinnitys:<\/b> Sein\u00e4asennus maksimoi tilank\u00e4yt\u00f6n pit\u00e4m\u00e4ll\u00e4 lattian vapaana. T\u00e4m\u00e4 on ihanteellinen valinta pienille huoneille tai minimalistisiin asetuksiin. \u00c4lyk\u00e4s muotoilu luo siistin ja visuaalisesti miellytt\u00e4v\u00e4n tilan.<\/li>\n<li><b>K\u00e4yt\u00e4nn\u00f6n hoito-ohjeet:<\/b> V\u00e4lt\u00e4 voimakkaita kemikaaleja kaappisi puhdistuksessa. S\u00e4\u00e4nn\u00f6llinen p\u00f6lytt\u00e4minen kevyell\u00e4 liinalla pit\u00e4\u00e4 sen hyv\u00e4ss\u00e4 kunnossa, varmistaen sen pitk\u00e4ik\u00e4isyyden ja kauniin ulkon\u00e4\u00f6n vuosiksi eteenp\u00e4in.<\/li>\n<\/ul>\n<ul>\n<li>V\u00e4ri: Musta tammi.<\/li>\n<li>Materiaali: Tekninen puu<\/li>\n<li>Yleiset mitat: 60 x 30 x 60 cm (P x L x K)<\/li>\n<li>2 hyllyill\u00e4<\/li>\n<li>Kokonaispaino: 100 kg kg<\/li>\n<li>S\u00e4ilytysm\u00e4\u00e4r\u00e4: 2<\/li>\n<li>Kokoonpano vaaditaan: Kyll\u00e4<\/li>\n<li>Toimitus-:<\/li>\n<li>1 x Sein\u00e4hylly<\/li>\n<\/ul>\n","protected":false},"excerpt":{"rendered":"<ul>\n<li>V\u00e4ri: Musta tammi.<\/li>\n<li>Materiaali: Tekninen puu<\/li>\n<li>Yleiset mitat: 60 x 30 x 60 cm (P x L x K)<\/li>\n<li>2 hyllyill\u00e4<\/li>\n<li>Kokonaispaino: 100 kg kg<\/li>\n<li>S\u00e4ilytysm\u00e4\u00e4r\u00e4: 2<\/li>\n<li>Kokoonpano vaaditaan: Kyll\u00e4<\/li>\n<li>Toimitus-:<\/li>\n<li>1 x Sein\u00e4hylly<\/li>\n<\/ul>\n","protected":false},"featured_media":100000190122,"comment_status":"closed","ping_status":"closed","template":"","meta":[],"product_brand":[],"product_cat":[84,8635],"product_tag":[],"class_list":{"0":"post-190122","1":"product","2":"type-product","3":"status-publish","4":"has-post-thumbnail","6":"product_cat-huonekalut","7":"product_cat-sailytys-lukkokaapit","9":"first","10":"instock","11":"taxable","12":"shipping-taxable","13":"purchasable","14":"product-type-simple"},"_links":{"self":[{"href":"https:\/\/www.otiumhome.fi\/index.php\/wp-json\/wp\/v2\/product\/190122","targetHints":{"allow":["GET"]}}],"collection":[{"href":"https:\/\/www.otiumhome.fi\/index.php\/wp-json\/wp\/v2\/product"}],"about":[{"href":"https:\/\/www.otiumhome.fi\/index.php\/wp-json\/wp\/v2\/types\/product"}],"replies":[{"embeddable":true,"href":"https:\/\/www.otiumhome.fi\/index.php\/wp-json\/wp\/v2\/comments?post=190122"}],"wp:featuredmedia":[{"embeddable":true,"href":"https:\/\/www.otiumhome.fi\/index.php\/wp-json\/"}],"wp:attachment":[{"href":"https:\/\/www.otiumhome.fi\/index.php\/wp-json\/wp\/v2\/media?parent=190122"}],"wp:term":[{"taxonomy":"product_brand","embeddable":true,"href":"https:\/\/www.otiumhome.fi\/index.php\/wp-json\/wp\/v2\/product_brand?post=190122"},{"taxonomy":"product_cat","embeddable":true,"href":"https:\/\/www.otiumhome.fi\/index.php\/wp-json\/wp\/v2\/product_cat?post=190122"},{"taxonomy":"product_tag","embeddable":true,"href":"https:\/\/www.otiumhome.fi\/index.php\/wp-json\/wp\/v2\/product_tag?post=190122"}],"curies":[{"name":"wp","href":"https:\/\/api.w.org\/{rel}","templated":true}]}}