{"id":189472,"date":"2025-11-14T04:56:12","date_gmt":"2025-11-14T04:56:12","guid":{"rendered":"https:\/\/www.otiumhome.fi\/?p=189472"},"modified":"2025-12-14T06:46:03","modified_gmt":"2025-12-14T06:46:03","slug":"makuuhuoneen-meikkipoydat-musta-80-x-396-x-135-cm-tekninen-puu","status":"publish","type":"product","link":"https:\/\/www.otiumhome.fi\/index.php\/tuote\/makuuhuoneen-meikkipoydat-musta-80-x-396-x-135-cm-tekninen-puu\/","title":{"rendered":"Makuuhuoneen meikkip\u00f6yd\u00e4t Musta 80 x 39,6 x 135 cm Tekninen puu"},"content":{"rendered":"<p>T\u00e4m\u00e4 moderni makuuhuoneen meikkip\u00f6yt\u00e4 yhdist\u00e4\u00e4 tyylin ja k\u00e4yt\u00e4nn\u00f6llisyyden. Se on tyylikk\u00e4\u00e4sti muotoiltu, ja siin\u00e4 on hienot valaistusratkaisut. Selke\u00e4t linjat ja v\u00e4h\u00e4inen koristelu korostavat sen modernia tyyli\u00e4, joten se sopii hyvin nykyaikaisiin koteihin. Suuri s\u00e4ilytystila tekee siit\u00e4 loistavan valinnan kaikille, jotka tarvitsevat k\u00e4yt\u00e4nn\u00f6llist\u00e4 ja tyylik\u00e4st\u00e4 ratkaisua kauneudenhoitoon.<\/p>\n<ul>\n<li><b>Tekninen puu<\/b> T\u00e4m\u00e4 p\u00f6yt\u00e4 on valmistettu kest\u00e4v\u00e4st\u00e4 teknisest\u00e4 puusta, joka tarjoaa sile\u00e4n pinnan ja kest\u00e4\u00e4 p\u00e4ivitt\u00e4ist\u00e4 k\u00e4ytt\u00f6\u00e4. Sen kest\u00e4v\u00e4 rakenne takaa pitk\u00e4n k\u00e4ytt\u00f6i\u00e4n, joten se sopii hyvin erilaisiin makuuhuoneisiin.<\/li>\n<li><b>Monipuoliset s\u00e4ilytysratkaisut<\/b> Varustettu levyhyllyill\u00e4 ja kuulalaakerilaatikoilla, se tarjoaa useita vaihtoehtoja kauneustarvikkeiden s\u00e4ilytt\u00e4miseen, pit\u00e4en kaiken siistiss\u00e4 j\u00e4rjestyksess\u00e4. Laatikot avautuvat vaivatta niiden sile\u00e4n mekanismin ansiosta.<\/li>\n<li><b>Hollywood-valaistus<\/b> Peiliin on asennettu kirkkaat LED-Hollywood-valot, jotka parantavat n\u00e4kyvyytt\u00e4 meikkausta varten. Vipu kytkin antaa helpon hallinnan valaistukseen, mik\u00e4 tuo k\u00e4yt\u00e4nn\u00f6llisyytt\u00e4 muotoiluun.<\/li>\n<li><b>Langattoman lataamisen kapasiteetti<\/b> Langattoman latausalustan ansiosta voit ladata laitteitasi helposti, mik\u00e4 tekee t\u00e4st\u00e4 meikkip\u00f6yd\u00e4st\u00e4 loistavan valinnan teknologiaa arvostaville k\u00e4ytt\u00e4jille.<\/li>\n<li><b>Yksinkertainen hoito ja yll\u00e4pito<\/b> Helppohoitoinen tekninen puupinta pysyy puhtaana vain pyyhkim\u00e4ll\u00e4 kuivalla liinalla. Kokoaminen vaatii kaksi henkil\u00f6\u00e4, jotka seuraavat mukana tulevia ohjeita.<\/li>\n<\/ul>\n<ul>\n<li>V\u00e4ri: Musta<\/li>\n<li>Materiaali: Tekninen puu<\/li>\n<li>Yleiset mitat: 60 x 39,5 x 135 cm (P x L x K)<\/li>\n<li>Paino: 20,89 kg<\/li>\n<li>Kest\u00e4v\u00e4<\/li>\n<li>Runsaasti s\u00e4ilytystilaa<\/li>\n<li>Peili<\/li>\n<li>taustavalaistus<\/li>\n<li>Laatikot<\/li>\n<li>Virtal\u00e4hde: Pistoke<\/li>\n<li>Liitett\u00e4vyys: Ei yhdistett\u00e4viss\u00e4<\/li>\n<li>Valotyyppi: Hollywood meikkivalot<\/li>\n<li>Valov\u00e4ri: Kylm\u00e4n valkoinen<\/li>\n<li>Laatikolla<\/li>\n<li>Tasainen peili<\/li>\n<li>2 hyllyill\u00e4<\/li>\n<li>Kehysmateriaali: Tekninen puu<\/li>\n<li>Sis\u00e4- \/ ulkotiloissa: Vain sis\u00e4k\u00e4ytt\u00f6\u00f6n<\/li>\n<li>Toimitus-:<\/li>\n<li>1 x Makuuhuoneen meikkausp\u00f6yti\u00e4<\/li>\n<li>Kokoonpano vaaditaan: Kyll\u00e4<\/li>\n<\/ul>\n","protected":false},"excerpt":{"rendered":"<ul>\n<li>V\u00e4ri: Musta<\/li>\n<li>Materiaali: Tekninen puu<\/li>\n<li>Yleiset mitat: 60 x 39,5 x 135 cm (P x L x K)<\/li>\n<li>Paino: 20,89 kg<\/li>\n<li>Kest\u00e4v\u00e4<\/li>\n<li>Runsaasti s\u00e4ilytystilaa<\/li>\n<li>Peili<\/li>\n<li>taustavalaistus<\/li>\n<li>Laatikot<\/li>\n<li>Virtal\u00e4hde: Pistoke<\/li>\n<li>Liitett\u00e4vyys: Ei yhdistett\u00e4viss\u00e4<\/li>\n<li>Valotyyppi: Hollywood meikkivalot<\/li>\n<li>Valov\u00e4ri: Kylm\u00e4n valkoinen<\/li>\n<li>Laatikolla<\/li>\n<li>Tasainen peili<\/li>\n<li>2 hyllyill\u00e4<\/li>\n<li>Kehysmateriaali: Tekninen puu<\/li>\n<li>Sis\u00e4- \/ ulkotiloissa: Vain sis\u00e4k\u00e4ytt\u00f6\u00f6n<\/li>\n<li>Toimitus-:<\/li>\n<li>1 x Makuuhuoneen meikkausp\u00f6yti\u00e4<\/li>\n<li>Kokoonpano vaaditaan: Kyll\u00e4<\/li>\n<\/ul>\n","protected":false},"featured_media":100000189472,"comment_status":"closed","ping_status":"closed","template":"","meta":[],"product_brand":[],"product_cat":[84,8561,8566],"product_tag":[],"class_list":{"0":"post-189472","1":"product","2":"type-product","3":"status-publish","4":"has-post-thumbnail","6":"product_cat-huonekalut","7":"product_cat-kampauspoydat","8":"product_cat-makuuhuoneen-kampauspoydat","10":"first","11":"instock","12":"taxable","13":"shipping-taxable","14":"purchasable","15":"product-type-simple"},"_links":{"self":[{"href":"https:\/\/www.otiumhome.fi\/index.php\/wp-json\/wp\/v2\/product\/189472","targetHints":{"allow":["GET"]}}],"collection":[{"href":"https:\/\/www.otiumhome.fi\/index.php\/wp-json\/wp\/v2\/product"}],"about":[{"href":"https:\/\/www.otiumhome.fi\/index.php\/wp-json\/wp\/v2\/types\/product"}],"replies":[{"embeddable":true,"href":"https:\/\/www.otiumhome.fi\/index.php\/wp-json\/wp\/v2\/comments?post=189472"}],"wp:featuredmedia":[{"embeddable":true,"href":"https:\/\/www.otiumhome.fi\/index.php\/wp-json\/"}],"wp:attachment":[{"href":"https:\/\/www.otiumhome.fi\/index.php\/wp-json\/wp\/v2\/media?parent=189472"}],"wp:term":[{"taxonomy":"product_brand","embeddable":true,"href":"https:\/\/www.otiumhome.fi\/index.php\/wp-json\/wp\/v2\/product_brand?post=189472"},{"taxonomy":"product_cat","embeddable":true,"href":"https:\/\/www.otiumhome.fi\/index.php\/wp-json\/wp\/v2\/product_cat?post=189472"},{"taxonomy":"product_tag","embeddable":true,"href":"https:\/\/www.otiumhome.fi\/index.php\/wp-json\/wp\/v2\/product_tag?post=189472"}],"curies":[{"name":"wp","href":"https:\/\/api.w.org\/{rel}","templated":true}]}}