{"id":189412,"date":"2025-11-14T04:53:23","date_gmt":"2025-11-14T04:53:23","guid":{"rendered":"https:\/\/www.otiumhome.fi\/?p=189412"},"modified":"2025-12-09T07:41:42","modified_gmt":"2025-12-09T07:41:42","slug":"kylpyhuoneen-allaskaappi-hyllylla-musta-tammi-91-x-35-x-60-cm","status":"publish","type":"product","link":"https:\/\/www.otiumhome.fi\/index.php\/tuote\/kylpyhuoneen-allaskaappi-hyllylla-musta-tammi-91-x-35-x-60-cm\/","title":{"rendered":"Kylpyhuoneen allaskaappi hyllyll\u00e4 Musta tammi. 91 x 35 x 60 cm"},"content":{"rendered":"<p>T\u00e4m\u00e4 moderni kylpyhuoneen altaan kaappi, joka on muotoiltu suorakaiteen muotoon, sopii t\u00e4ydellisesti nykyaikaisiin kylpyhuonesisustuksiin. Sen tyylik\u00e4s ja minimalistinen muotoilu, yhdistettyn\u00e4 siisteihin linjoihin, parantaa kylpyhuoneen ilmett\u00e4. K\u00e4yt\u00e4nn\u00f6lliset laatikot tarjoavat reilusti tilaa t\u00e4rkeille tavaroille, pit\u00e4en kylpyhuoneen siistin\u00e4. T\u00e4m\u00e4 kaappi t\u00e4ytt\u00e4\u00e4 sek\u00e4 tyylin ett\u00e4 k\u00e4yt\u00e4nn\u00f6n tarpeet, muuttaen kylpyhuoneesi elegantiksi ja hyvin j\u00e4rjestellyksi tilaksi.<\/p>\n<ul><\/br> <\/p>\n<li><b>Kest\u00e4vi\u00e4 materiaaleja:<\/b> T\u00e4m\u00e4 kaappi on valmistettu kulutuskest\u00e4v\u00e4st\u00e4 teknisest\u00e4 puusta, joka takaa erinomaisen kest\u00e4vyyden ja luotettavuuden. Se on suunniteltu kest\u00e4m\u00e4\u00e4n p\u00e4ivitt\u00e4ist\u00e4 k\u00e4ytt\u00f6\u00e4, pident\u00e4en kaapin k\u00e4ytt\u00f6ik\u00e4\u00e4 ja s\u00e4ilytt\u00e4en sen modernin ilmeen. T\u00e4ll\u00e4 materiaalivalinnalla varmistat, ett\u00e4 kaappi on kest\u00e4v\u00e4 ja luotettava osa kylpyhuonesi sisustusta.<\/li>\n<p><\/br> <\/p>\n<li><b>Vahva hyllyj\u00e4rjestelm\u00e4:<\/b> T\u00e4m\u00e4 kaappi tarjoaa helpon ratkaisun tavaroiden j\u00e4rjest\u00e4miseen. Siin\u00e4 on riitt\u00e4v\u00e4n vahvat hyllyt, jotka pit\u00e4v\u00e4t hygieniatuotteesi ja muut varusteet kunnossa. Sen rakenne auttaa pit\u00e4m\u00e4\u00e4n kylpyhuoneen siistin\u00e4 ja tavaroihin on helppo p\u00e4\u00e4st\u00e4 k\u00e4siksi, pit\u00e4en tilan visuaalisesti miellytt\u00e4v\u00e4n\u00e4.<\/li>\n<p><\/br> <\/p>\n<li><b>Tyyli ja toiminnallisuus:<\/b> Modernin minimalistisen muotoilun my\u00f6t\u00e4 kaappi yhdist\u00e4\u00e4 hienostuneisuuden ja k\u00e4yt\u00e4nn\u00f6llisyyden. Se sopii erinomaisesti k\u00e4ytt\u00e4jille, jotka arvostavat tyylikkyytt\u00e4 ja k\u00e4yt\u00e4nn\u00f6n ratkaisuja. Hienosti muotoiltu suorakaide sopii monenlaisiin kylpyhuoneisiin, tarjoten joustavuutta ja tyylikkyytt\u00e4.<\/li>\n<p><\/br> <\/p>\n<li><b>Monipuolinen asennus:<\/b> T\u00e4m\u00e4 kaappi on suunniteltu sis\u00e4tiloihin ja sen kohtuullinen koko mahdollistaa sen sopimisen helposti niin isoihin kuin pieniin kylpyhuoneisiin. Olipa kyseess\u00e4 p\u00e4\u00e4kylpyhuone tai vieraskylpyhuone, t\u00e4m\u00e4 kaappi vastaa s\u00e4ilytystarpeisiin ja hy\u00f6dynt\u00e4\u00e4 tilaa tehokkaasti ilman, ett\u00e4 huoneen ilme k\u00e4rsii.<\/li>\n<p><\/br> <\/p>\n<li><b>Yksinkertainen huolto:<\/b> Kaapin siistin\u00e4 pit\u00e4minen on helppoa. Pyyhi vain kostealla liinalla p\u00f6lyn ja sormenj\u00e4lkien poistamiseksi. T\u00e4m\u00e4 helppo huolto ei ainoastaan paranna kaapin ulkon\u00e4k\u00f6\u00e4, vaan my\u00f6s auttaa pident\u00e4m\u00e4\u00e4n sen k\u00e4ytt\u00f6ik\u00e4\u00e4. N\u00e4m\u00e4 yksinkertaiset vaiheet varmistavat, ett\u00e4 kaappi pysyy kest\u00e4v\u00e4n\u00e4 osana kylpyhuoneesi sisustusta.<\/li>\n<p><\/br><\/ul>\n<ul>\n<li>V\u00e4ri: Musta tammi.<\/li>\n<li>Materiaali: Tekninen puu<\/li>\n<li>Yleiset mitat: 91 x 35 x 60 cm (P x L x K)<\/li>\n<li>Paino: 21,2 kg<\/li>\n<li>Kest\u00e4v\u00e4<\/li>\n<li>6 hyllyill\u00e4<\/li>\n<li>Kehysmateriaali: Ter\u00e4s<\/li>\n<li>1 ovella<\/li>\n<li>Sis\u00e4- \/ ulkotiloissa: Vain sis\u00e4k\u00e4ytt\u00f6\u00f6n<\/li>\n<li>Toimitus-:<\/li>\n<li>1 x Kylpyhuoneen pesukaappi<\/li>\n<li>Kokoonpano vaaditaan: Kyll\u00e4<\/li>\n<\/ul>\n","protected":false},"excerpt":{"rendered":"<ul>\n<li>V\u00e4ri: Musta tammi.<\/li>\n<li>Materiaali: Tekninen puu<\/li>\n<li>Yleiset mitat: 91 x 35 x 60 cm (P x L x K)<\/li>\n<li>Paino: 21,2 kg<\/li>\n<li>Kest\u00e4v\u00e4<\/li>\n<li>6 hyllyill\u00e4<\/li>\n<li>Kehysmateriaali: Ter\u00e4s<\/li>\n<li>1 ovella<\/li>\n<li>Sis\u00e4- \/ ulkotiloissa: Vain sis\u00e4k\u00e4ytt\u00f6\u00f6n<\/li>\n<li>Toimitus-:<\/li>\n<li>1 x Kylpyhuoneen pesukaappi<\/li>\n<li>Kokoonpano vaaditaan: Kyll\u00e4<\/li>\n<\/ul>\n","protected":false},"featured_media":100000189412,"comment_status":"closed","ping_status":"closed","template":"","meta":[],"product_brand":[],"product_cat":[84,8561,8562],"product_tag":[],"class_list":{"0":"post-189412","1":"product","2":"type-product","3":"status-publish","4":"has-post-thumbnail","6":"product_cat-huonekalut","7":"product_cat-kampauspoydat","8":"product_cat-kylpyhuoneen-kampauspoydat","10":"first","11":"instock","12":"taxable","13":"shipping-taxable","14":"purchasable","15":"product-type-simple"},"_links":{"self":[{"href":"https:\/\/www.otiumhome.fi\/index.php\/wp-json\/wp\/v2\/product\/189412","targetHints":{"allow":["GET"]}}],"collection":[{"href":"https:\/\/www.otiumhome.fi\/index.php\/wp-json\/wp\/v2\/product"}],"about":[{"href":"https:\/\/www.otiumhome.fi\/index.php\/wp-json\/wp\/v2\/types\/product"}],"replies":[{"embeddable":true,"href":"https:\/\/www.otiumhome.fi\/index.php\/wp-json\/wp\/v2\/comments?post=189412"}],"wp:featuredmedia":[{"embeddable":true,"href":"https:\/\/www.otiumhome.fi\/index.php\/wp-json\/"}],"wp:attachment":[{"href":"https:\/\/www.otiumhome.fi\/index.php\/wp-json\/wp\/v2\/media?parent=189412"}],"wp:term":[{"taxonomy":"product_brand","embeddable":true,"href":"https:\/\/www.otiumhome.fi\/index.php\/wp-json\/wp\/v2\/product_brand?post=189412"},{"taxonomy":"product_cat","embeddable":true,"href":"https:\/\/www.otiumhome.fi\/index.php\/wp-json\/wp\/v2\/product_cat?post=189412"},{"taxonomy":"product_tag","embeddable":true,"href":"https:\/\/www.otiumhome.fi\/index.php\/wp-json\/wp\/v2\/product_tag?post=189412"}],"curies":[{"name":"wp","href":"https:\/\/api.w.org\/{rel}","templated":true}]}}