{"id":189053,"date":"2025-11-14T04:17:25","date_gmt":"2025-11-14T04:17:25","guid":{"rendered":"https:\/\/www.otiumhome.fi\/?p=189053"},"modified":"2025-12-09T07:22:50","modified_gmt":"2025-12-09T07:22:50","slug":"kylpyhuonekalustesetti-ovella-artisan-tammi-35-x-375-x-100-cm","status":"publish","type":"product","link":"https:\/\/www.otiumhome.fi\/index.php\/tuote\/kylpyhuonekalustesetti-ovella-artisan-tammi-35-x-375-x-100-cm\/","title":{"rendered":"Kylpyhuonekalustesetti ovella Artisan tammi 35 x 37,5 x 100 cm"},"content":{"rendered":"<p>T\u00e4\u00e4 moderni kylpyhuonekalustesetti tuo tyyli\u00e4 ja toimivuutta mihin tahansa kylpyhuoneeseen. Sen yksinkertaiset linjat tekee siit\u00e4 t\u00e4ydellisen eri tyyppisiin kylpyhuoneisiin. Setti on loistava valinta, jos haluut lis\u00e4t\u00e4 tilaa ja kauneutta sun henkil\u00f6kohtaiseen tilaan.<\/p>\n<ul>\n<li><b>Materiaalit:<\/b> Rakennettu teknisest\u00e4 puusta, n\u00e4\u00e4 materiaalit tarjoaa kest\u00e4v\u00e4n ja pitk\u00e4ik\u00e4isen rakenteen, joka sopii melkein mihin tahansa kylpyhuoneeseen. T\u00e4\u00e4 valinta takaa sek\u00e4 kauniin ulkon\u00e4\u00f6n ett\u00e4 kest\u00e4vyyden, tarjoten k\u00e4yt\u00e4nn\u00f6llisen ratkaisun sun kylpp\u00e4rin parantamiseen.<\/li>\n<li><b>Lis\u00e4komponentit:<\/b> Setiss\u00e4 on teknisest\u00e4 puusta tehtyj\u00e4 levyhyllyj\u00e4, jotka antaa paljon tilaa kylpyhuoneen juttujen j\u00e4rjest\u00e4miseen. Sen ovet pit\u00e4\u00e4 ulkon\u00e4\u00f6n siistin\u00e4 ja peitt\u00e4\u00e4 kaapin sis\u00e4ll\u00f6n.<\/li>\n<li><b>Ominaisuudet \/ Toiminta \/ Muotoilu:<\/b> T\u00e4m\u00e4 setti tarjoaa runsaasti s\u00e4ilytystilaa, joka auttaa pysym\u00e4\u00e4n j\u00e4rjestyksess\u00e4. Sen moderni tyyli, puhtaat linjat ja minimaalinen koristelu tekee siit\u00e4 hienostuneen lis\u00e4n mihin tahansa kylpyhuoneeseen.<\/li>\n<li><b>Suositellut k\u00e4ytt\u00f6tarkoitukset:<\/b> Erityisesti eri kokoisille kylpyhuoneille suunniteltu setti on t\u00e4ydellinen omistajille, jotka tarvitsevat lis\u00e4\u00e4 s\u00e4ilytyspaikkaa tyylist\u00e4 tinkim\u00e4tt\u00e4. Se k\u00e4y hyvin sek\u00e4 moderneihin ett\u00e4 perinteisiin koteihin.<\/li>\n<li><b>Hoito ja yll\u00e4pito:<\/b> T\u00e4\u00e4 kalustesetti on helppo pit\u00e4\u00e4 kunnossa. Pyyhi vaan s\u00e4\u00e4nn\u00f6llisesti kostealla liinalla p\u00f6lyn ja kosteuden poistamiseksi, ja v\u00e4lt\u00e4 kovia kemikaaleja, jotka voi vaurioittaa pintak\u00e4sittely\u00e4.<\/li>\n<\/ul>\n<ul>\n<li>V\u00e4ri: Artisan tammi<\/li>\n<li>Materiaali: Tekninen puu<\/li>\n<li>Yleiset mitat: 35 x 37,5 x 99 cm (P x L x K)<\/li>\n<li>Paino: 19 kg<\/li>\n<li>Runsaasti s\u00e4ilytystilaa<\/li>\n<li>Kest\u00e4v\u00e4<\/li>\n<li>Hyllyll\u00e4<\/li>\n<li>Kehysmateriaali: Tekninen puu<\/li>\n<li>1 tulvaovi ovella<\/li>\n<li>Sis\u00e4- \/ ulkotiloissa: Vain sis\u00e4k\u00e4ytt\u00f6\u00f6n<\/li>\n<li>Toimitus-:<\/li>\n<li>1 x Kylpyhuoneen kaappi<\/li>\n<li>Kokoonpano vaaditaan: Kyll\u00e4<\/li>\n<\/ul>\n","protected":false},"excerpt":{"rendered":"<ul>\n<li>V\u00e4ri: Artisan tammi<\/li>\n<li>Materiaali: Tekninen puu<\/li>\n<li>Yleiset mitat: 35 x 37,5 x 99 cm (P x L x K)<\/li>\n<li>Paino: 19 kg<\/li>\n<li>Runsaasti s\u00e4ilytystilaa<\/li>\n<li>Kest\u00e4v\u00e4<\/li>\n<li>Hyllyll\u00e4<\/li>\n<li>Kehysmateriaali: Tekninen puu<\/li>\n<li>1 tulvaovi ovella<\/li>\n<li>Sis\u00e4- \/ ulkotiloissa: Vain sis\u00e4k\u00e4ytt\u00f6\u00f6n<\/li>\n<li>Toimitus-:<\/li>\n<li>1 x Kylpyhuoneen kaappi<\/li>\n<li>Kokoonpano vaaditaan: Kyll\u00e4<\/li>\n<\/ul>\n","protected":false},"featured_media":100000189053,"comment_status":"closed","ping_status":"closed","template":"","meta":[],"product_brand":[],"product_cat":[84,8560],"product_tag":[],"class_list":{"0":"post-189053","1":"product","2":"type-product","3":"status-publish","4":"has-post-thumbnail","6":"product_cat-huonekalut","7":"product_cat-kylpyhuoneen-kalusteet","9":"first","10":"instock","11":"taxable","12":"shipping-taxable","13":"purchasable","14":"product-type-simple"},"_links":{"self":[{"href":"https:\/\/www.otiumhome.fi\/index.php\/wp-json\/wp\/v2\/product\/189053","targetHints":{"allow":["GET"]}}],"collection":[{"href":"https:\/\/www.otiumhome.fi\/index.php\/wp-json\/wp\/v2\/product"}],"about":[{"href":"https:\/\/www.otiumhome.fi\/index.php\/wp-json\/wp\/v2\/types\/product"}],"replies":[{"embeddable":true,"href":"https:\/\/www.otiumhome.fi\/index.php\/wp-json\/wp\/v2\/comments?post=189053"}],"wp:featuredmedia":[{"embeddable":true,"href":"https:\/\/www.otiumhome.fi\/index.php\/wp-json\/"}],"wp:attachment":[{"href":"https:\/\/www.otiumhome.fi\/index.php\/wp-json\/wp\/v2\/media?parent=189053"}],"wp:term":[{"taxonomy":"product_brand","embeddable":true,"href":"https:\/\/www.otiumhome.fi\/index.php\/wp-json\/wp\/v2\/product_brand?post=189053"},{"taxonomy":"product_cat","embeddable":true,"href":"https:\/\/www.otiumhome.fi\/index.php\/wp-json\/wp\/v2\/product_cat?post=189053"},{"taxonomy":"product_tag","embeddable":true,"href":"https:\/\/www.otiumhome.fi\/index.php\/wp-json\/wp\/v2\/product_tag?post=189053"}],"curies":[{"name":"wp","href":"https:\/\/api.w.org\/{rel}","templated":true}]}}