{"id":189004,"date":"2025-11-14T04:05:27","date_gmt":"2025-11-14T04:05:27","guid":{"rendered":"https:\/\/www.otiumhome.fi\/?p=189004"},"modified":"2025-12-14T06:25:40","modified_gmt":"2025-12-14T06:25:40","slug":"4-osainen-kylpyhuoneen-kalustesarja-kierratetty-tayspuu","status":"publish","type":"product","link":"https:\/\/www.otiumhome.fi\/index.php\/tuote\/4-osainen-kylpyhuoneen-kalustesarja-kierratetty-tayspuu\/","title":{"rendered":"4-osainen Kylpyhuoneen kalustesarja kierr\u00e4tetty t\u00e4yspuu"},"content":{"rendered":"<p>T\u00e4m\u00e4 k\u00e4tev\u00e4 kylpyhuoneen kalustesarja suurella s\u00e4ilytystilalla on loistava lis\u00e4 kylpyhuoneeseesi ja tekee siit\u00e4 siistin ja huomiota her\u00e4tt\u00e4v\u00e4n n\u00e4k\u00f6isen!<\/p>\n<\/p>\n<ul>\n<li>Kierr\u00e4tetty t\u00e4yspuu: T\u00e4m\u00e4 kaappi on valmistettu t\u00e4ydest\u00e4 tekniseen puuhun yhdistetyst\u00e4 kierr\u00e4tyspuusta. T\u00e4ysi kierr\u00e4tyspuu koostuu uusiok\u00e4ytetyst\u00e4 puusta, kuten tiikist\u00e4, mangopuusta, m\u00e4nnyst\u00e4 ja py\u00f6kist\u00e4. N\u00e4m\u00e4 materiaalit on ker\u00e4tty vanhoista rakennuksista, tehtaista, vajoista ja veneist\u00e4.<\/li>\n<li>Reilusti s\u00e4ilytystilaa: Kylpyhuoneen s\u00e4ilytyskaappi tarjoaa useita s\u00e4ilytysvaihtoehtoja tavaroidesi s\u00e4ilytt\u00e4miseen kylpyhuoneessa.<\/li>\n<li>Vakaat jalat: Kylpyhuonekaapin rautajalat takaavat tukevuuden ja vakauden.<\/li>\n<li>K\u00e4yt\u00e4nn\u00f6llinen muotoilu: T\u00e4m\u00e4n kylpyhuonekaapin yl\u00e4taso on ihanteellinen paikka pesualtaalle.<\/li>\n<li>Selke\u00e4 n\u00e4kym\u00e4: Lasipeilipinta takaa selke\u00e4n n\u00e4kym\u00e4n, joten voit nauttia luonnollisesta heijastuksesta sen edess\u00e4 seistess\u00e4si.<\/li>\n<\/ul>\n<p>Varoitus:<\/p>\n<ul>\n<li>Kaatumisen est\u00e4miseksi on t\u00e4t\u00e4 tuotetta k\u00e4ytett\u00e4v\u00e4 mukana toimitettavan sein\u00e4kiinnityslaitteen kanssa.<\/li>\n<\/ul>\n<p>Hyv\u00e4 tiet\u00e4\u00e4:<\/p>\n<ul>\n<li>Ole hyv\u00e4 ja ota huomioon, ett\u00e4 pesuallas ei sis\u00e4lly toimitukseen.<\/li>\n<li>Sein\u00e4\u00e4n kiinnitett\u00e4v\u00e4t ruuvit ja tulpat eiv\u00e4t sis\u00e4lly toimitukseen. Suosittelemme etsim\u00e4\u00e4n ja k\u00e4ytt\u00e4m\u00e4\u00e4n sein\u00e4\u00e4si sopivia ruuveja ja tulppia. Jos olet ep\u00e4varma, kysy ammattilaisen neuvoa. Lue ja noudata ohjeiden jokaista vaihetta.<\/li>\n<li>Jokainen kappale on ainutlaatuisen eroavilla v\u00e4reill\u00e4 ja puunsyill\u00e4. Toimitus on sattumanvarainen, t\u00e4m\u00e4 takaa tuotteesi erityisyyden ja ainutlaatuisuuden.<\/li>\n<\/ul>\n<ul>\n<li><strong>Y\u00f6p\u00f6yt\u00e4:<\/strong><\/li>\n<li>Materiaali: Kierr\u00e4tetty t\u00e4yspuu eri v\u00e4rej\u00e4 sis\u00e4lt\u00e4v\u00e4ll\u00e4 viimeistelyll\u00e4, tekninen puu<\/li>\n<li>Jalkojen materiaali: rauta<\/li>\n<li>Allaskaapin mitat: 62 x 33 x 58 cm (P x L x K)<\/li>\n<li>Kylpyhuonekaapin mitat (korkea): 38 x 33 x 160 cm (P x L x K)<\/li>\n<li>Kylpyhuonekaapin mitat (matala): 38 x 33 x 58 cm (P x L x K)<\/li>\n<li>Jalkojen korkeus: 10 cm<\/li>\n<li><strong>Peili:<\/strong><\/li>\n<li>Materiaali: Kierr\u00e4tetty t\u00e4yspuu eri v\u00e4rej\u00e4 sis\u00e4lt\u00e4v\u00e4ll\u00e4 viimeistelyll\u00e4, tekninen puu, lasi<\/li>\n<li>Mitat: 70 x 50 x 2,5 cm (P x L x Paks.)<\/li>\n<li>Asennus vaaditaan: kyll\u00e4<\/li>\n<li><strong>Toimitus sis\u00e4lt\u00e4\u00e4:<\/strong><\/li>\n<li>1 x allaskaappi<\/li>\n<li>1 x Kylpyhuoneen kaappi (korkea)<\/li>\n<li>1 x Kylpyhuoneen kaappi (matala)<\/li>\n<li>1 x peili<\/li>\n<li>Legal Documents:\n<p><span>Lis\u00e4tietoja huonekalujesi kaatumisen est\u00e4misest\u00e4 voit l\u00f6yt\u00e4\u00e4 <span style=\"text-decoration: underline\"><strong><a title=\"https:\/\/bit.ly\/3bVwkQp\" href=\"https:\/\/bit.ly\/3bVwkQp\" target=\"_blank\">t\u00e4\u00e4lt\u00e4<\/a><\/strong><\/span><\/span><\/p>\n<\/li>\n<\/ul>\n","protected":false},"excerpt":{"rendered":"<ul>\n<li><strong>Y\u00f6p\u00f6yt\u00e4:<\/strong><\/li>\n<li>Materiaali: Kierr\u00e4tetty t\u00e4yspuu eri v\u00e4rej\u00e4 sis\u00e4lt\u00e4v\u00e4ll\u00e4 viimeistelyll\u00e4, tekninen puu<\/li>\n<li>Jalkojen materiaali: rauta<\/li>\n<li>Allaskaapin mitat: 62 x 33 x 58 cm (P x L x K)<\/li>\n<li>Kylpyhuonekaapin mitat (korkea): 38 x 33 x 160 cm (P x L x K)<\/li>\n<li>Kylpyhuonekaapin mitat (matala): 38 x 33 x 58 cm (P x L x K)<\/li>\n<li>Jalkojen korkeus: 10 cm<\/li>\n<li><strong>Peili:<\/strong><\/li>\n<li>Materiaali: Kierr\u00e4tetty t\u00e4yspuu eri v\u00e4rej\u00e4 sis\u00e4lt\u00e4v\u00e4ll\u00e4 viimeistelyll\u00e4, tekninen puu, lasi<\/li>\n<li>Mitat: 70 x 50 x 2,5 cm (P x L x Paks.)<\/li>\n<li>Asennus vaaditaan: kyll\u00e4<\/li>\n<li><strong>Toimitus sis\u00e4lt\u00e4\u00e4:<\/strong><\/li>\n<li>1 x allaskaappi<\/li>\n<li>1 x Kylpyhuoneen kaappi (korkea)<\/li>\n<li>1 x Kylpyhuoneen kaappi (matala)<\/li>\n<li>1 x peili<\/li>\n<li>Legal Documents:\n<p><span>Lis\u00e4tietoja huonekalujesi kaatumisen est\u00e4misest\u00e4 voit l\u00f6yt\u00e4\u00e4 <span style=\"text-decoration: underline\"><strong><a title=\"https:\/\/bit.ly\/3bVwkQp\" href=\"https:\/\/bit.ly\/3bVwkQp\" target=\"_blank\">t\u00e4\u00e4lt\u00e4<\/a><\/strong><\/span><\/span><\/p>\n<\/li>\n<\/ul>\n","protected":false},"featured_media":100000189004,"comment_status":"closed","ping_status":"closed","template":"","meta":[],"product_brand":[],"product_cat":[84,8560],"product_tag":[],"class_list":{"0":"post-189004","1":"product","2":"type-product","3":"status-publish","4":"has-post-thumbnail","6":"product_cat-huonekalut","7":"product_cat-kylpyhuoneen-kalusteet","9":"first","10":"instock","11":"taxable","12":"shipping-taxable","13":"purchasable","14":"product-type-simple"},"_links":{"self":[{"href":"https:\/\/www.otiumhome.fi\/index.php\/wp-json\/wp\/v2\/product\/189004","targetHints":{"allow":["GET"]}}],"collection":[{"href":"https:\/\/www.otiumhome.fi\/index.php\/wp-json\/wp\/v2\/product"}],"about":[{"href":"https:\/\/www.otiumhome.fi\/index.php\/wp-json\/wp\/v2\/types\/product"}],"replies":[{"embeddable":true,"href":"https:\/\/www.otiumhome.fi\/index.php\/wp-json\/wp\/v2\/comments?post=189004"}],"wp:featuredmedia":[{"embeddable":true,"href":"https:\/\/www.otiumhome.fi\/index.php\/wp-json\/"}],"wp:attachment":[{"href":"https:\/\/www.otiumhome.fi\/index.php\/wp-json\/wp\/v2\/media?parent=189004"}],"wp:term":[{"taxonomy":"product_brand","embeddable":true,"href":"https:\/\/www.otiumhome.fi\/index.php\/wp-json\/wp\/v2\/product_brand?post=189004"},{"taxonomy":"product_cat","embeddable":true,"href":"https:\/\/www.otiumhome.fi\/index.php\/wp-json\/wp\/v2\/product_cat?post=189004"},{"taxonomy":"product_tag","embeddable":true,"href":"https:\/\/www.otiumhome.fi\/index.php\/wp-json\/wp\/v2\/product_tag?post=189004"}],"curies":[{"name":"wp","href":"https:\/\/api.w.org\/{rel}","templated":true}]}}