{"id":188378,"date":"2025-11-14T02:58:56","date_gmt":"2025-11-14T02:58:56","guid":{"rendered":"https:\/\/www.otiumhome.fi\/?p=188378"},"modified":"2025-12-09T04:12:39","modified_gmt":"2025-12-09T04:12:39","slug":"vaatekaappi-ovella-musta-tammi-80-x-52-x-180-cm-tekninen-puu","status":"publish","type":"product","link":"https:\/\/www.otiumhome.fi\/index.php\/tuote\/vaatekaappi-ovella-musta-tammi-80-x-52-x-180-cm-tekninen-puu\/","title":{"rendered":"Vaatekaappi ovella Musta tammi. 80 x 52 x 180 cm Tekninen puu"},"content":{"rendered":"<p>T\u00e4m\u00e4 moderni insin\u00f6\u00f6rikaappi muuttaa makuuhuoneesi tyylikk\u00e4\u00e4ksi ja j\u00e4rjest\u00e4ytyneeksi. Sen yksinkertainen, puhtaita linjoja korostava muotoilu tekee siit\u00e4 t\u00e4ydellisen lis\u00e4n, joka sulautuu nykyaikaiseen sisustukseen. Suorakaiteen muotona se tuo kaivattua tyyli\u00e4 ja k\u00e4yt\u00e4nn\u00f6llisyytt\u00e4.<\/p>\n<ul>\n<li><b>Insin\u00f6\u00f6ripuu runko:<\/b> T\u00e4m\u00e4 kaappi on tehty laadukkaasta insin\u00f6\u00f6ripuusta, joka tarjoaa tukevan rakenteen ja modernin elegantin ilmeen. Kest\u00e4v\u00e4 materiaali kest\u00e4\u00e4 p\u00e4ivitt\u00e4ist\u00e4 k\u00e4ytt\u00f6\u00e4 ja s\u00e4ilytt\u00e4\u00e4 samalla huolitellun ilmeen.<\/li>\n<li><b>K\u00e4tev\u00e4t ovet:<\/b> Saranoidut ovet mahdollistavat helpon p\u00e4\u00e4syn vaatteisiin. Ne avautuvat laajasti, mik\u00e4 parantaa huonekalujen modernia ilmett\u00e4.<\/li>\n<li><b>Organisoitava sisustus:<\/b> Kaapissa on runsaasti tilaa jaettuina osastoina, laatikoina ja hyllyin\u00e4, jotka auttavat sinua organisoimaan asioita tehokkaasti.<\/li>\n<li><b>Tehokas kokoaminen:<\/b> Kokoamiseen tarvitaan kaksi henkil\u00f6\u00e4 ja ruuvimeisseli. T\u00e4m\u00e4 k\u00e4yt\u00e4nn\u00f6llinen j\u00e4rjestely varmistaa kaapin pysyv\u00e4n tukevasti paikoillaan.<\/li>\n<li><b>Modernit metallikahvat:<\/b> Ter\u00e4stangot kahvoina t\u00e4ydent\u00e4v\u00e4t kaapin modernia tyyli\u00e4 ja tuovat k\u00e4yt\u00e4nn\u00f6llisyytt\u00e4, helpottaen laatikoiden avaamista ja sulkemista.<\/li>\n<\/ul>\n<ul>\n<li>V\u00e4ri: Musta tammi.<\/li>\n<li>Materiaali: Tekninen puu<\/li>\n<li>Yleiset mitat: 80 x 50 x 180 cm (L x S x K)<\/li>\n<li>Paino: 67,38 kg<\/li>\n<li>Runsaasti s\u00e4ilytystilaa<\/li>\n<li>Laatikolla<\/li>\n<li>Kehysmateriaali: Tekninen puu<\/li>\n<li>2 ovien kanssa<\/li>\n<li>Sis\u00e4- \/ ulkotiloissa: Vain sis\u00e4k\u00e4ytt\u00f6\u00f6n<\/li>\n<li>Toimitus-:<\/li>\n<li>1 x vaatekaappi<\/li>\n<li>Kokoonpano vaaditaan: Kyll\u00e4<\/li>\n<\/ul>\n","protected":false},"excerpt":{"rendered":"<ul>\n<li>V\u00e4ri: Musta tammi.<\/li>\n<li>Materiaali: Tekninen puu<\/li>\n<li>Yleiset mitat: 80 x 50 x 180 cm (L x S x K)<\/li>\n<li>Paino: 67,38 kg<\/li>\n<li>Runsaasti s\u00e4ilytystilaa<\/li>\n<li>Laatikolla<\/li>\n<li>Kehysmateriaali: Tekninen puu<\/li>\n<li>2 ovien kanssa<\/li>\n<li>Sis\u00e4- \/ ulkotiloissa: Vain sis\u00e4k\u00e4ytt\u00f6\u00f6n<\/li>\n<li>Toimitus-:<\/li>\n<li>1 x vaatekaappi<\/li>\n<li>Kokoonpano vaaditaan: Kyll\u00e4<\/li>\n<\/ul>\n","protected":false},"featured_media":100000188378,"comment_status":"closed","ping_status":"closed","template":"","meta":[],"product_brand":[],"product_cat":[84,8539],"product_tag":[],"class_list":{"0":"post-188378","1":"product","2":"type-product","3":"status-publish","4":"has-post-thumbnail","6":"product_cat-huonekalut","7":"product_cat-kaapit-vaatekaapit","9":"first","10":"instock","11":"taxable","12":"shipping-taxable","13":"purchasable","14":"product-type-simple"},"_links":{"self":[{"href":"https:\/\/www.otiumhome.fi\/index.php\/wp-json\/wp\/v2\/product\/188378","targetHints":{"allow":["GET"]}}],"collection":[{"href":"https:\/\/www.otiumhome.fi\/index.php\/wp-json\/wp\/v2\/product"}],"about":[{"href":"https:\/\/www.otiumhome.fi\/index.php\/wp-json\/wp\/v2\/types\/product"}],"replies":[{"embeddable":true,"href":"https:\/\/www.otiumhome.fi\/index.php\/wp-json\/wp\/v2\/comments?post=188378"}],"wp:featuredmedia":[{"embeddable":true,"href":"https:\/\/www.otiumhome.fi\/index.php\/wp-json\/"}],"wp:attachment":[{"href":"https:\/\/www.otiumhome.fi\/index.php\/wp-json\/wp\/v2\/media?parent=188378"}],"wp:term":[{"taxonomy":"product_brand","embeddable":true,"href":"https:\/\/www.otiumhome.fi\/index.php\/wp-json\/wp\/v2\/product_brand?post=188378"},{"taxonomy":"product_cat","embeddable":true,"href":"https:\/\/www.otiumhome.fi\/index.php\/wp-json\/wp\/v2\/product_cat?post=188378"},{"taxonomy":"product_tag","embeddable":true,"href":"https:\/\/www.otiumhome.fi\/index.php\/wp-json\/wp\/v2\/product_tag?post=188378"}],"curies":[{"name":"wp","href":"https:\/\/api.w.org\/{rel}","templated":true}]}}