{"id":188377,"date":"2025-11-14T02:53:38","date_gmt":"2025-11-14T02:53:38","guid":{"rendered":"https:\/\/www.otiumhome.fi\/?p=188377"},"modified":"2025-12-09T04:12:39","modified_gmt":"2025-12-09T04:12:39","slug":"vaatekaappi-ovella-musta-tammi-90-x-52-x-200-cm-tekninen-puu","status":"publish","type":"product","link":"https:\/\/www.otiumhome.fi\/index.php\/tuote\/vaatekaappi-ovella-musta-tammi-90-x-52-x-200-cm-tekninen-puu\/","title":{"rendered":"Vaatekaappi ovella Musta tammi. 90 x 52 x 200 cm Tekninen puu"},"content":{"rendered":"<p>T\u00e4ss\u00e4 modernissa vaatekaapissa yhdistyv\u00e4t muoto ja toimivuus, ja se tarjoaa paljon tilaa vaatteiden j\u00e4rjest\u00e4miseen. Sen suorakulmainen rakenne sulautuu mihin tahansa olohuoneeseen, tuoden siistej\u00e4 linjoja ja sile\u00e4\u00e4 pintaa, mik\u00e4 tuo ripauksen eleganssia tilaan. T\u00e4ydellinen valinta nykyaikaista tyyli\u00e4 arvostaville, t\u00e4m\u00e4 vaatekaappi integroituu vaivattomasti sisustukseesi ja on k\u00e4tev\u00e4 p\u00e4ivitt\u00e4isess\u00e4 k\u00e4yt\u00f6ss\u00e4.<\/p>\n<ul>\n<li><b>Materiaalit:<\/b> T\u00e4m\u00e4 vaatekaappi on tehty huippulaatuisesta teknisest\u00e4 puusta, joka on vahva ja kest\u00e4v\u00e4. Materiaali takaa, ett\u00e4 kaappi kest\u00e4\u00e4 p\u00e4ivitt\u00e4ist\u00e4 k\u00e4ytt\u00f6\u00e4 ja pysyy tyylikk\u00e4\u00e4n\u00e4. Tekninen puu yhdist\u00e4\u00e4 kauniin ulkon\u00e4\u00f6n k\u00e4yt\u00e4nn\u00f6lliseen tukeen vaatteillesi.<\/li>\n<li><b>Includes Components:<\/b> Pitk\u00e4t ter\u00e4ksiset narut helpottavat tavaroihisi p\u00e4\u00e4sy\u00e4. N\u00e4m\u00e4 tyylikk\u00e4\u00e4t kahvat t\u00e4ydent\u00e4v\u00e4t kaapin modernia muotoa, lis\u00e4ten k\u00e4yt\u00e4nn\u00f6llisyytt\u00e4 muuten eleganttiin ilmeeseen. Kaapissa on my\u00f6s kest\u00e4v\u00e4t rungot, jotka tukevat suuria kuormia ja osoittavat kaapin voimaa ja tyyli\u00e4.<\/li>\n<li><b>Ominaisuudet \/ Toiminnallisuus \/ Muotoilu:<\/b> Vaatekaappi on suunniteltu k\u00e4yt\u00e4nn\u00f6lliseksi, jossa on runsaasti s\u00e4ilytystilaa, lokerot ja hyllyt. Se auttaa sinua pit\u00e4m\u00e4\u00e4n vaatteesi j\u00e4rjestyksess\u00e4 ja helposti saatavilla. Sen moderni muotoilu parantaa asuintilaasi, ollen sek\u00e4 houkutteleva ett\u00e4 toimiva.<\/li>\n<li><b>Suositellut K\u00e4yt\u00f6t:<\/b> T\u00e4ydellinen olohuoneeseen, t\u00e4m\u00e4 vaatekaappi k\u00e4ytt\u00e4\u00e4 pystysuoraa tilaa hyv\u00e4ksi, v\u00e4hent\u00e4\u00e4 sekasortoa ja maksimoi huoneesi potentiaalin. Se sopii erinomaisesti erilaisten vaatteiden s\u00e4ilytt\u00e4miseen, arkit\u00f6ist\u00e4 juhlapukeutumiseen. Muotoilu on tarkoituksellisesti monik\u00e4ytt\u00f6inen, sopien kaikille, jotka tarvitsevat tehokasta s\u00e4ilytyst\u00e4.<\/li>\n<li><b>Hoito ja Yll\u00e4pito:<\/b> Suojaa huonekalujasi p\u00f6lylt\u00e4 pyyhkim\u00e4ll\u00e4 ne s\u00e4\u00e4nn\u00f6llisesti kuiva liina. V\u00e4lt\u00e4 kovia kemikaaleja, jotka voivat vahingoittaa pintaa. Paras tapa on puhdistaa tahrat heti, jotta kaapin sile\u00e4 pinta pysyy kunnossa.<\/li>\n<\/ul>\n<ul>\n<li>V\u00e4ri: Musta tammi.<\/li>\n<li>Materiaali: Tekninen puu<\/li>\n<li>Yleiset mitat: 90 x 52 x 200 cm (P x L x K)<\/li>\n<li>Paino: 58,2 kg<\/li>\n<li>Kest\u00e4v\u00e4<\/li>\n<li>S\u00e4ilytystila<\/li>\n<li>Kehysmateriaali: Tekninen puu<\/li>\n<li>4 ovien kanssa<\/li>\n<li>Sis\u00e4- \/ ulkotiloissa: Vain sis\u00e4k\u00e4ytt\u00f6\u00f6n<\/li>\n<li>Toimitus-:<\/li>\n<li>1 x vaatekaappi<\/li>\n<li>Kokoonpano vaaditaan: Kyll\u00e4<\/li>\n<\/ul>\n","protected":false},"excerpt":{"rendered":"<ul>\n<li>V\u00e4ri: Musta tammi.<\/li>\n<li>Materiaali: Tekninen puu<\/li>\n<li>Yleiset mitat: 90 x 52 x 200 cm (P x L x K)<\/li>\n<li>Paino: 58,2 kg<\/li>\n<li>Kest\u00e4v\u00e4<\/li>\n<li>S\u00e4ilytystila<\/li>\n<li>Kehysmateriaali: Tekninen puu<\/li>\n<li>4 ovien kanssa<\/li>\n<li>Sis\u00e4- \/ ulkotiloissa: Vain sis\u00e4k\u00e4ytt\u00f6\u00f6n<\/li>\n<li>Toimitus-:<\/li>\n<li>1 x vaatekaappi<\/li>\n<li>Kokoonpano vaaditaan: Kyll\u00e4<\/li>\n<\/ul>\n","protected":false},"featured_media":100000188377,"comment_status":"closed","ping_status":"closed","template":"","meta":[],"product_brand":[],"product_cat":[84,8539],"product_tag":[],"class_list":{"0":"post-188377","1":"product","2":"type-product","3":"status-publish","4":"has-post-thumbnail","6":"product_cat-huonekalut","7":"product_cat-kaapit-vaatekaapit","9":"first","10":"instock","11":"taxable","12":"shipping-taxable","13":"purchasable","14":"product-type-simple"},"_links":{"self":[{"href":"https:\/\/www.otiumhome.fi\/index.php\/wp-json\/wp\/v2\/product\/188377","targetHints":{"allow":["GET"]}}],"collection":[{"href":"https:\/\/www.otiumhome.fi\/index.php\/wp-json\/wp\/v2\/product"}],"about":[{"href":"https:\/\/www.otiumhome.fi\/index.php\/wp-json\/wp\/v2\/types\/product"}],"replies":[{"embeddable":true,"href":"https:\/\/www.otiumhome.fi\/index.php\/wp-json\/wp\/v2\/comments?post=188377"}],"wp:featuredmedia":[{"embeddable":true,"href":"https:\/\/www.otiumhome.fi\/index.php\/wp-json\/"}],"wp:attachment":[{"href":"https:\/\/www.otiumhome.fi\/index.php\/wp-json\/wp\/v2\/media?parent=188377"}],"wp:term":[{"taxonomy":"product_brand","embeddable":true,"href":"https:\/\/www.otiumhome.fi\/index.php\/wp-json\/wp\/v2\/product_brand?post=188377"},{"taxonomy":"product_cat","embeddable":true,"href":"https:\/\/www.otiumhome.fi\/index.php\/wp-json\/wp\/v2\/product_cat?post=188377"},{"taxonomy":"product_tag","embeddable":true,"href":"https:\/\/www.otiumhome.fi\/index.php\/wp-json\/wp\/v2\/product_tag?post=188377"}],"curies":[{"name":"wp","href":"https:\/\/api.w.org\/{rel}","templated":true}]}}