{"id":188352,"date":"2025-11-14T02:39:51","date_gmt":"2025-11-14T02:39:51","guid":{"rendered":"https:\/\/www.otiumhome.fi\/?p=188352"},"modified":"2025-12-09T04:07:47","modified_gmt":"2025-12-09T04:07:47","slug":"toimistokaappi-artisan-tammi-70-x-32-x-77-5-cm-tekninen-puu","status":"publish","type":"product","link":"https:\/\/www.otiumhome.fi\/index.php\/tuote\/toimistokaappi-artisan-tammi-70-x-32-x-77-5-cm-tekninen-puu\/","title":{"rendered":"Toimistokaappi Artisan tammi 70 x 32 x 77.5 cm Tekninen puu"},"content":{"rendered":"<p>T\u00e4m\u00e4 moderni toimistokaappi muuttaa tavan, jolla j\u00e4rjest\u00e4t ty\u00f6tilaasi. Se on suunniteltu vastaamaan nykyp\u00e4iv\u00e4n ammattilaisten tarpeita ja yhdist\u00e4\u00e4 yksinkertaisuuden ja toiminnallisuuden. Sen moderni ilme tuo siistej\u00e4 linjoja ja v\u00e4hemm\u00e4n koristelua, tehden siit\u00e4 tyylikk\u00e4\u00e4n lis\u00e4n mihin tahansa toimistoon. Tekninen puumateriaali takaa kest\u00e4vyyden ja trendikk\u00e4\u00e4n ilmeen, ja runsaasti s\u00e4ilytystilaa pit\u00e4\u00e4 kaikki asiakirjat ja tarvikkeet j\u00e4rjestyksess\u00e4, jotta voit keskitty\u00e4 olennaiseen ilman h\u00e4iri\u00f6it\u00e4.<\/p>\n<ul>\n<li><b>Kest\u00e4v\u00e4 tekninen puu:<\/b> T\u00e4m\u00e4 kaappi on tehty kest\u00e4v\u00e4st\u00e4 teknisest\u00e4 puusta, mik\u00e4 takaa sen pitk\u00e4ik\u00e4isyyden ja vakautta. Tyylik\u00e4s pinta on helppo puhdistaa ja pit\u00e4\u00e4 siistin\u00e4.<\/li>\n<li><b>Saranallisten ovien toimivuus:<\/b> Saranalliset ovet tekev\u00e4t varastoinnista vaivatonta. N\u00e4tisti aukeavat ovet helpottavat asiakirjojen ja tarvikkeiden hakemista, parantaen ty\u00f6n tehokkuutta ilman, ett\u00e4 ulkon\u00e4\u00f6st\u00e4 tingit\u00e4\u00e4n.<\/li>\n<li><b>K\u00e4yt\u00e4nn\u00f6lliset kaarivetimet:<\/b> Kaarivetimet tarjoavat hyv\u00e4n otteen, mik\u00e4 tekee k\u00e4yt\u00f6st\u00e4 vaivatonta. Kaarevuus tuo ripauksen eleganssia, t\u00e4ydent\u00e4en kaapin modernia ilmett\u00e4.<\/li>\n<li><b>Runsaat hyllyt:<\/b> Useat hyllyt antavat tilaa monille s\u00e4ilytystarvikkeille. Erityisesti asiakirjojen ja kansioiden j\u00e4rjest\u00e4miseen t\u00e4m\u00e4 kaappi on t\u00e4ydellinen, jotta kaikki on j\u00e4rjestyksess\u00e4 ja tuottavuus paranee.<\/li>\n<li><b>Toiminnallinen muotoilu:<\/b> K\u00e4yt\u00e4nn\u00f6llinen muotoilu palvelee p\u00e4ivitt\u00e4isi\u00e4 ty\u00f6si tarpeita. Rakenteen j\u00e4m\u00e4kkyys tukee painavia kuormia, ja minimalistinen muotoilu sulautuu mihin tahansa toimistotilanteeseen.<\/li>\n<\/ul>\n<ul>\n<li>V\u00e4ri: Artisan tammi<\/li>\n<li>Materiaali: Tekninen puu<\/li>\n<li>Yleiset mitat: 70 x 32 x 77,5 cm (P x L x K)<\/li>\n<li>Paino: 16,4 kg<\/li>\n<li>Kest\u00e4v\u00e4<\/li>\n<li>1 hyllyll\u00e4<\/li>\n<li>Kehysmateriaali: Tekninen puu<\/li>\n<li>Mukana 2 saranoidut ovet<\/li>\n<li>Enimm\u00e4ispaino: 80 kg<\/li>\n<li>Vain sis\u00e4k\u00e4ytt\u00f6\u00f6n<\/li>\n<li>Toimitus-:<\/li>\n<li>1 x Toimistokaappi<\/li>\n<li>Kokoonpano vaaditaan: Kyll\u00e4<\/li>\n<\/ul>\n","protected":false},"excerpt":{"rendered":"<ul>\n<li>V\u00e4ri: Artisan tammi<\/li>\n<li>Materiaali: Tekninen puu<\/li>\n<li>Yleiset mitat: 70 x 32 x 77,5 cm (P x L x K)<\/li>\n<li>Paino: 16,4 kg<\/li>\n<li>Kest\u00e4v\u00e4<\/li>\n<li>1 hyllyll\u00e4<\/li>\n<li>Kehysmateriaali: Tekninen puu<\/li>\n<li>Mukana 2 saranoidut ovet<\/li>\n<li>Enimm\u00e4ispaino: 80 kg<\/li>\n<li>Vain sis\u00e4k\u00e4ytt\u00f6\u00f6n<\/li>\n<li>Toimitus-:<\/li>\n<li>1 x Toimistokaappi<\/li>\n<li>Kokoonpano vaaditaan: Kyll\u00e4<\/li>\n<\/ul>\n","protected":false},"featured_media":100000188352,"comment_status":"closed","ping_status":"closed","template":"","meta":[],"product_brand":[],"product_cat":[8535,84],"product_tag":[],"class_list":{"0":"post-188352","1":"product","2":"type-product","3":"status-publish","4":"has-post-thumbnail","6":"product_cat-arkistokaapit","7":"product_cat-huonekalut","9":"first","10":"instock","11":"taxable","12":"shipping-taxable","13":"purchasable","14":"product-type-simple"},"_links":{"self":[{"href":"https:\/\/www.otiumhome.fi\/index.php\/wp-json\/wp\/v2\/product\/188352","targetHints":{"allow":["GET"]}}],"collection":[{"href":"https:\/\/www.otiumhome.fi\/index.php\/wp-json\/wp\/v2\/product"}],"about":[{"href":"https:\/\/www.otiumhome.fi\/index.php\/wp-json\/wp\/v2\/types\/product"}],"replies":[{"embeddable":true,"href":"https:\/\/www.otiumhome.fi\/index.php\/wp-json\/wp\/v2\/comments?post=188352"}],"wp:featuredmedia":[{"embeddable":true,"href":"https:\/\/www.otiumhome.fi\/index.php\/wp-json\/"}],"wp:attachment":[{"href":"https:\/\/www.otiumhome.fi\/index.php\/wp-json\/wp\/v2\/media?parent=188352"}],"wp:term":[{"taxonomy":"product_brand","embeddable":true,"href":"https:\/\/www.otiumhome.fi\/index.php\/wp-json\/wp\/v2\/product_brand?post=188352"},{"taxonomy":"product_cat","embeddable":true,"href":"https:\/\/www.otiumhome.fi\/index.php\/wp-json\/wp\/v2\/product_cat?post=188352"},{"taxonomy":"product_tag","embeddable":true,"href":"https:\/\/www.otiumhome.fi\/index.php\/wp-json\/wp\/v2\/product_tag?post=188352"}],"curies":[{"name":"wp","href":"https:\/\/api.w.org\/{rel}","templated":true}]}}